{"id":13107,"date":"2025-04-03T09:12:28","date_gmt":"2025-04-03T09:12:28","guid":{"rendered":"https:\/\/esquell.eu\/product\/tamis-extra-fin-pour-email-msh-40-diametre-35-cm\/"},"modified":"2026-02-15T16:11:17","modified_gmt":"2026-02-15T16:11:17","slug":"tamis-extra-fin-pour-email-msh-40-diametre-35-cm","status":"publish","type":"product","link":"https:\/\/esquell.eu\/fr\/produit\/tamis-extra-fin-pour-email-msh-40-diametre-35-cm\/","title":{"rendered":"Tamis extra fin pour \u00e9mail MSH 40 Diam\u00e8tre 3,5 cm"},"content":{"rendered":"<p>Tamis extra fin pour \u00e9mail<\/p>\n<p>MSH 40<\/p>\n<p>Diam\u00e8tre int\u00e9rieur 3,5 cm<\/p>\n","protected":false},"excerpt":{"rendered":"<p>Tamis extra fin pour \u00e9mail<\/p>\n<p>MSH 40<\/p>\n<p>Diam\u00e8tre int\u00e9rieur 3,5 cm<\/p>\n","protected":false},"featured_media":13108,"comment_status":"closed","ping_status":"closed","template":"","meta":{"_acf_changed":false,"_seopress_robots_primary_cat":"none","_seopress_titles_title":"","_seopress_titles_desc":"","_seopress_robots_index":""},"more":[],"product_brand":[7186],"product_cat":[6705],"product_tag":[6386,7219,6405,7191,7210,7223,7272,9495,9464,9471,7188,9480,9484,7245,7229,8867,9449,9476,9685,7233,7231,9475,7236,9493,7225,7261,6381,7242,7249,7255,9459,6634,6403,7215,9485,6546,7268,6544,7224,7239,7274,9491,9494,6922,6954,9284,7258,9454,7252,9488,7270,7266,7248,9467,7264],"class_list":{"0":"post-13107","1":"product","2":"type-product","3":"status-publish","4":"has-post-thumbnail","6":"product_brand-rio","7":"product_cat-outils-et-fournitures-pour-lemaillage","8":"product_tag-aida","9":"product_tag-art-clay","10":"product_tag-artclay","11":"product_tag-blanc-2","12":"product_tag-blanc-3","13":"product_tag-bleu","14":"product_tag-bleu-2","15":"product_tag-cerise","16":"product_tag-chaux","17":"product_tag-ciel","18":"product_tag-clair","19":"product_tag-clair-2","20":"product_tag-cobalt","21":"product_tag-couleurs","22":"product_tag-email","23":"product_tag-email-2","24":"product_tag-email-3","25":"product_tag-email-4","26":"product_tag-email-5","27":"product_tag-emaillage","28":"product_tag-emal","29":"product_tag-emaraude","30":"product_tag-emaux","31":"product_tag-feerie","32":"product_tag-gris","33":"product_tag-gris-2","34":"product_tag-japon","35":"product_tag-japonais","36":"product_tag-japonais-2","37":"product_tag-jaune","38":"product_tag-jaune-2","39":"product_tag-largent-3","40":"product_tag-lor","41":"product_tag-lor-2","42":"product_tag-marine","43":"product_tag-noir","44":"product_tag-opaque","45":"product_tag-pas","46":"product_tag-poudre","47":"product_tag-poudre-2","48":"product_tag-pourpre","49":"product_tag-prussien","50":"product_tag-prussien-2","51":"product_tag-pur","52":"product_tag-pur-2","53":"product_tag-pur-3","54":"product_tag-rose","55":"product_tag-rose-2","56":"product_tag-rouge","57":"product_tag-rouge-2","58":"product_tag-semi","59":"product_tag-transparent","60":"product_tag-vert","61":"product_tag-vert-2","62":"product_tag-violet","63":"product_shipping_class-standard","65":"first","66":"instock","67":"taxable","68":"shipping-taxable","69":"purchasable","70":"product-type-simple"},"acf":[],"_links":{"self":[{"href":"https:\/\/esquell.eu\/fr\/wp-json\/wp\/v2\/product\/13107","targetHints":{"allow":["GET"]}}],"collection":[{"href":"https:\/\/esquell.eu\/fr\/wp-json\/wp\/v2\/product"}],"about":[{"href":"https:\/\/esquell.eu\/fr\/wp-json\/wp\/v2\/types\/product"}],"replies":[{"embeddable":true,"href":"https:\/\/esquell.eu\/fr\/wp-json\/wp\/v2\/comments?post=13107"}],"wp:featuredmedia":[{"embeddable":true,"href":"https:\/\/esquell.eu\/fr\/wp-json\/wp\/v2\/media\/13108"}],"wp:attachment":[{"href":"https:\/\/esquell.eu\/fr\/wp-json\/wp\/v2\/media?parent=13107"}],"wp:term":[{"taxonomy":"more","embeddable":true,"href":"https:\/\/esquell.eu\/fr\/wp-json\/wp\/v2\/more?post=13107"},{"taxonomy":"product_brand","embeddable":true,"href":"https:\/\/esquell.eu\/fr\/wp-json\/wp\/v2\/product_brand?post=13107"},{"taxonomy":"product_cat","embeddable":true,"href":"https:\/\/esquell.eu\/fr\/wp-json\/wp\/v2\/product_cat?post=13107"},{"taxonomy":"product_tag","embeddable":true,"href":"https:\/\/esquell.eu\/fr\/wp-json\/wp\/v2\/product_tag?post=13107"}],"curies":[{"name":"wp","href":"https:\/\/api.w.org\/{rel}","templated":true}]}}

Tamis extra fin pour émail MSH 40 Diamètre 3,5 cm

<p>Tamis extra fin pour émail</p>
<p>MSH 40</p>
<p>Diamètre intérieur 3,5 cm</p>
