{"id":12949,"date":"2025-04-03T09:11:26","date_gmt":"2025-04-03T09:11:26","guid":{"rendered":"https:\/\/esquell.eu\/product\/pince-a-ressort-pince-a-vis-100-mm\/"},"modified":"2025-11-13T14:55:38","modified_gmt":"2025-11-13T14:55:38","slug":"pince-a-ressort-pince-a-vis-100-mm","status":"publish","type":"product","link":"https:\/\/esquell.eu\/fr\/produit\/pince-a-ressort-pince-a-vis-100-mm\/","title":{"rendered":"Pince \u00e0 ressort Pince \u00e0 vis 100 mm"},"content":{"rendered":"<p>Pieds \u00e0 coulisse \u00e0 ressort. Compas \u00e0 vis. Outils de grattage pour la fabrication de bijoux.  <\/p>\n","protected":false},"excerpt":{"rendered":"<p>Pieds \u00e0 coulisse \u00e0 ressort. Compas \u00e0 vis. Outils de grattage pour la fabrication de bijoux.  <\/p>\n","protected":false},"featured_media":12955,"comment_status":"closed","ping_status":"closed","template":"","meta":{"_acf_changed":false,"_seopress_robots_primary_cat":"none","_seopress_titles_title":"","_seopress_titles_desc":"","_seopress_robots_index":""},"more":[],"product_brand":[6398],"product_cat":[6364],"product_tag":[6470,6476,6645,6646,6945,10186,7024,6923,6931,6404,6420,7141,7028,6390,6565,6393,10196,6372,6402,10168,6941,6409,6412,6528,6935,7770,10172,6650,7104,6655,10170,6374,6798,10192,6785,6635,6653,6933,7772,6651,6659,6801,9011,6369,6634,6403,8682,10177,7026,7030,7768,6789,10176,6661,6567,6637,7313,10188,6652,6937,6643,6399,7405,10174,6636,6726,7422,6657,6391,6665,6644,10179,10181,10183,21593,10184,8861,7094,6751,6925,10194,10190,6805,6663,6787,6803,6408,6807,7032],"class_list":{"0":"post-12949","1":"product","2":"type-product","3":"status-publish","4":"has-post-thumbnail","6":"product_brand-l1","7":"product_cat-materiel-supplementaire","8":"product_tag-6470","9":"product_tag-6476","10":"product_tag-a","11":"product_tag-acheter","12":"product_tag-alkmaar","13":"product_tag-alliage","14":"product_tag-almere","15":"product_tag-amsterdam","16":"product_tag-anvers","17":"product_tag-argile-argentee","18":"product_tag-argile-bronze","19":"product_tag-argile-cuivree","20":"product_tag-argile-cuivreuse","21":"product_tag-argile-metallique-2","22":"product_tag-atelier","23":"product_tag-belgique","24":"product_tag-bendogdheden","25":"product_tag-bijoux","26":"product_tag-bon-marche","27":"product_tag-boussole","28":"product_tag-brabant","29":"product_tag-bricolage","30":"product_tag-bronze","31":"product_tag-bronze-2","32":"product_tag-bruxelles","33":"product_tag-camps","34":"product_tag-compas-a-vis","35":"product_tag-cuivre","36":"product_tag-cuivre-2","37":"product_tag-drenthe","38":"product_tag-equilibreur-a-ressort","39":"product_tag-faire","40":"product_tag-faire-2","41":"product_tag-fichiers","42":"product_tag-flevoland","43":"product_tag-fournitures","44":"product_tag-frise","45":"product_tag-gentilhomme","46":"product_tag-gratter","47":"product_tag-groningue","48":"product_tag-gueldre","49":"product_tag-il","50":"product_tag-iles-wadden","51":"product_tag-largent","52":"product_tag-largent-3","53":"product_tag-lor","54":"product_tag-laiton","55":"product_tag-laiton-2","56":"product_tag-lelystad","57":"product_tag-liege","58":"product_tag-liege-2","59":"product_tag-limbourg","60":"product_tag-metaaklei","61":"product_tag-nord","62":"product_tag-offrir","63":"product_tag-orfevre","64":"product_tag-orfevre-2","65":"product_tag-orfevre-4","66":"product_tag-orfevres","67":"product_tag-ostende","68":"product_tag-ou","69":"product_tag-outil","70":"product_tag-outil-2","71":"product_tag-outil-de-grattage","72":"product_tag-outils","73":"product_tag-outils-2","74":"product_tag-outils-de-bijouterie","75":"product_tag-overijssel","76":"product_tag-pays-bas","77":"product_tag-pays-bas-2","78":"product_tag-pieces","79":"product_tag-plaque-dargent","80":"product_tag-plaque-de-cuivre-2","81":"product_tag-plaque-en-laiton","82":"product_tag-plaque-en-laiton-2","83":"product_tag-plaque-source","84":"product_tag-polissage","85":"product_tag-pont","86":"product_tag-reduction","87":"product_tag-rotterdam","88":"product_tag-schruren","89":"product_tag-scie","90":"product_tag-soi","91":"product_tag-sud","92":"product_tag-utrecht","93":"product_tag-votre","94":"product_tag-vous","95":"product_tag-vous-2","96":"product_tag-zwolle","97":"product_shipping_class-standard","99":"first","100":"instock","101":"taxable","102":"shipping-taxable","103":"purchasable","104":"product-type-simple"},"acf":[],"_links":{"self":[{"href":"https:\/\/esquell.eu\/fr\/wp-json\/wp\/v2\/product\/12949","targetHints":{"allow":["GET"]}}],"collection":[{"href":"https:\/\/esquell.eu\/fr\/wp-json\/wp\/v2\/product"}],"about":[{"href":"https:\/\/esquell.eu\/fr\/wp-json\/wp\/v2\/types\/product"}],"replies":[{"embeddable":true,"href":"https:\/\/esquell.eu\/fr\/wp-json\/wp\/v2\/comments?post=12949"}],"wp:featuredmedia":[{"embeddable":true,"href":"https:\/\/esquell.eu\/fr\/wp-json\/wp\/v2\/media\/12955"}],"wp:attachment":[{"href":"https:\/\/esquell.eu\/fr\/wp-json\/wp\/v2\/media?parent=12949"}],"wp:term":[{"taxonomy":"more","embeddable":true,"href":"https:\/\/esquell.eu\/fr\/wp-json\/wp\/v2\/more?post=12949"},{"taxonomy":"product_brand","embeddable":true,"href":"https:\/\/esquell.eu\/fr\/wp-json\/wp\/v2\/product_brand?post=12949"},{"taxonomy":"product_cat","embeddable":true,"href":"https:\/\/esquell.eu\/fr\/wp-json\/wp\/v2\/product_cat?post=12949"},{"taxonomy":"product_tag","embeddable":true,"href":"https:\/\/esquell.eu\/fr\/wp-json\/wp\/v2\/product_tag?post=12949"}],"curies":[{"name":"wp","href":"https:\/\/api.w.org\/{rel}","templated":true}]}}

Pince à ressort Pince à vis 100 mm

<p>Pieds à coulisse à ressort. Compas à vis. Outils de grattage pour la fabrication de bijoux.  </p>
