{"id":12919,"date":"2025-04-03T09:11:34","date_gmt":"2025-04-03T09:11:34","guid":{"rendered":"https:\/\/esquell.eu\/product\/crayon-de-prelevement-pour-le-prelevement-et-la-mise-en-place-de-la-zircone\/"},"modified":"2025-11-09T07:11:52","modified_gmt":"2025-11-09T07:11:52","slug":"crayon-de-prelevement-pour-le-prelevement-et-la-mise-en-place-de-la-zircone","status":"publish","type":"product","link":"https:\/\/esquell.eu\/fr\/produit\/crayon-de-prelevement-pour-le-prelevement-et-la-mise-en-place-de-la-zircone\/","title":{"rendered":"Crayon de pr\u00e9l\u00e8vement pour le pr\u00e9l\u00e8vement et la mise en place de la zircone"},"content":{"rendered":"<p>Crayon pour faciliter la prise et la mise en place des zirconias<\/p>\n<p>Longueur du crayon environ 10 cm<\/p>\n<p>Si la force d&rsquo;adh\u00e9sion diminue, la pointe peut \u00eatre aiguis\u00e9e \u00e0 l&rsquo;aide d&rsquo;un taille-crayon ordinaire.<\/p>\n","protected":false},"excerpt":{"rendered":"<p>Crayon de cire pour faciliter la prise et la mise en place des zirconias<\/p>\n<p>Longueur du crayon environ 10cm<\/p>\n<p>Si la force de l&rsquo;adh\u00e9sif diminue, la pointe peut \u00eatre aiguis\u00e9e avec un taille-crayon ordinaire.<\/p>\n","protected":false},"featured_media":12971,"comment_status":"closed","ping_status":"closed","template":"","meta":{"_acf_changed":false,"_seopress_robots_primary_cat":"none","_seopress_titles_title":"","_seopress_titles_desc":"","_seopress_robots_index":""},"more":[],"product_brand":[6398],"product_cat":[6364,7412],"product_tag":[9987,6645,8048,9993,9991,9989,7760,6646,6939,8309,10282,6397,6638,7339,6388,6473,6404,6378,6390,10285,9950,8422,9009,8312,10009,6372,6641,6389,6796,6941,6409,8332,6819,10002,8288,6649,8282,7482,10004,10276,8290,8318,8315,9997,8286,6486,7640,8415,7642,6655,6647,6724,7677,6374,6815,6785,6401,6653,6481,6712,6651,6659,10287,9016,6559,10283,10003,6661,6643,7405,10001,10274,9999,6657,6816,6391,6665,6710,8009,10280,8053,9995,10281,8248,6418,8323,10006,7426,6407,7606,10278,6663,6411,6787,6667,6482,7604],"class_list":{"0":"post-12919","1":"product","2":"type-product","3":"status-publish","4":"has-post-thumbnail","6":"product_brand-l1","7":"product_cat-materiel-supplementaire","8":"product_cat-outils-de-base","9":"product_tag-5xa","10":"product_tag-a","11":"product_tag-a-vendre","12":"product_tag-aaa","13":"product_tag-aaaa","14":"product_tag-aaaaa","15":"product_tag-achats-2","16":"product_tag-acheter","17":"product_tag-acheter-2","18":"product_tag-adhesion","19":"product_tag-aiguiseur","20":"product_tag-allemagne","21":"product_tag-anneaux","22":"product_tag-argent-malleable","23":"product_tag-argile","24":"product_tag-argile-2","25":"product_tag-argile-argentee","26":"product_tag-argile-metallique","27":"product_tag-argile-metallique-2","28":"product_tag-armoire-de-rangement","29":"product_tag-assistant","30":"product_tag-aussie","31":"product_tag-avec-lequel","32":"product_tag-baton","33":"product_tag-beguinage","34":"product_tag-bijoux","35":"product_tag-boucles-doreilles","36":"product_tag-boutique-en-ligne","37":"product_tag-boutique-en-ligne-2","38":"product_tag-brabant","39":"product_tag-bricolage","40":"product_tag-broyage","41":"product_tag-cernit","42":"product_tag-choisir","43":"product_tag-cire","44":"product_tag-commande","45":"product_tag-comment","46":"product_tag-crayon","47":"product_tag-crayon-a-papier","48":"product_tag-crayon-adhesif","49":"product_tag-crayon-de-cire","50":"product_tag-cz","51":"product_tag-czstone","52":"product_tag-daimond","53":"product_tag-daimondpainting","54":"product_tag-diamant","55":"product_tag-diamant-2","56":"product_tag-diamant-4","57":"product_tag-diamants","58":"product_tag-drenthe","59":"product_tag-en-ligne","60":"product_tag-envoyer","61":"product_tag-fabrication-de-bijoux-par-soi-meme","62":"product_tag-faire","63":"product_tag-fimo","64":"product_tag-flevoland","65":"product_tag-france","66":"product_tag-frise","67":"product_tag-galets","68":"product_tag-gratuit","69":"product_tag-groningue","70":"product_tag-gueldre","71":"product_tag-hager","72":"product_tag-journees-de-largile","73":"product_tag-lignes-dartisanat","74":"product_tag-limbourg-pierres-de-taille","75":"product_tag-monter","76":"product_tag-nord","77":"product_tag-ou","78":"product_tag-outil-2","79":"product_tag-outil-de-ramassage","80":"product_tag-outil-de-ramassage-2","81":"product_tag-outil-pick-up","82":"product_tag-overijssel","83":"product_tag-pate-polymere","84":"product_tag-pays-bas","85":"product_tag-pays-bas-2","86":"product_tag-pendentifs","87":"product_tag-perles-3","88":"product_tag-perles-5","89":"product_tag-pierre-3","90":"product_tag-pierres-pailletees","91":"product_tag-pierres-precieuses-2","92":"product_tag-pratique","93":"product_tag-promethee","94":"product_tag-ramasser","95":"product_tag-ramasser-2","96":"product_tag-reglage","97":"product_tag-silverclay-co-uk","98":"product_tag-strass","99":"product_tag-strass-3","100":"product_tag-sud","101":"product_tag-tempete-de-sable","102":"product_tag-utrecht","103":"product_tag-zelande","104":"product_tag-zircone","105":"product_tag-zircone-2","106":"product_shipping_class-standard","108":"first","109":"instock","110":"taxable","111":"shipping-taxable","112":"purchasable","113":"product-type-simple"},"acf":[],"_links":{"self":[{"href":"https:\/\/esquell.eu\/fr\/wp-json\/wp\/v2\/product\/12919","targetHints":{"allow":["GET"]}}],"collection":[{"href":"https:\/\/esquell.eu\/fr\/wp-json\/wp\/v2\/product"}],"about":[{"href":"https:\/\/esquell.eu\/fr\/wp-json\/wp\/v2\/types\/product"}],"replies":[{"embeddable":true,"href":"https:\/\/esquell.eu\/fr\/wp-json\/wp\/v2\/comments?post=12919"}],"wp:featuredmedia":[{"embeddable":true,"href":"https:\/\/esquell.eu\/fr\/wp-json\/wp\/v2\/media\/12971"}],"wp:attachment":[{"href":"https:\/\/esquell.eu\/fr\/wp-json\/wp\/v2\/media?parent=12919"}],"wp:term":[{"taxonomy":"more","embeddable":true,"href":"https:\/\/esquell.eu\/fr\/wp-json\/wp\/v2\/more?post=12919"},{"taxonomy":"product_brand","embeddable":true,"href":"https:\/\/esquell.eu\/fr\/wp-json\/wp\/v2\/product_brand?post=12919"},{"taxonomy":"product_cat","embeddable":true,"href":"https:\/\/esquell.eu\/fr\/wp-json\/wp\/v2\/product_cat?post=12919"},{"taxonomy":"product_tag","embeddable":true,"href":"https:\/\/esquell.eu\/fr\/wp-json\/wp\/v2\/product_tag?post=12919"}],"curies":[{"name":"wp","href":"https:\/\/api.w.org\/{rel}","templated":true}]}}

Crayon de prélèvement pour le prélèvement et la mise en place de la zircone

<p>Crayon pour faciliter la prise et la mise en place des zirconias</p>
<p>Longueur du crayon environ 10 cm</p>
<p>Si la force d&rsquo;adhésion diminue, la pointe peut être aiguisée à l&rsquo;aide d&rsquo;un taille-crayon ordinaire.</p>

<p>Crayon de cire pour faciliter la prise et la mise en place des zirconias</p>
<p>Longueur du crayon environ 10cm</p>
<p>Si la force de l&rsquo;adhésif diminue, la pointe peut être aiguisée avec un taille-crayon ordinaire.</p>
