{"id":12890,"date":"2025-04-03T09:11:34","date_gmt":"2025-04-03T09:11:34","guid":{"rendered":"https:\/\/esquell.eu\/product\/plateau-de-melange-palette-gabarit-de-sechage\/"},"modified":"2025-11-09T04:20:56","modified_gmt":"2025-11-09T04:20:56","slug":"plateau-de-melange-palette-gabarit-de-sechage","status":"publish","type":"product","link":"https:\/\/esquell.eu\/fr\/produit\/plateau-de-melange-palette-gabarit-de-sechage\/","title":{"rendered":"Plateau de m\u00e9lange, palette, gabarit de s\u00e9chage"},"content":{"rendered":"<p>Plateau de m\u00e9lange\/palette<\/p>\n<p>Pour le m\u00e9lange des couleurs de la r\u00e9sine UV<\/p>\n<p>Astuce : convient \u00e9galement comme gabarit de s\u00e9chage pour les formes creuses et convexes en p\u00e2te m\u00e9tallique lorsqu&rsquo;elles sont retourn\u00e9es<\/p>\n<p>Diam\u00e8tre d&rsquo;environ 17 cm<\/p>\n","protected":false},"excerpt":{"rendered":"<p>Plateau de m\u00e9lange\/palette<\/p>\n<p>Pour le m\u00e9lange des couleurs de la r\u00e9sine UV<\/p>\n<p>Astuce : convient \u00e9galement comme gabarit de s\u00e9chage pour les formes creuses et convexes en p\u00e2te m\u00e9tallique lorsqu&rsquo;elles sont retourn\u00e9es<\/p>\n<p>Diam\u00e8tre d&rsquo;environ 17 cm<\/p>\n","protected":false},"featured_media":7151,"comment_status":"closed","ping_status":"closed","template":"","meta":{"_acf_changed":false,"_seopress_robots_primary_cat":"none","_seopress_titles_title":"","_seopress_titles_desc":"","_seopress_robots_index":""},"more":[],"product_brand":[6398],"product_cat":[7504,9873,6364],"product_tag":[6645,6646,7929,6945,7024,7036,6923,6638,7339,6473,6404,6406,6420,7141,7028,6378,6390,6947,6405,6376,6575,6540,6372,6642,10050,7578,10060,7598,9888,6402,7844,6641,6958,6389,10055,6792,9877,6409,7770,8632,9886,9885,6655,7038,10052,6374,6798,6785,9881,6849,6653,6651,6659,7659,7662,6801,6369,6550,6634,6472,6930,7026,6789,7042,6426,9875,10064,7031,9333,7040,10068,9874,7657,6661,10054,6567,6652,6643,6657,9879,6665,7092,10065,9897,9890,10049,6922,7774,9894,9896,6443,6925,6805,6964,9883,6663,10056,6787,9892,8495,6803,6408,6667,7032],"class_list":{"0":"post-12890","1":"product","2":"type-product","3":"status-publish","4":"has-post-thumbnail","6":"product_brand-l1","7":"product_cat-argile","8":"product_cat-led-et-resine-uv","9":"product_cat-materiel-supplementaire","10":"product_tag-a","11":"product_tag-acheter","12":"product_tag-acrylique","13":"product_tag-alkmaar","14":"product_tag-almere","15":"product_tag-amersfoort","16":"product_tag-amsterdam","17":"product_tag-anneaux","18":"product_tag-argent-malleable","19":"product_tag-argile-2","20":"product_tag-argile-argentee","21":"product_tag-argile-aurifere","22":"product_tag-argile-bronze","23":"product_tag-argile-cuivree","24":"product_tag-argile-cuivreuse","25":"product_tag-argile-metallique","26":"product_tag-argile-metallique-2","27":"product_tag-arnhem","28":"product_tag-artclay","29":"product_tag-artclaysilver","30":"product_tag-ateliers","31":"product_tag-avantageux","32":"product_tag-bijoux","33":"product_tag-bijoux-2","34":"product_tag-bijoux-6","35":"product_tag-bijoux-commemoratifs","36":"product_tag-bijoux-commemoratifs-2","37":"product_tag-bijoux-en-frene","38":"product_tag-bol-de-melange","39":"product_tag-bon-marche","40":"product_tag-bon-marche-2","41":"product_tag-boucles-doreilles","42":"product_tag-boutique","43":"product_tag-boutique-en-ligne","44":"product_tag-brabant-septentrional","45":"product_tag-bracelet","46":"product_tag-branbant","47":"product_tag-bricolage","48":"product_tag-camps","49":"product_tag-comme","50":"product_tag-convexe","51":"product_tag-creux","52":"product_tag-drenthe","53":"product_tag-eindhoven","54":"product_tag-fabrication","55":"product_tag-faire","56":"product_tag-faire-2","57":"product_tag-flevoland","58":"product_tag-forme-seche","59":"product_tag-formulaires","60":"product_tag-frise","61":"product_tag-groningue","62":"product_tag-gueldre","63":"product_tag-hollande-du-nord","64":"product_tag-hollande-du-sud","65":"product_tag-il","66":"product_tag-largent","67":"product_tag-largent-2","68":"product_tag-largent-3","69":"product_tag-lart","70":"product_tag-leeuwarden","71":"product_tag-lelystad","72":"product_tag-limbourg","73":"product_tag-maastricht","74":"product_tag-malleable","75":"product_tag-memoire","76":"product_tag-memoire-2","77":"product_tag-metal-2","78":"product_tag-metaux-precieux","79":"product_tag-middelburg","80":"product_tag-modele-de-sechage","81":"product_tag-moule-2","82":"product_tag-nop","83":"product_tag-nord","84":"product_tag-nous-memes","85":"product_tag-offrir","86":"product_tag-orfevres","87":"product_tag-ou","88":"product_tag-overijssel","89":"product_tag-palette","90":"product_tag-pays-bas-2","91":"product_tag-pendentif-2","92":"product_tag-pendentif-925","93":"product_tag-perle-2","94":"product_tag-pigment","95":"product_tag-pigments","96":"product_tag-pur","97":"product_tag-resine","98":"product_tag-resine-2","99":"product_tag-resine-acrylique","100":"product_tag-resine-uv","101":"product_tag-rotterdam","102":"product_tag-soi","103":"product_tag-sollid","104":"product_tag-sphere-creuse","105":"product_tag-sud","106":"product_tag-sud-limbourg","107":"product_tag-utrecht","108":"product_tag-uv","109":"product_tag-venlo","110":"product_tag-votre","111":"product_tag-vous","112":"product_tag-zelande","113":"product_tag-zwolle","114":"product_shipping_class-standard","116":"first","117":"instock","118":"taxable","119":"shipping-taxable","120":"purchasable","121":"product-type-simple"},"acf":[],"_links":{"self":[{"href":"https:\/\/esquell.eu\/fr\/wp-json\/wp\/v2\/product\/12890","targetHints":{"allow":["GET"]}}],"collection":[{"href":"https:\/\/esquell.eu\/fr\/wp-json\/wp\/v2\/product"}],"about":[{"href":"https:\/\/esquell.eu\/fr\/wp-json\/wp\/v2\/types\/product"}],"replies":[{"embeddable":true,"href":"https:\/\/esquell.eu\/fr\/wp-json\/wp\/v2\/comments?post=12890"}],"wp:featuredmedia":[{"embeddable":true,"href":"https:\/\/esquell.eu\/fr\/wp-json\/wp\/v2\/media\/7151"}],"wp:attachment":[{"href":"https:\/\/esquell.eu\/fr\/wp-json\/wp\/v2\/media?parent=12890"}],"wp:term":[{"taxonomy":"more","embeddable":true,"href":"https:\/\/esquell.eu\/fr\/wp-json\/wp\/v2\/more?post=12890"},{"taxonomy":"product_brand","embeddable":true,"href":"https:\/\/esquell.eu\/fr\/wp-json\/wp\/v2\/product_brand?post=12890"},{"taxonomy":"product_cat","embeddable":true,"href":"https:\/\/esquell.eu\/fr\/wp-json\/wp\/v2\/product_cat?post=12890"},{"taxonomy":"product_tag","embeddable":true,"href":"https:\/\/esquell.eu\/fr\/wp-json\/wp\/v2\/product_tag?post=12890"}],"curies":[{"name":"wp","href":"https:\/\/api.w.org\/{rel}","templated":true}]}}

Plateau de mélange, palette, gabarit de séchage

<p>Plateau de mélange/palette</p>
<p>Pour le mélange des couleurs de la résine UV</p>
<p>Astuce : convient également comme gabarit de séchage pour les formes creuses et convexes en pâte métallique lorsqu&rsquo;elles sont retournées</p>
<p>Diamètre d&rsquo;environ 17 cm</p>
