{"id":12537,"date":"2025-04-03T09:12:02","date_gmt":"2025-04-03T09:12:02","guid":{"rendered":"https:\/\/esquell.eu\/product\/chaine-prix-au-metre-argent-925-terling-23-mm\/"},"modified":"2026-01-10T17:07:26","modified_gmt":"2026-01-10T17:07:26","slug":"chaine-prix-au-metre-argent-925-terling-23-mm","status":"publish","type":"product","link":"https:\/\/esquell.eu\/fr\/produit\/chaine-prix-au-metre-argent-925-terling-23-mm\/","title":{"rendered":"Cha\u00eene en argent, curb, 2x3mm, brillant ; par m\u00e8tre"},"content":{"rendered":"<p>Cha\u00eene, maillon curb, taille 2x3mm<br \/>\nPoids 4,5 grammes, finition brillante<br \/>\n\u00c9galement parfaite pour \u00eatre utilis\u00e9e comme cha\u00eene d&rsquo;extension<\/p>\n<p>Lorsque vous commandez plusieurs m\u00e8tres, ils seront livr\u00e9s \u00e0 une pi\u00e8ce si possible.<\/p>\n<p>Si vous souhaitez une livraison \u00e0 une pi\u00e8ce, veuillez l&rsquo;indiquer dans le champ commentaires lors de la commande.<\/p>\n","protected":false},"excerpt":{"rendered":"<p>Cha\u00eene, maille gourmette, taille 2x3mm<br \/>\nPoids 4,5 grammes, finition brillante<br \/>\nParfait pour utiliser comme cha\u00eene d&rsquo;extension<\/p>\n<p>&nbsp;<\/p>\n","protected":false},"featured_media":12540,"comment_status":"closed","ping_status":"closed","template":"","meta":{"_acf_changed":false,"_seopress_robots_primary_cat":"none","_seopress_titles_title":"","_seopress_titles_desc":"","_seopress_robots_index":""},"more":[],"product_brand":[6914],"product_cat":[6915],"product_tag":[7157,7155,7153,6757,7159,6470,7016,6960,6794,7161,7018,6962,9290,6634,6550,6369,6970,7022,9680,9679,9287,9681,6954,6922,6778,7151,7020,6964,6776],"class_list":{"0":"post-12537","1":"product","2":"type-product","3":"status-publish","4":"has-post-thumbnail","6":"product_brand-ayu","7":"product_cat-colliers-chaines-bracelets","8":"product_tag-7157","9":"product_tag-7155","10":"product_tag-7153","11":"product_tag-6757","12":"product_tag-7159","13":"product_tag-6470","14":"product_tag-amende-2","15":"product_tag-amende","16":"product_tag-chaine","17":"product_tag-cm","18":"product_tag-collier-2","19":"product_tag-collier","20":"product_tag-compteur-2","21":"product_tag-largent-3","22":"product_tag-largent-2","23":"product_tag-largent","24":"product_tag-lien","25":"product_tag-longueur","26":"product_tag-longueurs","27":"product_tag-mtr","28":"product_tag-par","29":"product_tag-prix-du-metre","30":"product_tag-pur-2","31":"product_tag-pur","32":"product_tag-reel","33":"product_tag-reglable-2","34":"product_tag-reglable","35":"product_tag-sollid","36":"product_tag-vraiment","37":"product_shipping_class-standard","39":"first","40":"instock","41":"taxable","42":"shipping-taxable","43":"purchasable","44":"product-type-simple"},"acf":[],"_links":{"self":[{"href":"https:\/\/esquell.eu\/fr\/wp-json\/wp\/v2\/product\/12537","targetHints":{"allow":["GET"]}}],"collection":[{"href":"https:\/\/esquell.eu\/fr\/wp-json\/wp\/v2\/product"}],"about":[{"href":"https:\/\/esquell.eu\/fr\/wp-json\/wp\/v2\/types\/product"}],"replies":[{"embeddable":true,"href":"https:\/\/esquell.eu\/fr\/wp-json\/wp\/v2\/comments?post=12537"}],"wp:featuredmedia":[{"embeddable":true,"href":"https:\/\/esquell.eu\/fr\/wp-json\/wp\/v2\/media\/12540"}],"wp:attachment":[{"href":"https:\/\/esquell.eu\/fr\/wp-json\/wp\/v2\/media?parent=12537"}],"wp:term":[{"taxonomy":"more","embeddable":true,"href":"https:\/\/esquell.eu\/fr\/wp-json\/wp\/v2\/more?post=12537"},{"taxonomy":"product_brand","embeddable":true,"href":"https:\/\/esquell.eu\/fr\/wp-json\/wp\/v2\/product_brand?post=12537"},{"taxonomy":"product_cat","embeddable":true,"href":"https:\/\/esquell.eu\/fr\/wp-json\/wp\/v2\/product_cat?post=12537"},{"taxonomy":"product_tag","embeddable":true,"href":"https:\/\/esquell.eu\/fr\/wp-json\/wp\/v2\/product_tag?post=12537"}],"curies":[{"name":"wp","href":"https:\/\/api.w.org\/{rel}","templated":true}]}}

Chaîne en argent, curb, 2x3mm, brillant ; par mètre

<p>Chaîne, maillon curb, taille 2x3mm<br />
Poids 4,5 grammes, finition brillante<br />
Également parfaite pour être utilisée comme chaîne d&rsquo;extension</p>
<p>Lorsque vous commandez plusieurs mètres, ils seront livrés à une pièce si possible.</p>
<p>Si vous souhaitez une livraison à une pièce, veuillez l&rsquo;indiquer dans le champ commentaires lors de la commande.</p>

<p>Chaîne, maille gourmette, taille 2x3mm<br />
Poids 4,5 grammes, finition brillante<br />
Parfait pour utiliser comme chaîne d&rsquo;extension</p>
<p>&nbsp;</p>
