{"id":12285,"date":"2025-04-03T09:12:02","date_gmt":"2025-04-03T09:12:02","guid":{"rendered":"https:\/\/esquell.eu\/product\/cordon-en-suedine-epaisseur-denviron-25-mm-cordon-plat-et-solide-rouleau-de-10-metres\/"},"modified":"2025-11-09T08:17:26","modified_gmt":"2025-11-09T08:17:26","slug":"cordon-en-suedine-epaisseur-denviron-25-mm-cordon-plat-et-solide-rouleau-de-10-metres","status":"publish","type":"product","link":"https:\/\/esquell.eu\/fr\/produit\/cordon-en-suedine-epaisseur-denviron-25-mm-cordon-plat-et-solide-rouleau-de-10-metres\/","title":{"rendered":"Cordon en su\u00e9dine. \u00c9paisseur d&rsquo;environ 2,5 mm. Cordon plat et solide. Rouleau de 10 m\u00e8tres"},"content":{"rendered":"<p>Cordon plat solide en aspect cuir su\u00e9d\u00e9.<\/p>\n<p>Suedine<\/p>\n<p>Noir<\/p>\n<p>Diam\u00e8tre d&rsquo;environ 2,5 mm<\/p>\n<p>Emball\u00e9 par 10 mtr.<\/p>\n<p>Id\u00e9al pour enfiler des perles et fabriquer des bracelets.<\/p>\n<p>Contrairement au caoutchouc et au cuir v\u00e9ritable, le cordon su\u00e9d\u00e9 se noue facilement, bien et<\/p>\n<p>fermement.<\/p>\n","protected":false},"excerpt":{"rendered":"<p>Cordon plat solide en cuir su\u00e9d\u00e9.<\/p>\n<p>Suedine<\/p>\n<p>Noir<\/p>\n<p>Diam\u00e8tre d&rsquo;environ 2,5 mm<\/p>\n<p>Emball\u00e9 par 10 mtr.<\/p>\n<p>&nbsp;<\/p>\n<p>Id\u00e9al pour enfiler des perles et fabriquer des bracelets.<\/p>\n<p>&nbsp;<\/p>\n<p>Contrairement au caoutchouc et au cuir v\u00e9ritable, le cordon en su\u00e9dine se noue facilement, bien et<\/p>\n<p>ferme.<\/p>\n<p>&nbsp;<\/p>\n<p>&nbsp;<\/p>\n","protected":false},"featured_media":6929,"comment_status":"closed","ping_status":"closed","template":"","meta":{"_acf_changed":false,"_seopress_robots_primary_cat":"none","_seopress_titles_title":"","_seopress_titles_desc":"","_seopress_robots_index":""},"more":[],"product_brand":[6398],"product_cat":[6915,8488],"product_tag":[6645,6646,6939,6945,7045,7036,6923,6931,7096,6947,6949,9668,9645,6393,9666,6372,9292,6402,6641,6958,6796,6389,8026,9286,6792,7360,6409,9660,9662,9665,7770,6794,9252,9263,7762,9656,6962,7780,6649,9257,9256,9640,8519,9248,9642,9707,9676,9709,9711,16323,7778,9650,8517,9244,9634,9704,9259,9273,9671,7047,8513,8489,9652,8503,8509,8492,6647,6724,7766,7677,6374,8039,8507,8505,6933,9280,6712,9304,6951,7120,9289,7121,9643,8501,7042,7681,6640,8497,7040,9270,9658,7034,9674,6546,6643,6391,9278,6966,6485,6483,8515,6927,8067,7506,9297,6925,9654,6943,8511,9300,8499,9673,9295,9282,7764,9266,8521,8495,9648,6408,7032],"class_list":{"0":"post-12285","1":"product","2":"type-product","3":"status-publish","4":"has-post-thumbnail","6":"product_brand-l1","7":"product_cat-colliers-chaines-bracelets","8":"product_cat-fil-corde-et-cuir","9":"product_tag-a","10":"product_tag-acheter","11":"product_tag-acheter-2","12":"product_tag-alkmaar","13":"product_tag-almelo","14":"product_tag-amersfoort","15":"product_tag-amsterdam","16":"product_tag-anvers","17":"product_tag-apeldoorn","18":"product_tag-arnhem","19":"product_tag-assen","20":"product_tag-autour-de","21":"product_tag-bandeau-mobile","22":"product_tag-belgique","23":"product_tag-bergen-op-zoom","24":"product_tag-bijoux","25":"product_tag-boho","26":"product_tag-bon-marche","27":"product_tag-boucles-doreilles","28":"product_tag-boutique","29":"product_tag-boutique-en-ligne-2","30":"product_tag-boutique-en-ligne","31":"product_tag-boutons","32":"product_tag-boutons-2","33":"product_tag-bracelet","34":"product_tag-bracelets","35":"product_tag-bricolage","36":"product_tag-brun","37":"product_tag-brun-fonce","38":"product_tag-cafe","39":"product_tag-camps","40":"product_tag-chaine","41":"product_tag-chaine-3","42":"product_tag-chevre","43":"product_tag-coevorden","44":"product_tag-cognac","45":"product_tag-collier","46":"product_tag-collier-3","47":"product_tag-commande","48":"product_tag-cooleur","49":"product_tag-cordes","50":"product_tag-cordes-2","51":"product_tag-cordon","52":"product_tag-cordon-2","53":"product_tag-cordon-3","54":"product_tag-cordon-de-suede","55":"product_tag-cordon-en-daim","56":"product_tag-cordon-plat","57":"product_tag-cordon-rond","58":"product_tag-cordon-rond-2","59":"product_tag-corne","60":"product_tag-cuik","61":"product_tag-cuir","62":"product_tag-cuir-2","63":"product_tag-cuir-3","64":"product_tag-cuir-4","65":"product_tag-cuir-de-chevre","66":"product_tag-cuir-de-mouton","67":"product_tag-daim","68":"product_tag-delft","69":"product_tag-delfzijl","70":"product_tag-den-bosch","71":"product_tag-den-helder","72":"product_tag-dronten","73":"product_tag-emmeloord","74":"product_tag-emmen","75":"product_tag-en-ligne","76":"product_tag-envoyer","77":"product_tag-etreilen","78":"product_tag-fabrication-de-bijoux-par-soi-meme","79":"product_tag-faire","80":"product_tag-fermetures","81":"product_tag-fil-de-fer","82":"product_tag-filetage","83":"product_tag-gentilhomme","84":"product_tag-grand","85":"product_tag-gratuit","86":"product_tag-hardenberg","87":"product_tag-heerenveen","88":"product_tag-hoogeveen","89":"product_tag-ibiza","90":"product_tag-la-haye","91":"product_tag-leleystad","92":"product_tag-lemmer","93":"product_tag-maastricht","94":"product_tag-magasin-de-perles","95":"product_tag-maison","96":"product_tag-meppel","97":"product_tag-middelburg","98":"product_tag-mouton","99":"product_tag-naturel-2","100":"product_tag-nijmegen","101":"product_tag-noeud-coulant","102":"product_tag-noir","103":"product_tag-ou","104":"product_tag-pays-bas","105":"product_tag-peau-de-mouton","106":"product_tag-perles-2","107":"product_tag-perles","108":"product_tag-pierre-naturelle","109":"product_tag-plat","110":"product_tag-plomb","111":"product_tag-plus-durwijk","112":"product_tag-pour","113":"product_tag-roermond","114":"product_tag-rotterdam","115":"product_tag-schagen","116":"product_tag-scheveningen","117":"product_tag-se-faufiler","118":"product_tag-serrure","119":"product_tag-steenwijk","120":"product_tag-suedine","121":"product_tag-tiel","122":"product_tag-trou","123":"product_tag-urk","124":"product_tag-vache","125":"product_tag-valkenburg","126":"product_tag-venlo","127":"product_tag-vollenhove","128":"product_tag-vous","129":"product_tag-zwolle","130":"product_shipping_class-standard","132":"first","133":"instock","134":"taxable","135":"shipping-taxable","136":"purchasable","137":"product-type-simple"},"acf":[],"_links":{"self":[{"href":"https:\/\/esquell.eu\/fr\/wp-json\/wp\/v2\/product\/12285","targetHints":{"allow":["GET"]}}],"collection":[{"href":"https:\/\/esquell.eu\/fr\/wp-json\/wp\/v2\/product"}],"about":[{"href":"https:\/\/esquell.eu\/fr\/wp-json\/wp\/v2\/types\/product"}],"replies":[{"embeddable":true,"href":"https:\/\/esquell.eu\/fr\/wp-json\/wp\/v2\/comments?post=12285"}],"wp:featuredmedia":[{"embeddable":true,"href":"https:\/\/esquell.eu\/fr\/wp-json\/wp\/v2\/media\/6929"}],"wp:attachment":[{"href":"https:\/\/esquell.eu\/fr\/wp-json\/wp\/v2\/media?parent=12285"}],"wp:term":[{"taxonomy":"more","embeddable":true,"href":"https:\/\/esquell.eu\/fr\/wp-json\/wp\/v2\/more?post=12285"},{"taxonomy":"product_brand","embeddable":true,"href":"https:\/\/esquell.eu\/fr\/wp-json\/wp\/v2\/product_brand?post=12285"},{"taxonomy":"product_cat","embeddable":true,"href":"https:\/\/esquell.eu\/fr\/wp-json\/wp\/v2\/product_cat?post=12285"},{"taxonomy":"product_tag","embeddable":true,"href":"https:\/\/esquell.eu\/fr\/wp-json\/wp\/v2\/product_tag?post=12285"}],"curies":[{"name":"wp","href":"https:\/\/api.w.org\/{rel}","templated":true}]}}

Cordon en suédine. Épaisseur d&rsquo;environ 2,5 mm. Cordon plat et solide. Rouleau de 10 mètres

<p>Cordon plat solide en aspect cuir suédé.</p>
<p>Suedine</p>
<p>Noir</p>
<p>Diamètre d&rsquo;environ 2,5 mm</p>
<p>Emballé par 10 mtr.</p>
<p>Idéal pour enfiler des perles et fabriquer des bracelets.</p>
<p>Contrairement au caoutchouc et au cuir véritable, le cordon suédé se noue facilement, bien et</p>
<p>fermement.</p>

<p>Cordon plat solide en cuir suédé.</p>
<p>Suedine</p>
<p>Noir</p>
<p>Diamètre d&rsquo;environ 2,5 mm</p>
<p>Emballé par 10 mtr.</p>
<p>&nbsp;</p>
<p>Idéal pour enfiler des perles et fabriquer des bracelets.</p>
<p>&nbsp;</p>
<p>Contrairement au caoutchouc et au cuir véritable, le cordon en suédine se noue facilement, bien et</p>
<p>ferme.</p>
<p>&nbsp;</p>
<p>&nbsp;</p>
