{"id":12250,"date":"2025-04-03T09:11:15","date_gmt":"2025-04-03T09:11:15","guid":{"rendered":"https:\/\/esquell.eu\/product\/lampe-a-lumiere-du-jour-lampe-a-lumiere-du-jour-lampe-de-table\/"},"modified":"2025-11-09T07:56:14","modified_gmt":"2025-11-09T07:56:14","slug":"lampe-a-lumiere-du-jour-lampe-a-lumiere-du-jour-lampe-de-table","status":"publish","type":"product","link":"https:\/\/esquell.eu\/fr\/produit\/lampe-a-lumiere-du-jour-lampe-a-lumiere-du-jour-lampe-de-table\/","title":{"rendered":"Lampe \u00e0 lumi\u00e8re du jour Lampe \u00e0 lumi\u00e8re du jour Lampe de table"},"content":{"rendered":"<p>Lampe professionnelle \u00e0 lumi\u00e8re du jour.<br \/>\nPliable. Lorsque la lampe se replie, la lumi\u00e8re s&rsquo;allume.<br \/>\nParfaite pour les travaux de pr\u00e9cision. <\/p>\n<p>Largeur : 12,5 CM<br \/>\nHauteur : 29,5 CM<br \/>\nPoids : 1 KG<br \/>\nCouleur : BLANC<\/p>\n<p>Longueur du c\u00e2ble : 1,8 METRE<br \/>\nLumi\u00e8re : LED<br \/>\nConsommation : 11W<\/p>\n","protected":false},"excerpt":{"rendered":"<p>Lampe professionnelle \u00e0 lumi\u00e8re du jour.<br \/>\nPliable. Lorsque la lampe se replie, la lumi\u00e8re s&rsquo;allume.<br \/>\nParfaite pour les travaux de pr\u00e9cision. <\/p>\n<p>Largeur : 12,5 CM<br \/>\nHauteur : 29,5 CM<br \/>\nPoids : 1 KG<br \/>\nCouleur : BLANC<\/p>\n<p>Longueur du c\u00e2ble : 1,8 METRE<br \/>\nLumi\u00e8re : LED<br \/>\nConsommation : 11W<\/p>\n","protected":false},"featured_media":7068,"comment_status":"closed","ping_status":"closed","template":"","meta":{"_acf_changed":false,"_seopress_robots_primary_cat":"none","_seopress_titles_title":"","_seopress_titles_desc":"","_seopress_robots_index":""},"more":[],"product_brand":[6363],"product_cat":[6364],"product_tag":[7223,8298,7188,8317,8322,8327,8331,8310,8307,8336,6385,8295,21582,8301,8304,18084,8314],"class_list":{"0":"post-12250","1":"product","2":"type-product","3":"status-publish","4":"has-post-thumbnail","6":"product_brand-bm","7":"product_cat-materiel-supplementaire","8":"product_tag-bleu","9":"product_tag-bonjour","10":"product_tag-clair","11":"product_tag-fort-2","12":"product_tag-lampe","13":"product_tag-lampe-a-del","14":"product_tag-lampe-a-lumiere-du-jour","15":"product_tag-lampe-de-table","16":"product_tag-lampe-de-travail","17":"product_tag-lampes","18":"product_tag-lumiere","19":"product_tag-lumiere-du-jour","20":"product_tag-lumiere-du-jour-2","21":"product_tag-precision","22":"product_tag-travail","23":"product_tag-travail-2","24":"product_tag-travail-de-precision","25":"product_shipping_class-standard","27":"first","28":"instock","29":"taxable","30":"shipping-taxable","31":"purchasable","32":"product-type-simple"},"acf":[],"_links":{"self":[{"href":"https:\/\/esquell.eu\/fr\/wp-json\/wp\/v2\/product\/12250","targetHints":{"allow":["GET"]}}],"collection":[{"href":"https:\/\/esquell.eu\/fr\/wp-json\/wp\/v2\/product"}],"about":[{"href":"https:\/\/esquell.eu\/fr\/wp-json\/wp\/v2\/types\/product"}],"replies":[{"embeddable":true,"href":"https:\/\/esquell.eu\/fr\/wp-json\/wp\/v2\/comments?post=12250"}],"wp:featuredmedia":[{"embeddable":true,"href":"https:\/\/esquell.eu\/fr\/wp-json\/wp\/v2\/media\/7068"}],"wp:attachment":[{"href":"https:\/\/esquell.eu\/fr\/wp-json\/wp\/v2\/media?parent=12250"}],"wp:term":[{"taxonomy":"more","embeddable":true,"href":"https:\/\/esquell.eu\/fr\/wp-json\/wp\/v2\/more?post=12250"},{"taxonomy":"product_brand","embeddable":true,"href":"https:\/\/esquell.eu\/fr\/wp-json\/wp\/v2\/product_brand?post=12250"},{"taxonomy":"product_cat","embeddable":true,"href":"https:\/\/esquell.eu\/fr\/wp-json\/wp\/v2\/product_cat?post=12250"},{"taxonomy":"product_tag","embeddable":true,"href":"https:\/\/esquell.eu\/fr\/wp-json\/wp\/v2\/product_tag?post=12250"}],"curies":[{"name":"wp","href":"https:\/\/api.w.org\/{rel}","templated":true}]}}

Lampe à lumière du jour Lampe à lumière du jour Lampe de table

<p>Lampe professionnelle à lumière du jour.<br />
Pliable. Lorsque la lampe se replie, la lumière s&rsquo;allume.<br />
Parfaite pour les travaux de précision. </p>
<p>Largeur : 12,5 CM<br />
Hauteur : 29,5 CM<br />
Poids : 1 KG<br />
Couleur : BLANC</p>
<p>Longueur du câble : 1,8 METRE<br />
Lumière : LED<br />
Consommation : 11W</p>
