{"id":12116,"date":"2025-04-03T09:11:15","date_gmt":"2025-04-03T09:11:15","guid":{"rendered":"https:\/\/esquell.eu\/product\/stabilo-crayon-acs-i-0005\/"},"modified":"2025-11-09T08:08:47","modified_gmt":"2025-11-09T08:08:47","slug":"stabilo-crayon-acs-i-0005","status":"publish","type":"product","link":"https:\/\/esquell.eu\/fr\/produit\/stabilo-crayon-acs-i-0005\/","title":{"rendered":"Stabilo crayon ACS (I-0005)"},"content":{"rendered":"<p>Crayon Stabilo.<\/p>\n<p>Id\u00e9al pour une utilisation sur le verre, le plastique, le m\u00e9tal, la porcelaine, etc.<\/p>\n","protected":false},"excerpt":{"rendered":"<p>Crayon Stabilo. Id\u00e9al pour le verre, le plastique, le m\u00e9tal, la porcelaine, etc. Convient \u00e9galement au papier.<\/p>\n","protected":false},"featured_media":12118,"comment_status":"closed","ping_status":"closed","template":"","meta":{"_acf_changed":false,"_seopress_robots_primary_cat":"none","_seopress_titles_title":"","_seopress_titles_desc":"","_seopress_robots_index":""},"more":[],"product_brand":[6382],"product_cat":[6364,7468],"product_tag":[7492,7494,7496,7469,7473,7475,7295,6386,6388,6473,6741,6404,7500,6406,6420,7028,6378,6390,6405,6376,6393,6396,6372,6642,7477,6409,7471,7490,9039,7482,7498,6743,6374,6815,6401,7479,6381,6369,6550,6634,6472,6403,7287,6559,6400,6656,6426,6816,6391,7486,11345,7488,6407,6722,7484,6408,6720],"class_list":{"0":"post-12116","1":"product","2":"type-product","3":"status-publish","4":"has-post-thumbnail","6":"product_brand-acs","7":"product_cat-materiel-supplementaire","8":"product_cat-outils-et-fournitures-pour-le-verre","9":"product_tag-7492","10":"product_tag-7494","11":"product_tag-7496","12":"product_tag-7469","13":"product_tag-7473","14":"product_tag-7475","15":"product_tag-a-2","16":"product_tag-aida","17":"product_tag-argile","18":"product_tag-argile-2","19":"product_tag-argile-3","20":"product_tag-argile-argentee","21":"product_tag-argile-argentee-3","22":"product_tag-argile-aurifere","23":"product_tag-argile-bronze","24":"product_tag-argile-cuivreuse","25":"product_tag-argile-metallique","26":"product_tag-argile-metallique-2","27":"product_tag-artclay","28":"product_tag-artclaysilver","29":"product_tag-belgique","30":"product_tag-belgique-2","31":"product_tag-bijoux","32":"product_tag-bijoux-2","33":"product_tag-bijoux-4","34":"product_tag-bricolage","35":"product_tag-carat","36":"product_tag-ceramique","37":"product_tag-ceramique-2","38":"product_tag-crayon","39":"product_tag-cuivre-3","40":"product_tag-distributeur","41":"product_tag-faire","42":"product_tag-fimo","43":"product_tag-france","44":"product_tag-france-2","45":"product_tag-japon","46":"product_tag-largent","47":"product_tag-largent-2","48":"product_tag-largent-3","49":"product_tag-lart","50":"product_tag-lor","51":"product_tag-lor-3","52":"product_tag-lignes-dartisanat","53":"product_tag-luxembourg","54":"product_tag-luxembourg-2","55":"product_tag-malleable","56":"product_tag-pate-polymere","57":"product_tag-pays-bas","58":"product_tag-porcelaine","59":"product_tag-porcelaine-3","60":"product_tag-porcelin","61":"product_tag-silverclay-co-uk","62":"product_tag-silveribelgie","63":"product_tag-stabilo","64":"product_tag-vous","65":"product_tag-zilverkleinederland","66":"product_shipping_class-standard","68":"first","69":"instock","70":"taxable","71":"shipping-taxable","72":"purchasable","73":"product-type-simple"},"acf":[],"_links":{"self":[{"href":"https:\/\/esquell.eu\/fr\/wp-json\/wp\/v2\/product\/12116","targetHints":{"allow":["GET"]}}],"collection":[{"href":"https:\/\/esquell.eu\/fr\/wp-json\/wp\/v2\/product"}],"about":[{"href":"https:\/\/esquell.eu\/fr\/wp-json\/wp\/v2\/types\/product"}],"replies":[{"embeddable":true,"href":"https:\/\/esquell.eu\/fr\/wp-json\/wp\/v2\/comments?post=12116"}],"wp:featuredmedia":[{"embeddable":true,"href":"https:\/\/esquell.eu\/fr\/wp-json\/wp\/v2\/media\/12118"}],"wp:attachment":[{"href":"https:\/\/esquell.eu\/fr\/wp-json\/wp\/v2\/media?parent=12116"}],"wp:term":[{"taxonomy":"more","embeddable":true,"href":"https:\/\/esquell.eu\/fr\/wp-json\/wp\/v2\/more?post=12116"},{"taxonomy":"product_brand","embeddable":true,"href":"https:\/\/esquell.eu\/fr\/wp-json\/wp\/v2\/product_brand?post=12116"},{"taxonomy":"product_cat","embeddable":true,"href":"https:\/\/esquell.eu\/fr\/wp-json\/wp\/v2\/product_cat?post=12116"},{"taxonomy":"product_tag","embeddable":true,"href":"https:\/\/esquell.eu\/fr\/wp-json\/wp\/v2\/product_tag?post=12116"}],"curies":[{"name":"wp","href":"https:\/\/api.w.org\/{rel}","templated":true}]}}

<p>Crayon Stabilo.</p>
<p>Idéal pour une utilisation sur le verre, le plastique, le métal, la porcelaine, etc.</p>

<p>Crayon Stabilo. Idéal pour le verre, le plastique, le métal, la porcelaine, etc. Convient également au papier.</p>
