{"id":12110,"date":"2025-04-03T09:11:15","date_gmt":"2025-04-03T09:11:15","guid":{"rendered":"https:\/\/esquell.eu\/product\/frein-en-acier-avec-manche-en-bois\/"},"modified":"2025-11-09T08:35:30","modified_gmt":"2025-11-09T08:35:30","slug":"frein-en-acier-avec-manche-en-bois","status":"publish","type":"product","link":"https:\/\/esquell.eu\/fr\/produit\/frein-en-acier-avec-manche-en-bois\/","title":{"rendered":"Frein en acier avec manche en bois"},"content":{"rendered":"<p>Acier \u00e0 sertir avec manche en bois pour sertir les pierres dans les bo\u00eetes \u00e0 sertir<\/p>\n","protected":false},"excerpt":{"rendered":"<p>Acier \u00e0 sertir avec manche en bois pour sertir les pierres dans les bo\u00eetes \u00e0 sertir<\/p>\n","protected":false},"featured_media":12176,"comment_status":"closed","ping_status":"closed","template":"","meta":{"_acf_changed":false,"_seopress_robots_primary_cat":"none","_seopress_titles_title":"","_seopress_titles_desc":"","_seopress_robots_index":""},"more":[],"product_brand":[6363],"product_cat":[7396,7397],"product_tag":[6645,6646,7409,7407,6386,6372,6642,7418,6480,6402,6389,6796,6409,7430,7400,6706,6743,6374,6635,6481,6550,7401,7398,7820,7428,6637,7313,6652,6643,7405,6636,7422,6428,7279,7403,7420,7416,7411,7426,7824,7424,7414],"class_list":{"0":"post-12110","1":"product","2":"type-product","3":"status-publish","4":"has-post-thumbnail","6":"product_brand-bm","7":"product_cat-outils-pour-anneaux","8":"product_cat-pince-et-pince-a-epiler","9":"product_tag-a","10":"product_tag-acheter","11":"product_tag-acier","12":"product_tag-acier-de-montage","13":"product_tag-aida","14":"product_tag-bijoux","15":"product_tag-bijoux-2","16":"product_tag-boite-de-reglage","17":"product_tag-boites-de-composition","18":"product_tag-bon-marche","19":"product_tag-boutique-en-ligne","20":"product_tag-boutique-en-ligne-2","21":"product_tag-bricolage","22":"product_tag-cabochon","23":"product_tag-cabochons","24":"product_tag-commerce-de-gros","25":"product_tag-distributeur","26":"product_tag-faire","27":"product_tag-fournitures","28":"product_tag-galets","29":"product_tag-largent-2","30":"product_tag-lieux","31":"product_tag-mettre","32":"product_tag-mettre-2","33":"product_tag-naturel","34":"product_tag-orfevre","35":"product_tag-orfevre-2","36":"product_tag-orfevres","37":"product_tag-ou","38":"product_tag-outil-2","39":"product_tag-outils","40":"product_tag-outils-de-bijouterie","41":"product_tag-pierre","42":"product_tag-pierre-2","43":"product_tag-pierre-de-taille","44":"product_tag-plateau-de-brassage","45":"product_tag-plateau-de-composition","46":"product_tag-plateaux-de-composition","47":"product_tag-reglage","48":"product_tag-reglage-de-lacier-reglage","49":"product_tag-sierande","50":"product_tag-zetkast","51":"product_shipping_class-standard","53":"first","54":"instock","55":"taxable","56":"shipping-taxable","57":"purchasable","58":"product-type-simple"},"acf":[],"_links":{"self":[{"href":"https:\/\/esquell.eu\/fr\/wp-json\/wp\/v2\/product\/12110","targetHints":{"allow":["GET"]}}],"collection":[{"href":"https:\/\/esquell.eu\/fr\/wp-json\/wp\/v2\/product"}],"about":[{"href":"https:\/\/esquell.eu\/fr\/wp-json\/wp\/v2\/types\/product"}],"replies":[{"embeddable":true,"href":"https:\/\/esquell.eu\/fr\/wp-json\/wp\/v2\/comments?post=12110"}],"wp:featuredmedia":[{"embeddable":true,"href":"https:\/\/esquell.eu\/fr\/wp-json\/wp\/v2\/media\/12176"}],"wp:attachment":[{"href":"https:\/\/esquell.eu\/fr\/wp-json\/wp\/v2\/media?parent=12110"}],"wp:term":[{"taxonomy":"more","embeddable":true,"href":"https:\/\/esquell.eu\/fr\/wp-json\/wp\/v2\/more?post=12110"},{"taxonomy":"product_brand","embeddable":true,"href":"https:\/\/esquell.eu\/fr\/wp-json\/wp\/v2\/product_brand?post=12110"},{"taxonomy":"product_cat","embeddable":true,"href":"https:\/\/esquell.eu\/fr\/wp-json\/wp\/v2\/product_cat?post=12110"},{"taxonomy":"product_tag","embeddable":true,"href":"https:\/\/esquell.eu\/fr\/wp-json\/wp\/v2\/product_tag?post=12110"}],"curies":[{"name":"wp","href":"https:\/\/api.w.org\/{rel}","templated":true}]}}

<p>Acier à sertir avec manche en bois pour sertir les pierres dans les boîtes à sertir</p>
