{"id":11942,"date":"2025-04-03T09:11:15","date_gmt":"2025-04-03T09:11:15","guid":{"rendered":"https:\/\/esquell.eu\/product\/cire-pour-crayon-de-ramassage-pour-ramasser-et-placer-la-zircone\/"},"modified":"2025-11-09T08:16:07","modified_gmt":"2025-11-09T08:16:07","slug":"cire-pour-crayon-de-ramassage-pour-ramasser-et-placer-la-zircone","status":"publish","type":"product","link":"https:\/\/esquell.eu\/fr\/produit\/cire-pour-crayon-de-ramassage-pour-ramasser-et-placer-la-zircone\/","title":{"rendered":"Cire pour crayon de ramassage pour ramasser et placer la zircone"},"content":{"rendered":"<p>Crayon de cire pour faciliter le pr\u00e9l\u00e8vement et la mise en place des zircones<\/p>\n<p>Le fait de chauffer l\u00e9g\u00e8rement la pointe rend celle-ci plus souple et renforce le pouvoir adh\u00e9sif.<\/p>\n<p>Longueur du crayon environ 23 cm<\/p>\n<p>Si le pouvoir adh\u00e9sif diminue, la pointe peut \u00eatre aiguis\u00e9e \u00e0 l&rsquo;aide d&rsquo;un taille-crayon ordinaire.<\/p>\n","protected":false},"excerpt":{"rendered":"<p>Crayon de cire pour faciliter la prise et la mise en place des zircones<\/p>\n<p>Longueur du crayon environ 23 cm<\/p>\n<p>Si la force d&rsquo;adh\u00e9sion diminue, la pointe peut \u00eatre aiguis\u00e9e \u00e0 l&rsquo;aide d&rsquo;un taille-crayon ordinaire.<\/p>\n","protected":false},"featured_media":7073,"comment_status":"closed","ping_status":"closed","template":"","meta":{"_acf_changed":false,"_seopress_robots_primary_cat":"none","_seopress_titles_title":"","_seopress_titles_desc":"","_seopress_robots_index":""},"more":[],"product_brand":[6398],"product_cat":[6364],"product_tag":[6645,7675,8284,6646,6939,8309,6397,6638,6388,6404,6378,8360,8422,8312,6393,6372,7673,8356,6658,6402,6641,8426,6941,6409,8332,6819,8288,8346,6649,8282,8341,7482,8290,8300,8318,8315,8286,7652,7640,8292,8415,7642,8418,6655,6647,6724,8289,7677,6374,6815,6785,6635,6401,6653,6712,6651,6659,7401,7990,8337,7851,6661,6567,6643,6399,7405,6636,6657,6816,6391,6665,8294,8053,7403,7029,8328,8306,7644,8303,8248,8297,8323,8351,6407,6722,8366,6663,6411,6787,6667,6720,6482,7604],"class_list":{"0":"post-11942","1":"product","2":"type-product","3":"status-publish","4":"has-post-thumbnail","6":"product_brand-l1","7":"product_cat-materiel-supplementaire","8":"product_tag-a","9":"product_tag-achats","10":"product_tag-achats-3","11":"product_tag-acheter","12":"product_tag-acheter-2","13":"product_tag-adhesion","14":"product_tag-allemagne","15":"product_tag-anneaux","16":"product_tag-argile","17":"product_tag-argile-argentee","18":"product_tag-argile-metallique","19":"product_tag-artclaysilversmuck","20":"product_tag-aussie","21":"product_tag-baton","22":"product_tag-belgique","23":"product_tag-bijoux","24":"product_tag-bijoux-en-argent-2","25":"product_tag-bijoux-en-argent-3","26":"product_tag-bijoux-en-argile","27":"product_tag-bon-marche","28":"product_tag-boucles-doreilles","29":"product_tag-boucles-doreilles-en-argile","30":"product_tag-brabant","31":"product_tag-bricolage","32":"product_tag-broyage","33":"product_tag-cernit","34":"product_tag-cire","35":"product_tag-combinaisons","36":"product_tag-commande","37":"product_tag-comment","38":"product_tag-court","39":"product_tag-crayon","40":"product_tag-crayon-de-cire","41":"product_tag-crayon-pick-up","42":"product_tag-cz","43":"product_tag-czstone","44":"product_tag-daimondpainting","45":"product_tag-description-du-travail","46":"product_tag-diamant-2","47":"product_tag-diamant-3","48":"product_tag-diamant-4","49":"product_tag-diamants","50":"product_tag-diysmuck","51":"product_tag-drenthe","52":"product_tag-en-ligne","53":"product_tag-envoyer","54":"product_tag-explication","55":"product_tag-fabrication-de-bijoux-par-soi-meme","56":"product_tag-faire","57":"product_tag-fimo","58":"product_tag-flevoland","59":"product_tag-fournitures","60":"product_tag-france","61":"product_tag-frise","62":"product_tag-gratuit","63":"product_tag-groningue","64":"product_tag-gueldre","65":"product_tag-lieux","66":"product_tag-limbridge","67":"product_tag-long","68":"product_tag-manuel","69":"product_tag-nord","70":"product_tag-offrir","71":"product_tag-ou","72":"product_tag-outil","73":"product_tag-outil-2","74":"product_tag-outils","75":"product_tag-overijssel","76":"product_tag-pate-polymere","77":"product_tag-pays-bas","78":"product_tag-pays-bas-2","79":"product_tag-peinture-au-diamant","80":"product_tag-pierre-3","81":"product_tag-pierre-de-taille","82":"product_tag-pmc","83":"product_tag-point","84":"product_tag-point-de-cire","85":"product_tag-poli","86":"product_tag-potloot","87":"product_tag-pratique","88":"product_tag-ramassage","89":"product_tag-ramasser","90":"product_tag-reglage-2","91":"product_tag-silverclay-co-uk","92":"product_tag-silveribelgie","93":"product_tag-smuck","94":"product_tag-sud","95":"product_tag-tempete-de-sable","96":"product_tag-utrecht","97":"product_tag-zelande","98":"product_tag-zilverkleinederland","99":"product_tag-zircone","100":"product_tag-zircone-2","101":"product_shipping_class-standard","103":"first","104":"instock","105":"taxable","106":"shipping-taxable","107":"purchasable","108":"product-type-simple"},"acf":[],"_links":{"self":[{"href":"https:\/\/esquell.eu\/fr\/wp-json\/wp\/v2\/product\/11942","targetHints":{"allow":["GET"]}}],"collection":[{"href":"https:\/\/esquell.eu\/fr\/wp-json\/wp\/v2\/product"}],"about":[{"href":"https:\/\/esquell.eu\/fr\/wp-json\/wp\/v2\/types\/product"}],"replies":[{"embeddable":true,"href":"https:\/\/esquell.eu\/fr\/wp-json\/wp\/v2\/comments?post=11942"}],"wp:featuredmedia":[{"embeddable":true,"href":"https:\/\/esquell.eu\/fr\/wp-json\/wp\/v2\/media\/7073"}],"wp:attachment":[{"href":"https:\/\/esquell.eu\/fr\/wp-json\/wp\/v2\/media?parent=11942"}],"wp:term":[{"taxonomy":"more","embeddable":true,"href":"https:\/\/esquell.eu\/fr\/wp-json\/wp\/v2\/more?post=11942"},{"taxonomy":"product_brand","embeddable":true,"href":"https:\/\/esquell.eu\/fr\/wp-json\/wp\/v2\/product_brand?post=11942"},{"taxonomy":"product_cat","embeddable":true,"href":"https:\/\/esquell.eu\/fr\/wp-json\/wp\/v2\/product_cat?post=11942"},{"taxonomy":"product_tag","embeddable":true,"href":"https:\/\/esquell.eu\/fr\/wp-json\/wp\/v2\/product_tag?post=11942"}],"curies":[{"name":"wp","href":"https:\/\/api.w.org\/{rel}","templated":true}]}}

<p>Crayon de cire pour faciliter le prélèvement et la mise en place des zircones</p>
<p>Le fait de chauffer légèrement la pointe rend celle-ci plus souple et renforce le pouvoir adhésif.</p>
<p>Longueur du crayon environ 23 cm</p>
<p>Si le pouvoir adhésif diminue, la pointe peut être aiguisée à l&rsquo;aide d&rsquo;un taille-crayon ordinaire.</p>

<p>Crayon de cire pour faciliter la prise et la mise en place des zircones</p>
<p>Longueur du crayon environ 23 cm</p>
<p>Si la force d&rsquo;adhésion diminue, la pointe peut être aiguisée à l&rsquo;aide d&rsquo;un taille-crayon ordinaire.</p>
