{"id":11165,"date":"2025-09-09T20:18:58","date_gmt":"2025-09-09T20:18:58","guid":{"rendered":"https:\/\/esquell.eu\/inspiratie\/pendentif-avec-abalone\/"},"modified":"2025-11-05T10:48:11","modified_gmt":"2025-11-05T10:48:11","slug":"pendentif-avec-abalone","status":"publish","type":"inspiratie","link":"https:\/\/esquell.eu\/fr\/inspiration\/pendentif-avec-abalone\/","title":{"rendered":"Pendentif avec abalone"},"content":{"rendered":"\n<div class=\"block block-text my-5 my-lg-7\">\n            <div class=\"container\">\n                <div class=\"row\">\n                <div class=\"col-12 col-lg-10 col-xxl-8 mx-auto\">\n                    <p>\u00c0 cette fin, un <a href=\"https:\/\/esquell.eu\/?s=pam+east+setting\"><strong>Mod\u00e8le de sertissage Pam East<\/strong><\/a> a \u00e9t\u00e9 utilis\u00e9 et le pendentif a \u00e9t\u00e9 r\u00e9alis\u00e9 en deux couches. Les cavit\u00e9s sont remplies de <a href=\"https:\/\/esquell.eu\/product\/abalone-schelp-snippers-voor-inlay-shell-parelmoer-5gram-diverse-kleuren\/\"><strong>copeaux d&rsquo;abalone<\/strong><\/a>. <\/p>\n<p>Les puces sont s\u00e9curis\u00e9es par de la <strong><a href=\"https:\/\/esquell.eu\/product\/uv-led-resin-moondrop-extra-helder-en-extra-hard-30-gr\/\">r\u00e9sine UV-LED <\/a><\/strong>et sont \u00e9galement finies avec cette r\u00e9sine.<\/p>\n\n                                    <\/div>\n            <\/div>\n            <\/div>\n    <\/div>","protected":false},"featured_media":11168,"parent":0,"template":"","inspiratie-taxonomy":[6325],"class_list":["post-11165","inspiratie","type-inspiratie","status-publish","has-post-thumbnail","hentry","inspiratie-taxonomy-pendentif"],"acf":[],"_links":{"self":[{"href":"https:\/\/esquell.eu\/fr\/wp-json\/wp\/v2\/inspiratie\/11165","targetHints":{"allow":["GET"]}}],"collection":[{"href":"https:\/\/esquell.eu\/fr\/wp-json\/wp\/v2\/inspiratie"}],"about":[{"href":"https:\/\/esquell.eu\/fr\/wp-json\/wp\/v2\/types\/inspiratie"}],"wp:featuredmedia":[{"embeddable":true,"href":"https:\/\/esquell.eu\/fr\/wp-json\/wp\/v2\/media\/11168"}],"wp:attachment":[{"href":"https:\/\/esquell.eu\/fr\/wp-json\/wp\/v2\/media?parent=11165"}],"wp:term":[{"taxonomy":"inspiratie-taxonomy","embeddable":true,"href":"https:\/\/esquell.eu\/fr\/wp-json\/wp\/v2\/inspiratie-taxonomy?post=11165"}],"curies":[{"name":"wp","href":"https:\/\/api.w.org\/{rel}","templated":true}]}}

<div class="block block-text my-5 my-lg-7">
            <div class="container">
                <div class="row">
                <div class="col-12 col-lg-10 col-xxl-8 mx-auto">
                    <p>À cette fin, un <a href="https://esquell.eu/?s=pam+east+setting"><strong>Modèle de sertissage Pam East</strong></a> a été utilisé et le pendentif a été réalisé en deux couches. Les cavités sont remplies de <a href="https://esquell.eu/product/abalone-schelp-snippers-voor-inlay-shell-parelmoer-5gram-diverse-kleuren/"><strong>copeaux d&rsquo;abalone</strong></a>. </p>
<p>Les puces sont sécurisées par de la <strong><a href="https://esquell.eu/product/uv-led-resin-moondrop-extra-helder-en-extra-hard-30-gr/">résine UV-LED </a></strong>et sont également finies avec cette résine.</p>

                                    </div>
            </div>
            </div>
    </div>
