{"id":11133,"date":"2025-09-23T21:39:57","date_gmt":"2025-09-23T21:39:57","guid":{"rendered":"https:\/\/esquell.eu\/inspiratie\/petite-bague-avec-accent-dore\/"},"modified":"2025-11-05T10:30:26","modified_gmt":"2025-11-05T10:30:26","slug":"petite-bague-avec-accent-dore","status":"publish","type":"inspiratie","link":"https:\/\/esquell.eu\/fr\/inspiration\/petite-bague-avec-accent-dore\/","title":{"rendered":"Petite bague avec accent dor\u00e9"},"content":{"rendered":"\n<div class=\"block block-text my-5 my-lg-7\">\n            <div class=\"container\">\n                <div class=\"row\">\n                <div class=\"col-12 col-lg-10 col-xxl-8 mx-auto\">\n                    <p>Cette bague est compos\u00e9e de <a href=\"https:\/\/esquell.eu\/product\/art-clay-silver-950-zilver-klei-50-gram-acs-za-0297\/\"><strong>Art Clay Argent 950<\/strong><\/a>. Pour les bagues et autres bijoux tr\u00e8s fins et fragiles, Art Clay Silver 950 est le meilleur choix. La bague est form\u00e9e organiquement, \u00e0 la main. L&rsquo;accent en or est \u00e9galement fa\u00e7onn\u00e9 \u00e0 la main \u00e0 partir d&rsquo;arguile d&rsquo;argent 950. Apr\u00e8s la cuisson, quelques fines couches de<a href=\"https:\/\/esquell.eu\/product\/goudpasta-ac-1-5-gram-22-karaats-a-0109\/\"><strong> p\u00e2te Art Clay Gold<\/strong><\/a> (la p\u00e2te Art Clay Gold est une p\u00e2te d&rsquo;or pur) pour une combinaison d&rsquo;or et d&rsquo;argent tr\u00e8s tendance.    <\/p>\n\n                                    <\/div>\n            <\/div>\n            <\/div>\n    <\/div>","protected":false},"featured_media":11134,"parent":0,"template":"","inspiratie-taxonomy":[6322],"class_list":["post-11133","inspiratie","type-inspiratie","status-publish","has-post-thumbnail","hentry","inspiratie-taxonomy-anneaux"],"acf":[],"_links":{"self":[{"href":"https:\/\/esquell.eu\/fr\/wp-json\/wp\/v2\/inspiratie\/11133","targetHints":{"allow":["GET"]}}],"collection":[{"href":"https:\/\/esquell.eu\/fr\/wp-json\/wp\/v2\/inspiratie"}],"about":[{"href":"https:\/\/esquell.eu\/fr\/wp-json\/wp\/v2\/types\/inspiratie"}],"wp:featuredmedia":[{"embeddable":true,"href":"https:\/\/esquell.eu\/fr\/wp-json\/wp\/v2\/media\/11134"}],"wp:attachment":[{"href":"https:\/\/esquell.eu\/fr\/wp-json\/wp\/v2\/media?parent=11133"}],"wp:term":[{"taxonomy":"inspiratie-taxonomy","embeddable":true,"href":"https:\/\/esquell.eu\/fr\/wp-json\/wp\/v2\/inspiratie-taxonomy?post=11133"}],"curies":[{"name":"wp","href":"https:\/\/api.w.org\/{rel}","templated":true}]}}

Petite bague avec accent doré

<div class="block block-text my-5 my-lg-7">
            <div class="container">
                <div class="row">
                <div class="col-12 col-lg-10 col-xxl-8 mx-auto">
                    <p>Cette bague est composée de <a href="https://esquell.eu/product/art-clay-silver-950-zilver-klei-50-gram-acs-za-0297/"><strong>Art Clay Argent 950</strong></a>. Pour les bagues et autres bijoux très fins et fragiles, Art Clay Silver 950 est le meilleur choix. La bague est formée organiquement, à la main. L&rsquo;accent en or est également façonné à la main à partir d&rsquo;arguile d&rsquo;argent 950. Après la cuisson, quelques fines couches de<a href="https://esquell.eu/product/goudpasta-ac-1-5-gram-22-karaats-a-0109/"><strong> pâte Art Clay Gold</strong></a> (la pâte Art Clay Gold est une pâte d&rsquo;or pur) pour une combinaison d&rsquo;or et d&rsquo;argent très tendance.    </p>

                                    </div>
            </div>
            </div>
    </div>
