{"id":31769,"date":"2026-04-01T11:52:52","date_gmt":"2026-04-01T11:52:52","guid":{"rendered":"https:\/\/esquell.eu\/product\/trocknungsplatte-fuer-metallton-usb-3-temperatureinstellungen\/"},"modified":"2026-04-01T11:52:52","modified_gmt":"2026-04-01T11:52:52","slug":"trocknungsplatte-fuer-metallton-usb-3-temperatureinstellungen","status":"publish","type":"product","link":"https:\/\/esquell.eu\/de\/produkt\/trocknungsplatte-fuer-metallton-usb-3-temperatureinstellungen\/","title":{"rendered":"Trocknungsplatte f\u00fcr Metallton. Usb. 3 Temperatureinstellungen"},"content":{"rendered":"<p>Trocknungsplatte f\u00fcr Metallton. Usb.<br \/>\n3 Temperatureinstellungen<br \/>\n55-65-75 Grad Celsius <\/p>\n<p>Praktische Gr\u00f6\u00dfe f\u00fcr den Arbeitstisch.  <\/p>\n<p>Beschleunigt die Trocknung im Vergleich zur Lufttrocknung und wird nicht zu hei\u00df.<br \/>\nStromversorgung \u00fcber USB.  <\/p>\n<p>Tipp: Sch\u00fctzen Sie die Platte mit einer Teflonmatte oder Tuffkarte.  <\/p>\n","protected":false},"excerpt":{"rendered":"<p>Trocknungsplatte f\u00fcr Metallton. Usb.<br \/>\n3 Temperatureinstellungen<br \/>\n55-65-75 Grad Celsius <\/p>\n<p>Praktische Gr\u00f6\u00dfe f\u00fcr den Arbeitstisch.  <\/p>\n<p>Beschleunigt die Trocknung im Vergleich zur Lufttrocknung und wird nicht zu hei\u00df.<br \/>\nStromversorgung \u00fcber USB.  <\/p>\n","protected":false},"featured_media":31531,"comment_status":"closed","ping_status":"closed","template":"","meta":{"_acf_changed":false,"_seopress_robots_primary_cat":"none","_seopress_titles_title":"","_seopress_titles_desc":"","_seopress_robots_index":""},"more":[],"product_brand":[6365],"product_cat":[9853,6367,6596,11955,7361],"product_tag":[22504,14259,22503,6441,22502,6490,13100,8175,15016],"class_list":{"0":"post-31769","1":"product","2":"type-product","3":"status-publish","4":"has-post-thumbnail","6":"product_brand-l1","7":"product_cat-bake-off","8":"product_cat-erganzende-materialien","9":"product_cat-grundlegende-werkzeuge","10":"product_cat-neu","11":"product_cat-schleifen-feilen-und-polieren","12":"product_tag-begriff-temperatur","13":"product_tag-bild-2","14":"product_tag-in-der-warteschleife","15":"product_tag-metallton","16":"product_tag-niedrig-2","17":"product_tag-silberton","18":"product_tag-temperatur","19":"product_tag-trocken","20":"product_tag-trockenplatte","22":"first","23":"instock","24":"taxable","25":"shipping-taxable","26":"purchasable","27":"product-type-simple"},"acf":[],"_links":{"self":[{"href":"https:\/\/esquell.eu\/de\/wp-json\/wp\/v2\/product\/31769","targetHints":{"allow":["GET"]}}],"collection":[{"href":"https:\/\/esquell.eu\/de\/wp-json\/wp\/v2\/product"}],"about":[{"href":"https:\/\/esquell.eu\/de\/wp-json\/wp\/v2\/types\/product"}],"replies":[{"embeddable":true,"href":"https:\/\/esquell.eu\/de\/wp-json\/wp\/v2\/comments?post=31769"}],"wp:featuredmedia":[{"embeddable":true,"href":"https:\/\/esquell.eu\/de\/wp-json\/wp\/v2\/media\/31531"}],"wp:attachment":[{"href":"https:\/\/esquell.eu\/de\/wp-json\/wp\/v2\/media?parent=31769"}],"wp:term":[{"taxonomy":"more","embeddable":true,"href":"https:\/\/esquell.eu\/de\/wp-json\/wp\/v2\/more?post=31769"},{"taxonomy":"product_brand","embeddable":true,"href":"https:\/\/esquell.eu\/de\/wp-json\/wp\/v2\/product_brand?post=31769"},{"taxonomy":"product_cat","embeddable":true,"href":"https:\/\/esquell.eu\/de\/wp-json\/wp\/v2\/product_cat?post=31769"},{"taxonomy":"product_tag","embeddable":true,"href":"https:\/\/esquell.eu\/de\/wp-json\/wp\/v2\/product_tag?post=31769"}],"curies":[{"name":"wp","href":"https:\/\/api.w.org\/{rel}","templated":true}]}}

Trocknungsplatte für Metallton. Usb. 3 Temperatureinstellungen

<p>Trocknungsplatte für Metallton. Usb.<br />
3 Temperatureinstellungen<br />
55-65-75 Grad Celsius </p>
<p>Praktische Größe für den Arbeitstisch.  </p>
<p>Beschleunigt die Trocknung im Vergleich zur Lufttrocknung und wird nicht zu heiß.<br />
Stromversorgung über USB.  </p>
<p>Tipp: Schützen Sie die Platte mit einer Teflonmatte oder Tuffkarte.  </p>

<p>Trocknungsplatte für Metallton. Usb.<br />
3 Temperatureinstellungen<br />
55-65-75 Grad Celsius </p>
<p>Praktische Größe für den Arbeitstisch.  </p>
<p>Beschleunigt die Trocknung im Vergleich zur Lufttrocknung und wird nicht zu heiß.<br />
Stromversorgung über USB.  </p>
