{"id":27007,"date":"2025-04-03T09:21:27","date_gmt":"2025-04-03T09:21:27","guid":{"rendered":"https:\/\/esquell.eu\/product\/professioneller-nadel-pen-aus-rostfreiem-stahl-acs\/"},"modified":"2026-02-22T04:50:09","modified_gmt":"2026-02-22T04:50:09","slug":"professioneller-nadel-pen-aus-rostfreiem-stahl-acs","status":"publish","type":"product","link":"https:\/\/esquell.eu\/de\/produkt\/professioneller-nadel-pen-aus-rostfreiem-stahl-acs\/","title":{"rendered":"Professioneller Nadel-Pen aus rostfreiem Stahl ACS"},"content":{"rendered":"<p>Der professionelle Nadelstift hat eine extrem feine und scharfe Spitze, die sich sehr gut zum Schneiden von Ton eignet. Gew\u00f6hnliche Nadeln haben eine dickere Spitze und schneiden nicht so gut. Nat\u00fcrlich kann dieser Nadelstift auch f\u00fcr andere Tonarbeiten verwendet werden, insbesondere f\u00fcr Pr\u00e4zisionsarbeiten. Der Needle Pen ist aus rostfreiem Stahl gefertigt und hat einen runden Griff. Das Werkzeug ist \u00fcber 14 cm lang.    <\/p>\n","protected":false},"excerpt":{"rendered":"<p>Der professionelle Nadelstift hat eine extrem feine und scharfe Spitze, die sich sehr gut zum Schneiden von Ton eignet. Gew\u00f6hnliche Nadeln haben eine dickere Spitze und schneiden nicht so gut. Nat\u00fcrlich kann dieser Nadelstift auch f\u00fcr andere Tonarbeiten verwendet werden, insbesondere f\u00fcr Pr\u00e4zisionsarbeiten. Der Needle Pen ist aus rostfreiem Stahl gefertigt und hat einen runden Griff. Das Werkzeug ist \u00fcber 14 cm lang.    <\/p>\n","protected":false},"featured_media":27010,"comment_status":"closed","ping_status":"closed","template":"","meta":{"_acf_changed":false,"_seopress_robots_primary_cat":"none","_seopress_titles_title":"","_seopress_titles_desc":"","_seopress_robots_index":""},"more":[],"product_brand":[6413],"product_cat":[6596,8215],"product_tag":[6446,6773,7551,18976,6458,8599,6415,6840,6903,7123,6675,6826,10209,8574,7672,6842,7547,6680,6824,6830,6934,6822,6452,6836,6673,8007,21253,8849,10227,10233,12083,6498,7019,6844,7813,6952,6679,7545,10238,6444,6441,21252,14950,6455,6832,6938,6828,21255,6713,11421,13887,12070,7742,21254,6419,8587,6812,7445,10495,6834,14646,6435,6556,6500,8790,6795,6449,7373,7441,6818,6838],"class_list":{"0":"post-27007","1":"product","2":"type-product","3":"status-publish","4":"has-post-thumbnail","6":"product_brand-acs","7":"product_cat-grundlegende-werkzeuge","8":"product_cat-lehm","9":"product_tag-aida","10":"product_tag-antwerpen","11":"product_tag-artclayworld","12":"product_tag-begium","13":"product_tag-belgien","14":"product_tag-benelux","15":"product_tag-billig","16":"product_tag-brabant","17":"product_tag-bronze-ton","18":"product_tag-brucke","19":"product_tag-craftlines","20":"product_tag-drenthe","21":"product_tag-europa-2","22":"product_tag-europa","23":"product_tag-fimo","24":"product_tag-flevoland","25":"product_tag-frankreich-2","26":"product_tag-frankreich","27":"product_tag-friesland","28":"product_tag-gelderland","29":"product_tag-gent","30":"product_tag-groningen","31":"product_tag-groshandel","32":"product_tag-holland","33":"product_tag-japan","34":"product_tag-keramik","35":"product_tag-keramik-6","36":"product_tag-keramik-2","37":"product_tag-klinge","38":"product_tag-klingen","39":"product_tag-kostenlos-2","40":"product_tag-kunst","41":"product_tag-liefert","42":"product_tag-limburg","43":"product_tag-luttich-2","44":"product_tag-luttich","45":"product_tag-luxemburg","46":"product_tag-luxemburg-2","47":"product_tag-messer","48":"product_tag-metalclay","49":"product_tag-metallton","50":"product_tag-nadel-2","51":"product_tag-nadelhalter","52":"product_tag-niederlande","53":"product_tag-norden","54":"product_tag-ostende","55":"product_tag-overijssel","56":"product_tag-pause-2","57":"product_tag-prazision","58":"product_tag-rost","59":"product_tag-rostfrei-3","60":"product_tag-rostfrei-2","61":"product_tag-rostfreier-stahl","62":"product_tag-scharf-2","63":"product_tag-schmuck","64":"product_tag-schneiden","65":"product_tag-silber-3","66":"product_tag-stahl","67":"product_tag-stahl-2","68":"product_tag-sud","69":"product_tag-tipp-2","70":"product_tag-ton","71":"product_tag-ton-3","72":"product_tag-ton-2","73":"product_tag-topferei","74":"product_tag-utrecht","75":"product_tag-verteiler","76":"product_tag-werkzeug","77":"product_tag-werkzeug-2","78":"product_tag-werkzeuge-2","79":"product_tag-zeeland","80":"product_shipping_class-standard","82":"first","83":"instock","84":"taxable","85":"shipping-taxable","86":"purchasable","87":"product-type-simple"},"acf":[],"_links":{"self":[{"href":"https:\/\/esquell.eu\/de\/wp-json\/wp\/v2\/product\/27007","targetHints":{"allow":["GET"]}}],"collection":[{"href":"https:\/\/esquell.eu\/de\/wp-json\/wp\/v2\/product"}],"about":[{"href":"https:\/\/esquell.eu\/de\/wp-json\/wp\/v2\/types\/product"}],"replies":[{"embeddable":true,"href":"https:\/\/esquell.eu\/de\/wp-json\/wp\/v2\/comments?post=27007"}],"wp:featuredmedia":[{"embeddable":true,"href":"https:\/\/esquell.eu\/de\/wp-json\/wp\/v2\/media\/27010"}],"wp:attachment":[{"href":"https:\/\/esquell.eu\/de\/wp-json\/wp\/v2\/media?parent=27007"}],"wp:term":[{"taxonomy":"more","embeddable":true,"href":"https:\/\/esquell.eu\/de\/wp-json\/wp\/v2\/more?post=27007"},{"taxonomy":"product_brand","embeddable":true,"href":"https:\/\/esquell.eu\/de\/wp-json\/wp\/v2\/product_brand?post=27007"},{"taxonomy":"product_cat","embeddable":true,"href":"https:\/\/esquell.eu\/de\/wp-json\/wp\/v2\/product_cat?post=27007"},{"taxonomy":"product_tag","embeddable":true,"href":"https:\/\/esquell.eu\/de\/wp-json\/wp\/v2\/product_tag?post=27007"}],"curies":[{"name":"wp","href":"https:\/\/api.w.org\/{rel}","templated":true}]}}

<p>Der professionelle Nadelstift hat eine extrem feine und scharfe Spitze, die sich sehr gut zum Schneiden von Ton eignet. Gewöhnliche Nadeln haben eine dickere Spitze und schneiden nicht so gut. Natürlich kann dieser Nadelstift auch für andere Tonarbeiten verwendet werden, insbesondere für Präzisionsarbeiten. Der Needle Pen ist aus rostfreiem Stahl gefertigt und hat einen runden Griff. Das Werkzeug ist über 14 cm lang.    </p>
