{"id":26909,"date":"2025-04-03T09:21:16","date_gmt":"2025-04-03T09:21:16","guid":{"rendered":"https:\/\/esquell.eu\/product\/messung-der-ringgroesse\/"},"modified":"2025-04-03T09:21:16","modified_gmt":"2025-04-03T09:21:16","slug":"messung-der-ringgroesse","status":"publish","type":"product","link":"https:\/\/esquell.eu\/de\/produkt\/messung-der-ringgroesse\/","title":{"rendered":"Messung der Ringgr\u00f6\u00dfe"},"content":{"rendered":"<p>Ringizer zur Bestimmung der richtigen Ringgr\u00f6\u00dfe; siehe Foto 2 f\u00fcr die Gr\u00f6\u00dfenbestimmung.<\/p>\n","protected":false},"excerpt":{"rendered":"<p>Ringizer zur Bestimmung der richtigen Ringgr\u00f6\u00dfe ;<\/p>\n<p>siehe Foto 2 f\u00fcr die Gr\u00f6\u00dfenbestimmung.<\/p>\n","protected":false},"featured_media":7564,"comment_status":"closed","ping_status":"closed","template":"","meta":{"_acf_changed":false,"_seopress_robots_primary_cat":"none","_seopress_titles_title":"","_seopress_titles_desc":"","_seopress_robots_index":""},"more":[],"product_brand":[6365],"product_cat":[7882],"product_tag":[21142,6492,21138,21141,11312,21144,14783,8017,19961,21147,19963,21143,19965,17466,8092,6777,14870,21145,10653,21136,6490,21137,21140,21139,7373,7441,19967,20288,6605,21146],"class_list":{"0":"post-26909","1":"product","2":"type-product","3":"status-publish","4":"has-post-thumbnail","6":"product_brand-l1","7":"product_cat-werkzeuge-fur-ringe","8":"product_tag-argentinisch","9":"product_tag-artclay","10":"product_tag-bague","11":"product_tag-bagues","12":"product_tag-grose","13":"product_tag-grose-4","14":"product_tag-grose-3","15":"product_tag-handlich","16":"product_tag-handlich-3","17":"product_tag-handlich-4","18":"product_tag-outil","19":"product_tag-outils","20":"product_tag-pratique","21":"product_tag-ressourcen","22":"product_tag-ring","23":"product_tag-ringe","24":"product_tag-ringe-4","25":"product_tag-ringe-5","26":"product_tag-ringgrose","27":"product_tag-ringgrose-4","28":"product_tag-silberton","29":"product_tag-silberton-4","30":"product_tag-taille","31":"product_tag-taille-de-bague","32":"product_tag-werkzeug","33":"product_tag-werkzeug-2","34":"product_tag-werkzeug-4","35":"product_tag-werkzeug-5","36":"product_tag-werkzeuge","37":"product_tag-werkzeuge-3","38":"product_shipping_class-standard","40":"first","41":"instock","42":"taxable","43":"shipping-taxable","44":"purchasable","45":"product-type-simple"},"acf":[],"_links":{"self":[{"href":"https:\/\/esquell.eu\/de\/wp-json\/wp\/v2\/product\/26909","targetHints":{"allow":["GET"]}}],"collection":[{"href":"https:\/\/esquell.eu\/de\/wp-json\/wp\/v2\/product"}],"about":[{"href":"https:\/\/esquell.eu\/de\/wp-json\/wp\/v2\/types\/product"}],"replies":[{"embeddable":true,"href":"https:\/\/esquell.eu\/de\/wp-json\/wp\/v2\/comments?post=26909"}],"wp:featuredmedia":[{"embeddable":true,"href":"https:\/\/esquell.eu\/de\/wp-json\/wp\/v2\/media\/7564"}],"wp:attachment":[{"href":"https:\/\/esquell.eu\/de\/wp-json\/wp\/v2\/media?parent=26909"}],"wp:term":[{"taxonomy":"more","embeddable":true,"href":"https:\/\/esquell.eu\/de\/wp-json\/wp\/v2\/more?post=26909"},{"taxonomy":"product_brand","embeddable":true,"href":"https:\/\/esquell.eu\/de\/wp-json\/wp\/v2\/product_brand?post=26909"},{"taxonomy":"product_cat","embeddable":true,"href":"https:\/\/esquell.eu\/de\/wp-json\/wp\/v2\/product_cat?post=26909"},{"taxonomy":"product_tag","embeddable":true,"href":"https:\/\/esquell.eu\/de\/wp-json\/wp\/v2\/product_tag?post=26909"}],"curies":[{"name":"wp","href":"https:\/\/api.w.org\/{rel}","templated":true}]}}

Messung der Ringgröße

<p>Ringizer zur Bestimmung der richtigen Ringgröße; siehe Foto 2 für die Größenbestimmung.</p>

<p>Ringizer zur Bestimmung der richtigen Ringgröße ;</p>
<p>siehe Foto 2 für die Größenbestimmung.</p>
