{"id":26890,"date":"2025-04-03T09:21:16","date_gmt":"2025-04-03T09:21:16","guid":{"rendered":"https:\/\/esquell.eu\/product\/duesensatz-mit-4-verschiedenen-groessen-farben\/"},"modified":"2025-04-03T09:21:16","modified_gmt":"2025-04-03T09:21:16","slug":"duesensatz-mit-4-verschiedenen-groessen-farben","status":"publish","type":"product","link":"https:\/\/esquell.eu\/de\/produkt\/duesensatz-mit-4-verschiedenen-groessen-farben\/","title":{"rendered":"D\u00fcsensatz mit 4 verschiedenen Gr\u00f6\u00dfen (Farben)"},"content":{"rendered":"<p>Set mit 4 D\u00fcsen f\u00fcr Spray Clay, Spritze.<br \/>\nMit den D\u00fcsen k\u00f6nnen Sie feine bis sehr feine Linien mit Spray Clay ziehen.<br \/>\nF\u00fcr filigrane Arbeiten.<\/p>\n<ul>\n<li>1,19 mm grau 1x<\/li>\n<li>0,84 mm gr\u00fcn 1x<\/li>\n<li>0,60 mm rosa 1x<\/li>\n<li>0,43 mm blau 1x<\/li>\n<\/ul>\n<p>&nbsp;<\/p>\n<p>Passt auf die 3ml Spritze im Shop<\/p>\n","protected":false},"excerpt":{"rendered":"<p>D\u00fcse f\u00fcr Spritzton. Durchmesser 1,19 MM <\/p>\n<p>Mit der D\u00fcse k\u00f6nnen Sie Linien mit Spray Clay ziehen.<\/p>\n<p>&nbsp;<\/p>\n<ul>\n<li>1,19 mm grau<\/li>\n<li>0,84 mm gr\u00fcn<\/li>\n<li>0,60 mm rosa<\/li>\n<li>0,43 mm blau<\/li>\n<\/ul>\n<p>&nbsp;<\/p>\n<p>Preis pro 3 St\u00fcck<\/p>\n","protected":false},"featured_media":7110,"comment_status":"closed","ping_status":"closed","template":"","meta":{"_acf_changed":false,"_seopress_robots_primary_cat":"none","_seopress_titles_title":"","_seopress_titles_desc":"","_seopress_robots_index":""},"more":[],"product_brand":[6365],"product_cat":[6367,8215],"product_tag":[6492,8330,18460,21127,8320,8325,8605,8001,6419,6812,8335,6490,7062,7060,7087,7915,21126],"class_list":{"0":"post-26890","1":"product","2":"type-product","3":"status-publish","4":"has-post-thumbnail","6":"product_brand-l1","7":"product_cat-erganzende-materialien","8":"product_cat-lehm","9":"product_tag-artclay","10":"product_tag-biegsames-silber-2","11":"product_tag-dekorieren","12":"product_tag-dekorieren-2","13":"product_tag-duse","14":"product_tag-metallton-2","15":"product_tag-metallton-3","16":"product_tag-pmc","17":"product_tag-schmuck","18":"product_tag-silber-3","19":"product_tag-silberschmuck-2","20":"product_tag-silberton","21":"product_tag-spritze","22":"product_tag-spritzton","23":"product_tag-spruhpaste","24":"product_tag-zeilen","25":"product_tag-ziehen","26":"product_shipping_class-standard","28":"first","29":"instock","30":"taxable","31":"shipping-taxable","32":"purchasable","33":"product-type-simple"},"acf":[],"_links":{"self":[{"href":"https:\/\/esquell.eu\/de\/wp-json\/wp\/v2\/product\/26890","targetHints":{"allow":["GET"]}}],"collection":[{"href":"https:\/\/esquell.eu\/de\/wp-json\/wp\/v2\/product"}],"about":[{"href":"https:\/\/esquell.eu\/de\/wp-json\/wp\/v2\/types\/product"}],"replies":[{"embeddable":true,"href":"https:\/\/esquell.eu\/de\/wp-json\/wp\/v2\/comments?post=26890"}],"wp:featuredmedia":[{"embeddable":true,"href":"https:\/\/esquell.eu\/de\/wp-json\/wp\/v2\/media\/7110"}],"wp:attachment":[{"href":"https:\/\/esquell.eu\/de\/wp-json\/wp\/v2\/media?parent=26890"}],"wp:term":[{"taxonomy":"more","embeddable":true,"href":"https:\/\/esquell.eu\/de\/wp-json\/wp\/v2\/more?post=26890"},{"taxonomy":"product_brand","embeddable":true,"href":"https:\/\/esquell.eu\/de\/wp-json\/wp\/v2\/product_brand?post=26890"},{"taxonomy":"product_cat","embeddable":true,"href":"https:\/\/esquell.eu\/de\/wp-json\/wp\/v2\/product_cat?post=26890"},{"taxonomy":"product_tag","embeddable":true,"href":"https:\/\/esquell.eu\/de\/wp-json\/wp\/v2\/product_tag?post=26890"}],"curies":[{"name":"wp","href":"https:\/\/api.w.org\/{rel}","templated":true}]}}

Düsensatz mit 4 verschiedenen Größen (Farben)

<p>Set mit 4 Düsen für Spray Clay, Spritze.<br />
Mit den Düsen können Sie feine bis sehr feine Linien mit Spray Clay ziehen.<br />
Für filigrane Arbeiten.</p>
<ul>
<li>1,19 mm grau 1x</li>
<li>0,84 mm grün 1x</li>
<li>0,60 mm rosa 1x</li>
<li>0,43 mm blau 1x</li>
</ul>
<p>&nbsp;</p>
<p>Passt auf die 3ml Spritze im Shop</p>

<p>Düse für Spritzton. Durchmesser 1,19 MM </p>
<p>Mit der Düse können Sie Linien mit Spray Clay ziehen.</p>
<p>&nbsp;</p>
<ul>
<li>1,19 mm grau</li>
<li>0,84 mm grün</li>
<li>0,60 mm rosa</li>
<li>0,43 mm blau</li>
</ul>
<p>&nbsp;</p>
<p>Preis pro 3 Stück</p>
