{"id":26604,"date":"2025-04-03T09:22:55","date_gmt":"2025-04-03T09:22:55","guid":{"rendered":"https:\/\/esquell.eu\/product\/seitenschneider-fuer-metalle\/"},"modified":"2025-04-03T09:22:55","modified_gmt":"2025-04-03T09:22:55","slug":"seitenschneider-fuer-metalle","status":"publish","type":"product","link":"https:\/\/esquell.eu\/de\/produkt\/seitenschneider-fuer-metalle\/","title":{"rendered":"Seitenschneider f\u00fcr Metalle."},"content":{"rendered":"<p>Kleiner Seitenschneider f\u00fcr Pr\u00e4zisionsarbeiten.<br \/>\nF\u00fcr sehr pr\u00e4zises und enges Schneiden von Metalldraht, Blech und Kunststoff.<br \/>\nDie Backen schneiden gerade an der Basis, so dass fast keine Nachbearbeitung erforderlich ist.<\/p>\n<p>Geeignet f\u00fcr Schmuckherstellung, Drahtumwicklung, Modellbau usw.<\/p>\n<p>*Die Farbe der Griffe kann variieren.<\/p>\n","protected":false},"excerpt":{"rendered":"<p>Kleiner Seitenschneider f\u00fcr Pr\u00e4zisionsarbeiten.<br \/>\nF\u00fcr sehr pr\u00e4zises und enges Schneiden von Metalldraht, Blech und Kunststoff.<br \/>\nDie Backen schneiden gerade an der Basis, so dass fast keine Nachbearbeitung erforderlich ist.<\/p>\n<p>Geeignet f\u00fcr Schmuckherstellung, Drahtumwicklung, Modellbau usw.<\/p>\n<p>*Die Farbe der Griffe kann variieren.<\/p>\n","protected":false},"featured_media":7309,"comment_status":"closed","ping_status":"closed","template":"","meta":{"_acf_changed":false,"_seopress_robots_primary_cat":"none","_seopress_titles_title":"","_seopress_titles_desc":"","_seopress_robots_index":""},"more":[],"product_brand":[6365],"product_cat":[7434],"product_tag":[6488,6506,20361,10242,6948,6817,6802,6684,6773,6799,7919,6797,6944,8530,7812,6458,8354,6415,6840,12738,16302,7123,7076,6494,12422,20659,6826,6895,6842,6824,6934,6822,11312,14329,13227,6946,6836,8487,6897,6786,6691,8394,12405,14378,10734,20324,20341,6932,6950,6844,6421,20658,10736,16750,12395,8542,6455,6832,6682,6828,20660,6713,6723,10738,6777,8528,6928,8496,6419,20317,8587,20298,6899,6889,6558,6901,6812,12459,12501,20661,10732,6920,6834,6893,6784,7337,6795,12715,6814,7373,7441,6605,6818,11180,6783,14441,6838,7796],"class_list":{"0":"post-26604","1":"product","2":"type-product","3":"status-publish","4":"has-post-thumbnail","6":"product_brand-l1","7":"product_cat-zange-und-pinzette","8":"product_tag-6488","9":"product_tag-6506","10":"product_tag-abgeschnitten","11":"product_tag-abschneidend","12":"product_tag-almere","13":"product_tag-amsterdam","14":"product_tag-angebot","15":"product_tag-anhanger","16":"product_tag-antwerpen","17":"product_tag-apeldoorn","18":"product_tag-armbander-2","19":"product_tag-arnheim","20":"product_tag-assen","21":"product_tag-augen","22":"product_tag-beilen","23":"product_tag-belgien","24":"product_tag-bestatigen","25":"product_tag-billig","26":"product_tag-brabant","27":"product_tag-bronzedraht","28":"product_tag-bronzewire","29":"product_tag-brucke","30":"product_tag-charme-2","31":"product_tag-diy","32":"product_tag-draht-2","33":"product_tag-drahtschneider","34":"product_tag-drenthe","35":"product_tag-es","36":"product_tag-flevoland","37":"product_tag-friesland","38":"product_tag-gent","39":"product_tag-groningen","40":"product_tag-grose","41":"product_tag-halsketten","42":"product_tag-handwerk-2","43":"product_tag-heerenveen","44":"product_tag-holland","45":"product_tag-hoogeveen","46":"product_tag-ihr","47":"product_tag-kaufen","48":"product_tag-kette","49":"product_tag-kupfer-3","50":"product_tag-kupferdraht","51":"product_tag-kupferdraht-2","52":"product_tag-kupferstich-2","53":"product_tag-kutter-8","54":"product_tag-kutter-9","55":"product_tag-leeuwarden","56":"product_tag-lelystad","57":"product_tag-limburg","58":"product_tag-machen","59":"product_tag-messingdraht-2","60":"product_tag-messingplatte","61":"product_tag-metallblech","62":"product_tag-metalldraht","63":"product_tag-modellbau","64":"product_tag-niederlande","65":"product_tag-norden","66":"product_tag-ohrringe","67":"product_tag-overijssel","68":"product_tag-plattenschneider","69":"product_tag-prazision","70":"product_tag-prazisionsarbeit","71":"product_tag-quellplatte","72":"product_tag-ringe","73":"product_tag-ringe-2","74":"product_tag-rotterdam","75":"product_tag-schliesungen","76":"product_tag-schmuck","77":"product_tag-schmuckzange","78":"product_tag-schneiden","79":"product_tag-schneiden-4","80":"product_tag-selbst","81":"product_tag-shop","82":"product_tag-sie-selbst","83":"product_tag-sie-selbst-2","84":"product_tag-silber-3","85":"product_tag-silberdraht","86":"product_tag-silberdraht-2","87":"product_tag-silberladung","88":"product_tag-silberplatte","89":"product_tag-sterling","90":"product_tag-sud","91":"product_tag-tun","92":"product_tag-unter-2","93":"product_tag-unter-3","94":"product_tag-utrecht","95":"product_tag-verpackung-2","96":"product_tag-webshop","97":"product_tag-werkzeug","98":"product_tag-werkzeug-2","99":"product_tag-werkzeuge","100":"product_tag-werkzeuge-2","101":"product_tag-wirewrapping","102":"product_tag-wobei","103":"product_tag-zange-2","104":"product_tag-zeeland","105":"product_tag-zwolle","106":"product_shipping_class-standard","108":"first","109":"instock","110":"taxable","111":"shipping-taxable","112":"purchasable","113":"product-type-simple"},"acf":[],"_links":{"self":[{"href":"https:\/\/esquell.eu\/de\/wp-json\/wp\/v2\/product\/26604","targetHints":{"allow":["GET"]}}],"collection":[{"href":"https:\/\/esquell.eu\/de\/wp-json\/wp\/v2\/product"}],"about":[{"href":"https:\/\/esquell.eu\/de\/wp-json\/wp\/v2\/types\/product"}],"replies":[{"embeddable":true,"href":"https:\/\/esquell.eu\/de\/wp-json\/wp\/v2\/comments?post=26604"}],"wp:featuredmedia":[{"embeddable":true,"href":"https:\/\/esquell.eu\/de\/wp-json\/wp\/v2\/media\/7309"}],"wp:attachment":[{"href":"https:\/\/esquell.eu\/de\/wp-json\/wp\/v2\/media?parent=26604"}],"wp:term":[{"taxonomy":"more","embeddable":true,"href":"https:\/\/esquell.eu\/de\/wp-json\/wp\/v2\/more?post=26604"},{"taxonomy":"product_brand","embeddable":true,"href":"https:\/\/esquell.eu\/de\/wp-json\/wp\/v2\/product_brand?post=26604"},{"taxonomy":"product_cat","embeddable":true,"href":"https:\/\/esquell.eu\/de\/wp-json\/wp\/v2\/product_cat?post=26604"},{"taxonomy":"product_tag","embeddable":true,"href":"https:\/\/esquell.eu\/de\/wp-json\/wp\/v2\/product_tag?post=26604"}],"curies":[{"name":"wp","href":"https:\/\/api.w.org\/{rel}","templated":true}]}}

Seitenschneider für Metalle.

<p>Kleiner Seitenschneider für Präzisionsarbeiten.<br />
Für sehr präzises und enges Schneiden von Metalldraht, Blech und Kunststoff.<br />
Die Backen schneiden gerade an der Basis, so dass fast keine Nachbearbeitung erforderlich ist.</p>
<p>Geeignet für Schmuckherstellung, Drahtumwicklung, Modellbau usw.</p>
<p>*Die Farbe der Griffe kann variieren.</p>
