{"id":26409,"date":"2025-04-03T09:22:46","date_gmt":"2025-04-03T09:22:46","guid":{"rendered":"https:\/\/esquell.eu\/product\/schmuckzange-flachbettzange-kurz-gerippt-laenge-13-xcm-budget-version\/"},"modified":"2025-04-03T09:22:46","modified_gmt":"2025-04-03T09:22:46","slug":"schmuckzange-flachbettzange-kurz-gerippt-laenge-13-xcm-budget-version","status":"publish","type":"product","link":"https:\/\/esquell.eu\/de\/produkt\/schmuckzange-flachbettzange-kurz-gerippt-laenge-13-xcm-budget-version\/","title":{"rendered":"Schmuckzange Flachbettzange kurz gerippt L\u00e4nge 13 xcm Budget Version"},"content":{"rendered":"<p>Flachzange kurz mit gerippter Struktur f\u00fcr zus\u00e4tzlichen Halt.<br \/>\nL\u00e4nge 13 cm.<\/p>\n<p>Zum Einklemmen von Perlen, Schlie\u00dfen von Ringen und \u00d6sen.<br \/>\nZum Befestigen von Verschl\u00fcssen an Halsketten, Ketten, Kordeln und Leder sowie zum Schneiden von Draht.<br \/>\nMit Softgrip-Griff. Solides und ergonomisches Design <\/p>\n","protected":false},"excerpt":{"rendered":"<p>Kurze Flachbettzange mit gerippter Struktur f\u00fcr zus\u00e4tzlichen Halt. L\u00e4nge 13 cm. <\/p>\n<p>Zum Klemmen von Quetschperlen, Schlie\u00dfen von Ringen und \u00d6sen. Zum Anbringen von Verschl\u00fcssen an Halsketten, Ketten, Kordeln und Leder sowie zum Schneiden von Draht. <\/p>\n<p>Ausgestattet mit Softgrip-Griff. Solides und ergonomisches Design <\/p>\n","protected":false},"featured_media":4242,"comment_status":"closed","ping_status":"closed","template":"","meta":{"_acf_changed":false,"_seopress_robots_primary_cat":"none","_seopress_titles_title":"","_seopress_titles_desc":"","_seopress_robots_index":""},"more":[],"product_brand":[6365],"product_cat":[7434],"product_tag":[6942,7803,9110,12873,7798,18250,6817,6799,6797,6944,8530,6458,10760,6929,7084,18256,7804,8471,7128,10748,9074,6494,9155,9125,9127,7799,8477,7802,20389,20381,20354,9133,12875,9113,9121,6946,9136,9135,18246,7805,20325,20342,20383,8487,8516,18264,20385,16382,8531,20324,20341,6932,18252,6950,7801,6421,7800,6455,18260,7797,7806,12877,20387,9675,14173,6928,6940,6419,6820,10470,11619,20317,20339,6558,9131,14176,16374,12067,9166,8483,18254,20322,9129,9119,9117,10832,14441,20319,20338,9170,9123,7796],"class_list":{"0":"post-26409","1":"product","2":"type-product","3":"status-publish","4":"has-post-thumbnail","6":"product_brand-l1","7":"product_cat-zange-und-pinzette","8":"product_tag-alkmaar","9":"product_tag-almelo","10":"product_tag-almere-tilburg","11":"product_tag-alphen-aan-den-rijn","12":"product_tag-amersfoort","13":"product_tag-amstelveen","14":"product_tag-amsterdam","15":"product_tag-apeldoorn","16":"product_tag-arnheim","17":"product_tag-assen","18":"product_tag-augen","19":"product_tag-belgien","20":"product_tag-bergen-op-zoom","21":"product_tag-blei","22":"product_tag-breda","23":"product_tag-capelle-aan-den-ijssel","24":"product_tag-delft","25":"product_tag-den-bosch","26":"product_tag-den-haag","27":"product_tag-den-helder","28":"product_tag-deventer","29":"product_tag-diy","30":"product_tag-doetinchem","31":"product_tag-dordrecht","32":"product_tag-ede","33":"product_tag-eindhoven","34":"product_tag-emmen","35":"product_tag-enschede","36":"product_tag-feststellzange","37":"product_tag-flachbacke","38":"product_tag-flachbettzange","39":"product_tag-geleen","40":"product_tag-gouda","41":"product_tag-haarlem","42":"product_tag-haarlemmermeer","43":"product_tag-heerenveen","44":"product_tag-heerlen","45":"product_tag-helmond","46":"product_tag-hengelo","47":"product_tag-hilversum","48":"product_tag-hobbyzange","49":"product_tag-hobbyzange-2","50":"product_tag-hobbyzange-3","51":"product_tag-hoogeveen","52":"product_tag-horn","53":"product_tag-katwijk","54":"product_tag-ketten-2","55":"product_tag-kettenbolzen","56":"product_tag-kurz","57":"product_tag-kutter-8","58":"product_tag-kutter-9","59":"product_tag-leeuwarden","60":"product_tag-leidschendam","61":"product_tag-lelystad","62":"product_tag-maastricht","63":"product_tag-machen","64":"product_tag-middelburg","65":"product_tag-niederlande","66":"product_tag-nieuwegein","67":"product_tag-nijmegen","68":"product_tag-oss","69":"product_tag-purmerend","70":"product_tag-quetschperlen","71":"product_tag-roermond","72":"product_tag-roosendaal","73":"product_tag-rotterdam","74":"product_tag-scheveningen","75":"product_tag-schmuck","76":"product_tag-schmuck-2","77":"product_tag-schmuckherstellung-2","78":"product_tag-schmuckherstellung-3","79":"product_tag-schmuckzange","80":"product_tag-schmuckzange-2","81":"product_tag-sie-selbst","82":"product_tag-sittard","83":"product_tag-spijkenisse","84":"product_tag-tackernadeln","85":"product_tag-terneuzen","86":"product_tag-veenendaal","87":"product_tag-venlo","88":"product_tag-vlaardingen","89":"product_tag-weicher-griff","90":"product_tag-westland","91":"product_tag-zaandam","92":"product_tag-zaanstad","93":"product_tag-zange","94":"product_tag-zange-2","95":"product_tag-zange-3","96":"product_tag-zange-4","97":"product_tag-zeist","98":"product_tag-zoetermeer","99":"product_tag-zwolle","100":"product_shipping_class-standard","102":"first","103":"instock","104":"taxable","105":"shipping-taxable","106":"purchasable","107":"product-type-simple"},"acf":[],"_links":{"self":[{"href":"https:\/\/esquell.eu\/de\/wp-json\/wp\/v2\/product\/26409","targetHints":{"allow":["GET"]}}],"collection":[{"href":"https:\/\/esquell.eu\/de\/wp-json\/wp\/v2\/product"}],"about":[{"href":"https:\/\/esquell.eu\/de\/wp-json\/wp\/v2\/types\/product"}],"replies":[{"embeddable":true,"href":"https:\/\/esquell.eu\/de\/wp-json\/wp\/v2\/comments?post=26409"}],"wp:featuredmedia":[{"embeddable":true,"href":"https:\/\/esquell.eu\/de\/wp-json\/wp\/v2\/media\/4242"}],"wp:attachment":[{"href":"https:\/\/esquell.eu\/de\/wp-json\/wp\/v2\/media?parent=26409"}],"wp:term":[{"taxonomy":"more","embeddable":true,"href":"https:\/\/esquell.eu\/de\/wp-json\/wp\/v2\/more?post=26409"},{"taxonomy":"product_brand","embeddable":true,"href":"https:\/\/esquell.eu\/de\/wp-json\/wp\/v2\/product_brand?post=26409"},{"taxonomy":"product_cat","embeddable":true,"href":"https:\/\/esquell.eu\/de\/wp-json\/wp\/v2\/product_cat?post=26409"},{"taxonomy":"product_tag","embeddable":true,"href":"https:\/\/esquell.eu\/de\/wp-json\/wp\/v2\/product_tag?post=26409"}],"curies":[{"name":"wp","href":"https:\/\/api.w.org\/{rel}","templated":true}]}}

Schmuckzange Flachbettzange kurz gerippt Länge 13 xcm Budget Version

<p>Flachzange kurz mit gerippter Struktur für zusätzlichen Halt.<br />
Länge 13 cm.</p>
<p>Zum Einklemmen von Perlen, Schließen von Ringen und Ösen.<br />
Zum Befestigen von Verschlüssen an Halsketten, Ketten, Kordeln und Leder sowie zum Schneiden von Draht.<br />
Mit Softgrip-Griff. Solides und ergonomisches Design </p>

<p>Kurze Flachbettzange mit gerippter Struktur für zusätzlichen Halt. Länge 13 cm. </p>
<p>Zum Klemmen von Quetschperlen, Schließen von Ringen und Ösen. Zum Anbringen von Verschlüssen an Halsketten, Ketten, Kordeln und Leder sowie zum Schneiden von Draht. </p>
<p>Ausgestattet mit Softgrip-Griff. Solides und ergonomisches Design </p>
