{"id":24947,"date":"2025-04-03T09:27:09","date_gmt":"2025-04-03T09:27:09","guid":{"rendered":"https:\/\/esquell.eu\/product\/silikon-mini-formenblaetter-s-ca-56-cm\/"},"modified":"2025-04-03T09:27:09","modified_gmt":"2025-04-03T09:27:09","slug":"silikon-mini-formenblaetter-s-ca-56-cm","status":"publish","type":"product","link":"https:\/\/esquell.eu\/de\/produkt\/silikon-mini-formenblaetter-s-ca-56-cm\/","title":{"rendered":"Silikon-Mini-Formenbl\u00e4tter s ca. 5*6 cm"},"content":{"rendered":"<p>Silikon-Miniformen<\/p>\n<p>Verschiedene Blattgr\u00f6\u00dfen<\/p>\n<p>Wenn Sie die Bl\u00e4tter auf einer unregelm\u00e4\u00dfigen Oberfl\u00e4che trocknen lassen, z.B. mit Zahnstochern darunter oder auf einem St\u00fcck Alufolie oder einer Fimoform, erhalten Sie Bewegung in den Bl\u00e4ttern.<\/p>\n","protected":false},"excerpt":{"rendered":"<p>Mini-Silikonform<\/p>\n<p>Verschiedene Gr\u00f6\u00dfen von Bl\u00e4ttern<\/p>\n<p>&nbsp;<\/p>\n","protected":false},"featured_media":8252,"comment_status":"closed","ping_status":"closed","template":"","meta":{"_acf_changed":false,"_seopress_robots_primary_cat":"none","_seopress_titles_title":"","_seopress_titles_desc":"","_seopress_robots_index":""},"more":[],"product_brand":[6365],"product_cat":[15620],"product_tag":[9187,8259,10393,6446,6492,6438,6458,6677,7667,7669,8634,6903,6675,18412,6883,7733,6881,6494,18410,10034,15083,6680,18405,7017,9609,6673,6905,6679,6421,6444,6441,6373,16248,6455,7674,10284,6419,6820,6490,14707,18408,7340,6435,6556,7511,17890,6449,15628,18413],"class_list":{"0":"post-24947","1":"product","2":"type-product","3":"status-publish","4":"has-post-thumbnail","6":"product_brand-l1","7":"product_cat-schimmelpilze","8":"product_tag-co-uk","9":"product_tag-acryl","10":"product_tag-acrylharz","11":"product_tag-aida","12":"product_tag-artclay","13":"product_tag-artclaysilver","14":"product_tag-belgien","15":"product_tag-belgien-2","16":"product_tag-blatt","17":"product_tag-blatter","18":"product_tag-blatter-2","19":"product_tag-bronze-ton","20":"product_tag-craftlines","21":"product_tag-creativeglass","22":"product_tag-deutschland","23":"product_tag-deutschland-2","24":"product_tag-deutsland","25":"product_tag-diy","26":"product_tag-efco","27":"product_tag-epoxid","28":"product_tag-formen-2","29":"product_tag-frankreich","30":"product_tag-frankrik","31":"product_tag-fur","32":"product_tag-harz","33":"product_tag-japan","34":"product_tag-kupferton","35":"product_tag-luxemburg","36":"product_tag-machen","37":"product_tag-metalclay","38":"product_tag-metallton","39":"product_tag-mini","40":"product_tag-minimal","41":"product_tag-niederlande","42":"product_tag-polymer-clay","43":"product_tag-schimmelpilz-2","44":"product_tag-schmuck","45":"product_tag-schmuck-2","46":"product_tag-silberton","47":"product_tag-silikon","48":"product_tag-silikon-3","49":"product_tag-silverclay-co-uk","50":"product_tag-ton","51":"product_tag-ton-3","52":"product_tag-tonschmuck","53":"product_tag-uk","54":"product_tag-verteiler","55":"product_tag-vorlage-2","56":"product_tag-zilverklei-be-groshandel","57":"product_shipping_class-standard","59":"first","60":"instock","61":"taxable","62":"shipping-taxable","63":"purchasable","64":"product-type-simple"},"acf":[],"_links":{"self":[{"href":"https:\/\/esquell.eu\/de\/wp-json\/wp\/v2\/product\/24947","targetHints":{"allow":["GET"]}}],"collection":[{"href":"https:\/\/esquell.eu\/de\/wp-json\/wp\/v2\/product"}],"about":[{"href":"https:\/\/esquell.eu\/de\/wp-json\/wp\/v2\/types\/product"}],"replies":[{"embeddable":true,"href":"https:\/\/esquell.eu\/de\/wp-json\/wp\/v2\/comments?post=24947"}],"wp:featuredmedia":[{"embeddable":true,"href":"https:\/\/esquell.eu\/de\/wp-json\/wp\/v2\/media\/8252"}],"wp:attachment":[{"href":"https:\/\/esquell.eu\/de\/wp-json\/wp\/v2\/media?parent=24947"}],"wp:term":[{"taxonomy":"more","embeddable":true,"href":"https:\/\/esquell.eu\/de\/wp-json\/wp\/v2\/more?post=24947"},{"taxonomy":"product_brand","embeddable":true,"href":"https:\/\/esquell.eu\/de\/wp-json\/wp\/v2\/product_brand?post=24947"},{"taxonomy":"product_cat","embeddable":true,"href":"https:\/\/esquell.eu\/de\/wp-json\/wp\/v2\/product_cat?post=24947"},{"taxonomy":"product_tag","embeddable":true,"href":"https:\/\/esquell.eu\/de\/wp-json\/wp\/v2\/product_tag?post=24947"}],"curies":[{"name":"wp","href":"https:\/\/api.w.org\/{rel}","templated":true}]}}

Silikon-Mini-Formenblätter s ca. 5*6 cm

<p>Silikon-Miniformen</p>
<p>Verschiedene Blattgrößen</p>
<p>Wenn Sie die Blätter auf einer unregelmäßigen Oberfläche trocknen lassen, z.B. mit Zahnstochern darunter oder auf einem Stück Alufolie oder einer Fimoform, erhalten Sie Bewegung in den Blättern.</p>

<p>Mini-Silikonform</p>
<p>Verschiedene Größen von Blättern</p>
<p>&nbsp;</p>
