{"id":24163,"date":"2025-04-04T05:37:04","date_gmt":"2025-04-04T05:37:04","guid":{"rendered":"https:\/\/esquell.eu\/product\/keramiktablett-hitzebestaendig-verschiedene-groessen\/"},"modified":"2025-11-08T10:35:30","modified_gmt":"2025-11-08T10:35:30","slug":"keramiktablett-hitzebestaendig-verschiedene-groessen","status":"publish","type":"product","link":"https:\/\/esquell.eu\/de\/produkt\/keramiktablett-hitzebestaendig-verschiedene-groessen\/","title":{"rendered":"Keramiktablett Hitzebest\u00e4ndig Verschiedene Gr\u00f6\u00dfen"},"content":{"rendered":"<p>Keramisches Tablett, hitzebest\u00e4ndig.<\/p>\n<p>Innere Gr\u00f6\u00dfe ca. 5 oder 7 cm<\/p>\n<p>Geeignet f\u00fcr:<\/p>\n<ul>\n<li>Schmelzen von Gold oder Silber<\/li>\n<li>Ausbrennen von Silberton-Komponenten. F\u00fcllen Sie den Beh\u00e4lter mit Vermiculit-Granulat. So hat das zu brennende Schmuckst\u00fcck ausreichend Halt im Brennofen <\/li>\n<\/ul>\n<p><img alt=\"\" loading=\"lazy\" decoding=\"async\" class=\"alignnone wp-image-3854\" src=\"https:\/\/esquell.eu\/app\/uploads\/2025\/04\/vermiculiet-300x113.png\" alt=\"\" width=\"900\" height=\"338\" srcset=\"https:\/\/esquell.eu\/app\/uploads\/2025\/04\/vermiculiet-300x113.png 300w, https:\/\/esquell.eu\/app\/uploads\/2025\/04\/vermiculiet-1024x384.png 1024w, https:\/\/esquell.eu\/app\/uploads\/2025\/04\/vermiculiet-768x288.png 768w, https:\/\/esquell.eu\/app\/uploads\/2025\/04\/vermiculiet-600x225.png 600w, https:\/\/esquell.eu\/app\/uploads\/2025\/04\/vermiculiet.png 1500w\" sizes=\"auto, (max-width: 900px) 100vw, 900px\" \/><\/p>\n<p>&nbsp;<\/p>\n","protected":false},"excerpt":{"rendered":"<p>Keramisches Tablett, hitzebest\u00e4ndig.  <\/p>\n<p>Geeignet f\u00fcr:<\/p>\n<ul>\n<li>Schmelzen von Gold oder Silber<\/li>\n<\/ul>\n<ul>\n<li>Brennen von Teilen aus Silberton. F\u00fcllen Sie die Schale mit <strong><u><a href=\"https:\/\/www.esquell.nl\/p\/vermiculiet-korrels-vuurvaste-ondersteuning-voor-metaalklei\">Vermiculit-Granulat<\/a>.<\/u><\/strong> Auf diese Weise hat das zu brennende Schmuckst\u00fcck ausreichend Halt im Brennofen.   <\/li>\n<\/ul>\n","protected":false},"featured_media":3853,"comment_status":"closed","ping_status":"closed","template":"","meta":{"_acf_changed":false,"_seopress_robots_primary_cat":"none","_seopress_titles_title":"","_seopress_titles_desc":"","_seopress_robots_index":""},"more":[],"product_brand":[],"product_cat":[9853],"product_tag":[9087,9091,6767,13074,8007,10899,11632,10573,18069,6417,6490,10723,13670,13666],"class_list":{"0":"post-24163","1":"product","2":"type-product","3":"status-publish","4":"has-post-thumbnail","6":"product_cat-bake-off","7":"product_tag-abbacken","8":"product_tag-backofen","9":"product_tag-gold","10":"product_tag-hitzebestandig","11":"product_tag-keramik","12":"product_tag-keramik-3","13":"product_tag-schale","14":"product_tag-schmelzen","15":"product_tag-schmelztiegel","16":"product_tag-silber","17":"product_tag-silberton","18":"product_tag-unterstutzung","19":"product_tag-unterstutzung-3","20":"product_tag-vermiculit","21":"product_shipping_class-standard","22":"pa_doorsnede-5cm","23":"pa_doorsnede-7cm","25":"first","26":"instock","27":"taxable","28":"shipping-taxable","29":"purchasable","30":"product-type-variable"},"acf":[],"_links":{"self":[{"href":"https:\/\/esquell.eu\/de\/wp-json\/wp\/v2\/product\/24163","targetHints":{"allow":["GET"]}}],"collection":[{"href":"https:\/\/esquell.eu\/de\/wp-json\/wp\/v2\/product"}],"about":[{"href":"https:\/\/esquell.eu\/de\/wp-json\/wp\/v2\/types\/product"}],"replies":[{"embeddable":true,"href":"https:\/\/esquell.eu\/de\/wp-json\/wp\/v2\/comments?post=24163"}],"wp:featuredmedia":[{"embeddable":true,"href":"https:\/\/esquell.eu\/de\/wp-json\/wp\/v2\/media\/3853"}],"wp:attachment":[{"href":"https:\/\/esquell.eu\/de\/wp-json\/wp\/v2\/media?parent=24163"}],"wp:term":[{"taxonomy":"more","embeddable":true,"href":"https:\/\/esquell.eu\/de\/wp-json\/wp\/v2\/more?post=24163"},{"taxonomy":"product_brand","embeddable":true,"href":"https:\/\/esquell.eu\/de\/wp-json\/wp\/v2\/product_brand?post=24163"},{"taxonomy":"product_cat","embeddable":true,"href":"https:\/\/esquell.eu\/de\/wp-json\/wp\/v2\/product_cat?post=24163"},{"taxonomy":"product_tag","embeddable":true,"href":"https:\/\/esquell.eu\/de\/wp-json\/wp\/v2\/product_tag?post=24163"}],"curies":[{"name":"wp","href":"https:\/\/api.w.org\/{rel}","templated":true}]}}

Keramiktablett Hitzebeständig Verschiedene Größen

<p>Keramisches Tablett, hitzebeständig.</p>
<p>Innere Größe ca. 5 oder 7 cm</p>
<p>Geeignet für:</p>
<ul>
<li>Schmelzen von Gold oder Silber</li>
<li>Ausbrennen von Silberton-Komponenten. Füllen Sie den Behälter mit Vermiculit-Granulat. So hat das zu brennende Schmuckstück ausreichend Halt im Brennofen </li>
</ul>
<p><img alt="" loading="lazy" decoding="async" class="alignnone wp-image-3854" src="https://esquell.eu/app/uploads/2025/04/vermiculiet-300x113.png" alt="" width="900" height="338" srcset="https://esquell.eu/app/uploads/2025/04/vermiculiet-300x113.png 300w, https://esquell.eu/app/uploads/2025/04/vermiculiet-1024x384.png 1024w, https://esquell.eu/app/uploads/2025/04/vermiculiet-768x288.png 768w, https://esquell.eu/app/uploads/2025/04/vermiculiet-600x225.png 600w, https://esquell.eu/app/uploads/2025/04/vermiculiet.png 1500w" sizes="auto, (max-width: 900px) 100vw, 900px" /></p>
<p>&nbsp;</p>

<p>Keramisches Tablett, hitzebeständig.  </p>
<p>Geeignet für:</p>
<ul>
<li>Schmelzen von Gold oder Silber</li>
</ul>
<ul>
<li>Brennen von Teilen aus Silberton. Füllen Sie die Schale mit <strong><u><a href="https://www.esquell.nl/p/vermiculiet-korrels-vuurvaste-ondersteuning-voor-metaalklei">Vermiculit-Granulat</a>.</u></strong> Auf diese Weise hat das zu brennende Schmuckstück ausreichend Halt im Brennofen.   </li>
</ul>
