{"id":19883,"date":"2025-05-01T19:38:51","date_gmt":"2025-05-01T19:38:51","guid":{"rendered":"https:\/\/esquell.eu\/product\/anhaenger-eye-bail-silber-7mm\/"},"modified":"2026-02-14T10:43:48","modified_gmt":"2026-02-14T10:43:48","slug":"anhaenger-eye-bail-silber-7mm","status":"publish","type":"product","link":"https:\/\/esquell.eu\/de\/produkt\/anhaenger-eye-bail-silber-7mm\/","title":{"rendered":"Anh\u00e4nger Eye Bail Silber 7mm."},"content":{"rendered":"<div class=\"product-addition\">\n<div class=\"product-addition-content\">\n<p>B\u00fcgel, Gr\u00f6\u00dfe Anh\u00e4nger\u00f6se 7mm<br \/>\nGesamth\u00f6he inklusive Lauf ist 10mm<br \/>\nOffener Ring 3mm,<br \/>\nGewindebohrung 4mm<br \/>\nVerarbeitung antik gl\u00e4nzend<\/p>\n<\/div>\n<p>925 Sterling Silber<\/p>\n<\/div>\n","protected":false},"excerpt":{"rendered":"<div class=\"product-addition-content\">\n<p>B\u00fcgel, Gr\u00f6\u00dfe Anh\u00e4nger\u00f6se 7mm<br \/>\nGesamth\u00f6he inklusive Lauf ist 10mm<br \/>\nOffener Ring 3mm,<br \/>\nGewindebohrung 4mm<br \/>\nVerarbeitung antik gl\u00e4nzend<\/p>\n<\/div>\n<p>925 Sterling Silber<\/p>\n","protected":false},"featured_media":19880,"comment_status":"closed","ping_status":"closed","template":"","meta":{"_acf_changed":false,"_seopress_robots_primary_cat":"none","_seopress_titles_title":"","_seopress_titles_desc":"","_seopress_robots_index":""},"more":[],"product_brand":[8480],"product_cat":[12313],"product_tag":[6488,7076,12326,6693,9379,9641,10620,12316,14327,6691,10764,10762,10618,11245,16804,12518,6432,6424,6926,6417,6671,6812,6996,6920,6429],"class_list":{"0":"post-19883","1":"product","2":"type-product","3":"status-publish","4":"has-post-thumbnail","6":"product_brand-925-handwerk","7":"product_cat-anhangerosen-bugel-und-schraubosen","8":"product_tag-6488","9":"product_tag-charme-2","10":"product_tag-ey","11":"product_tag-halskette","12":"product_tag-halskette-3","13":"product_tag-kabel","14":"product_tag-kabel-2","15":"product_tag-kaution","16":"product_tag-kaution-2","17":"product_tag-kette","18":"product_tag-kordel-halskette","19":"product_tag-kordelkette","20":"product_tag-leder-2","21":"product_tag-lederkordel","22":"product_tag-lederkordel-3","23":"product_tag-pendelauge-2","24":"product_tag-real","25":"product_tag-rein","26":"product_tag-rein-2","27":"product_tag-silber","28":"product_tag-silber-2","29":"product_tag-silber-3","30":"product_tag-sollid","31":"product_tag-sterling","32":"product_tag-wirklich","34":"first","35":"instock","36":"taxable","37":"shipping-taxable","38":"purchasable","39":"product-type-simple"},"acf":[],"_links":{"self":[{"href":"https:\/\/esquell.eu\/de\/wp-json\/wp\/v2\/product\/19883","targetHints":{"allow":["GET"]}}],"collection":[{"href":"https:\/\/esquell.eu\/de\/wp-json\/wp\/v2\/product"}],"about":[{"href":"https:\/\/esquell.eu\/de\/wp-json\/wp\/v2\/types\/product"}],"replies":[{"embeddable":true,"href":"https:\/\/esquell.eu\/de\/wp-json\/wp\/v2\/comments?post=19883"}],"wp:featuredmedia":[{"embeddable":true,"href":"https:\/\/esquell.eu\/de\/wp-json\/wp\/v2\/media\/19880"}],"wp:attachment":[{"href":"https:\/\/esquell.eu\/de\/wp-json\/wp\/v2\/media?parent=19883"}],"wp:term":[{"taxonomy":"more","embeddable":true,"href":"https:\/\/esquell.eu\/de\/wp-json\/wp\/v2\/more?post=19883"},{"taxonomy":"product_brand","embeddable":true,"href":"https:\/\/esquell.eu\/de\/wp-json\/wp\/v2\/product_brand?post=19883"},{"taxonomy":"product_cat","embeddable":true,"href":"https:\/\/esquell.eu\/de\/wp-json\/wp\/v2\/product_cat?post=19883"},{"taxonomy":"product_tag","embeddable":true,"href":"https:\/\/esquell.eu\/de\/wp-json\/wp\/v2\/product_tag?post=19883"}],"curies":[{"name":"wp","href":"https:\/\/api.w.org\/{rel}","templated":true}]}}

Anhänger Eye Bail Silber 7mm.

<div class="product-addition">
<div class="product-addition-content">
<p>Bügel, Größe Anhängeröse 7mm<br />
Gesamthöhe inklusive Lauf ist 10mm<br />
Offener Ring 3mm,<br />
Gewindebohrung 4mm<br />
Verarbeitung antik glänzend</p>
</div>
<p>925 Sterling Silber</p>
</div>

<div class="product-addition-content">
<p>Bügel, Größe Anhängeröse 7mm<br />
Gesamthöhe inklusive Lauf ist 10mm<br />
Offener Ring 3mm,<br />
Gewindebohrung 4mm<br />
Verarbeitung antik glänzend</p>
</div>
<p>925 Sterling Silber</p>
