{"id":19610,"date":"2025-05-01T20:47:30","date_gmt":"2025-05-01T20:47:30","guid":{"rendered":"https:\/\/esquell.eu\/product\/schrauboese-bronze-zum-mitbrennen-in-bronzeton-verpackt-pro-5-stueck\/"},"modified":"2025-12-20T16:29:04","modified_gmt":"2025-12-20T16:29:04","slug":"schrauboese-bronze-zum-mitbrennen-in-bronzeton-verpackt-pro-5-stueck","status":"publish","type":"product","link":"https:\/\/esquell.eu\/de\/produkt\/schrauboese-bronze-zum-mitbrennen-in-bronzeton-verpackt-pro-5-stueck\/","title":{"rendered":"Schraub\u00f6se Bronze zum Mitbrennen in Bronzeton. Verpackt pro 5 St\u00fcck"},"content":{"rendered":"<p>Flache Schraub\u00f6se aus Bronze<\/p>\n<p>\u00d6se 2 mm.<\/p>\n<p>Befestigen Sie die Bronze\u00f6sen in Ihren Bronzetondesigns, solange diese noch weich sind.<\/p>\n<p>Auch f\u00fcr andere Clays, Glasanh\u00e4nger und Led- und UV-Harz geeignet.<\/p>\n<p>Verpackt zu 5 St\u00fcck<\/p>\n","protected":false},"excerpt":{"rendered":"<p>\u00d6se aus Bronze mit flacher Schraube<\/p>\n<p>\u00d6se 2 mm.<\/p>\n<p>Befestigen Sie die Bronze-\u00d6sen in Ihren Bronze-Ton-Entw\u00fcrfen, solange sie noch weich sind.<\/p>\n<p>Verpackt zu 5 St\u00fcck<\/p>\n","protected":false},"featured_media":19613,"comment_status":"closed","ping_status":"closed","template":"","meta":{"_acf_changed":false,"_seopress_robots_primary_cat":"none","_seopress_titles_title":"","_seopress_titles_desc":"","_seopress_robots_index":""},"more":[],"product_brand":[6518],"product_cat":[12313,9913,11006,7996],"product_tag":[6488,6924,14337,7387,12326,7017,6994,7171,16165,16657,12316,6775,7019,16655,11528,6682,6891,11182,12314,12518,9425,16654,8532,6432,6926,12521,6671,6812,6417,9383,6996,12786,6920,12107,6814,6429],"class_list":{"0":"post-19610","1":"product","2":"type-product","3":"status-publish","4":"has-post-thumbnail","6":"product_brand-prometheus","7":"product_cat-anhangerosen-bugel-und-schraubosen","8":"product_cat-led-und-uv-harz","9":"product_cat-teile-die-fur-das-co-brennen-mit-metallton-geeignet-sind","10":"product_cat-werkzeuge-und-zubehor-fur-glas","11":"product_tag-6488","12":"product_tag-anhanger-2","13":"product_tag-anhanger-5","14":"product_tag-bronze","15":"product_tag-ey","16":"product_tag-fur","17":"product_tag-gut","18":"product_tag-gut-2","19":"product_tag-halb-gebohrt","20":"product_tag-halb-gebohrt-2","21":"product_tag-kaution","22":"product_tag-kurzwarengeschaft","23":"product_tag-liefert","24":"product_tag-mutze-2","25":"product_tag-naturstein-perle","26":"product_tag-ohrringe","27":"product_tag-online-shop","28":"product_tag-osen-verbinden","29":"product_tag-pendelauge","30":"product_tag-pendelauge-2","31":"product_tag-perle","32":"product_tag-perlenmutze","33":"product_tag-perlenmutzen","34":"product_tag-real","35":"product_tag-rein-2","36":"product_tag-schraubose","37":"product_tag-silber-2","38":"product_tag-silber-3","39":"product_tag-silber","40":"product_tag-solide","41":"product_tag-sollid","42":"product_tag-springend","43":"product_tag-sterling","44":"product_tag-stift","45":"product_tag-webshop","46":"product_tag-wirklich","47":"product_shipping_class-standard","49":"first","50":"instock","51":"taxable","52":"shipping-taxable","53":"purchasable","54":"product-type-simple"},"acf":[],"_links":{"self":[{"href":"https:\/\/esquell.eu\/de\/wp-json\/wp\/v2\/product\/19610","targetHints":{"allow":["GET"]}}],"collection":[{"href":"https:\/\/esquell.eu\/de\/wp-json\/wp\/v2\/product"}],"about":[{"href":"https:\/\/esquell.eu\/de\/wp-json\/wp\/v2\/types\/product"}],"replies":[{"embeddable":true,"href":"https:\/\/esquell.eu\/de\/wp-json\/wp\/v2\/comments?post=19610"}],"wp:featuredmedia":[{"embeddable":true,"href":"https:\/\/esquell.eu\/de\/wp-json\/wp\/v2\/media\/19613"}],"wp:attachment":[{"href":"https:\/\/esquell.eu\/de\/wp-json\/wp\/v2\/media?parent=19610"}],"wp:term":[{"taxonomy":"more","embeddable":true,"href":"https:\/\/esquell.eu\/de\/wp-json\/wp\/v2\/more?post=19610"},{"taxonomy":"product_brand","embeddable":true,"href":"https:\/\/esquell.eu\/de\/wp-json\/wp\/v2\/product_brand?post=19610"},{"taxonomy":"product_cat","embeddable":true,"href":"https:\/\/esquell.eu\/de\/wp-json\/wp\/v2\/product_cat?post=19610"},{"taxonomy":"product_tag","embeddable":true,"href":"https:\/\/esquell.eu\/de\/wp-json\/wp\/v2\/product_tag?post=19610"}],"curies":[{"name":"wp","href":"https:\/\/api.w.org\/{rel}","templated":true}]}}

Schrauböse Bronze zum Mitbrennen in Bronzeton. Verpackt pro 5 Stück

<p>Flache Schrauböse aus Bronze</p>
<p>Öse 2 mm.</p>
<p>Befestigen Sie die Bronzeösen in Ihren Bronzetondesigns, solange diese noch weich sind.</p>
<p>Auch für andere Clays, Glasanhänger und Led- und UV-Harz geeignet.</p>
<p>Verpackt zu 5 Stück</p>

<p>Öse aus Bronze mit flacher Schraube</p>
<p>Öse 2 mm.</p>
<p>Befestigen Sie die Bronze-Ösen in Ihren Bronze-Ton-Entwürfen, solange sie noch weich sind.</p>
<p>Verpackt zu 5 Stück</p>
