{"id":19582,"date":"2025-05-01T20:44:39","date_gmt":"2025-05-01T20:44:39","guid":{"rendered":"https:\/\/esquell.eu\/product\/anhaenger-auge-kupfer-11759-mm\/"},"modified":"2025-05-01T20:44:39","modified_gmt":"2025-05-01T20:44:39","slug":"anhaenger-auge-kupfer-11759-mm","status":"publish","type":"product","link":"https:\/\/esquell.eu\/de\/produkt\/anhaenger-auge-kupfer-11759-mm\/","title":{"rendered":"Anh\u00e4nger Auge Kupfer 11,7*5,9 mm"},"content":{"rendered":"<p>Anh\u00e4nger \u00d6se Kupfer<br \/>\nZ.B. zur Befestigung in Kupferton.<\/p>\n<p>Geeignet zum Brennen in Kupferton.<br \/>\nAuch geeignet zur Verwendung mit UV-Harz, Acrylharz, Epoxidharz und allen Arten von Ton.<\/p>\n<p>Innengr\u00f6\u00dfe 6*3,9 mm Au\u00dfengr\u00f6\u00dfe einschlie\u00dflich Stift 11,7*5,9 mm<\/p>\n","protected":false},"excerpt":{"rendered":"<p>Anh\u00e4nger \u00d6se Kupfer<br \/>\nZ.B. zur Befestigung in Kupferton.<\/p>\n<p>Geeignet zum Brennen in Kupferton.<br \/>\nAuch geeignet zur Verwendung mit UV-Harz, Acrylharz, Epoxidharz und allen Arten von Ton.<\/p>\n<p>Innengr\u00f6\u00dfe 6*3,9 mm Au\u00dfengr\u00f6\u00dfe einschlie\u00dflich Stift 11,7*5,9 mm<\/p>\n","protected":false},"featured_media":6394,"comment_status":"closed","ping_status":"closed","template":"","meta":{"_acf_changed":false,"_seopress_robots_primary_cat":"none","_seopress_titles_title":"","_seopress_titles_desc":"","_seopress_robots_index":""},"more":[],"product_brand":[6595],"product_cat":[12313,9913,11006,7996],"product_tag":[6488,6924,14337,7017,6994,7171,16165,16657,12316,6775,7019,16655,11528,6682,6891,11182,12518,9425,16654,8532,6432,6926,6417,6671,6812,9383,6996,12786,6920,12107,6814,6429],"class_list":{"0":"post-19582","1":"product","2":"type-product","3":"status-publish","4":"has-post-thumbnail","6":"product_brand-coole-tools","7":"product_cat-anhangerosen-bugel-und-schraubosen","8":"product_cat-led-und-uv-harz","9":"product_cat-teile-die-fur-das-co-brennen-mit-metallton-geeignet-sind","10":"product_cat-werkzeuge-und-zubehor-fur-glas","11":"product_tag-6488","12":"product_tag-anhanger-2","13":"product_tag-anhanger-5","14":"product_tag-fur","15":"product_tag-gut","16":"product_tag-gut-2","17":"product_tag-halb-gebohrt","18":"product_tag-halb-gebohrt-2","19":"product_tag-kaution","20":"product_tag-kurzwarengeschaft","21":"product_tag-liefert","22":"product_tag-mutze-2","23":"product_tag-naturstein-perle","24":"product_tag-ohrringe","25":"product_tag-online-shop","26":"product_tag-osen-verbinden","27":"product_tag-pendelauge-2","28":"product_tag-perle","29":"product_tag-perlenmutze","30":"product_tag-perlenmutzen","31":"product_tag-real","32":"product_tag-rein-2","33":"product_tag-silber","34":"product_tag-silber-2","35":"product_tag-silber-3","36":"product_tag-solide","37":"product_tag-sollid","38":"product_tag-springend","39":"product_tag-sterling","40":"product_tag-stift","41":"product_tag-webshop","42":"product_tag-wirklich","43":"product_shipping_class-standard","45":"first","46":"instock","47":"taxable","48":"shipping-taxable","49":"purchasable","50":"product-type-simple"},"acf":[],"_links":{"self":[{"href":"https:\/\/esquell.eu\/de\/wp-json\/wp\/v2\/product\/19582","targetHints":{"allow":["GET"]}}],"collection":[{"href":"https:\/\/esquell.eu\/de\/wp-json\/wp\/v2\/product"}],"about":[{"href":"https:\/\/esquell.eu\/de\/wp-json\/wp\/v2\/types\/product"}],"replies":[{"embeddable":true,"href":"https:\/\/esquell.eu\/de\/wp-json\/wp\/v2\/comments?post=19582"}],"wp:featuredmedia":[{"embeddable":true,"href":"https:\/\/esquell.eu\/de\/wp-json\/wp\/v2\/media\/6394"}],"wp:attachment":[{"href":"https:\/\/esquell.eu\/de\/wp-json\/wp\/v2\/media?parent=19582"}],"wp:term":[{"taxonomy":"more","embeddable":true,"href":"https:\/\/esquell.eu\/de\/wp-json\/wp\/v2\/more?post=19582"},{"taxonomy":"product_brand","embeddable":true,"href":"https:\/\/esquell.eu\/de\/wp-json\/wp\/v2\/product_brand?post=19582"},{"taxonomy":"product_cat","embeddable":true,"href":"https:\/\/esquell.eu\/de\/wp-json\/wp\/v2\/product_cat?post=19582"},{"taxonomy":"product_tag","embeddable":true,"href":"https:\/\/esquell.eu\/de\/wp-json\/wp\/v2\/product_tag?post=19582"}],"curies":[{"name":"wp","href":"https:\/\/api.w.org\/{rel}","templated":true}]}}

Anhänger Auge Kupfer 11,7*5,9 mm

<p>Anhänger Öse Kupfer<br />
Z.B. zur Befestigung in Kupferton.</p>
<p>Geeignet zum Brennen in Kupferton.<br />
Auch geeignet zur Verwendung mit UV-Harz, Acrylharz, Epoxidharz und allen Arten von Ton.</p>
<p>Innengröße 6*3,9 mm Außengröße einschließlich Stift 11,7*5,9 mm</p>
