{"id":17754,"date":"2025-09-08T08:57:45","date_gmt":"2025-09-08T08:57:45","guid":{"rendered":"https:\/\/esquell.eu\/product\/mini-silikonform-ca-56-cm-schalen\/"},"modified":"2026-03-23T20:03:49","modified_gmt":"2026-03-23T20:03:49","slug":"mini-silikonform-ca-56-cm-schalen","status":"publish","type":"product","link":"https:\/\/esquell.eu\/de\/produkt\/mini-silikonform-ca-56-cm-schalen\/","title":{"rendered":"Mini-Silikonform ca. 5*6 cm Schalen"},"content":{"rendered":"<p>Silikon-Mini-Formenschalen<\/p>\n<p>Gr\u00f6\u00dfe der ganzen Form ca. 5*6 cm,<\/p>\n<p>F\u00fcr Ton, Epoxid, Harz usw.<\/p>\n<p>Die Gr\u00f6\u00dfen der Bl\u00e4tter sind f\u00fcr Ringe, Ohrringe, Anh\u00e4nger usw. geeignet.<\/p>\n<p>Bei Verwendung mit Metallton:<\/p>\n<p>Spr\u00fchen Sie vor dem Gebrauch immer mit der Coolslip Anti-Haft-Formel. Dies verhindert, dass der Ton an den Formen klebt. <\/p>\n","protected":false},"excerpt":{"rendered":"<p>Silikon-Mini-Formenschalen<\/p>\n<p>Gr\u00f6\u00dfe der ganzen Form ca. 5*6 cm,<\/p>\n<p>F\u00fcr Ton, Epoxid, Harz usw.<\/p>\n<p>Die Gr\u00f6\u00dfen der Bl\u00e4tter sind f\u00fcr Ringe, Ohrringe, Anh\u00e4nger usw. geeignet.<\/p>\n<p>Bei Verwendung mit Metallton:<\/p>\n<p>Spr\u00fchen Sie vor dem Gebrauch immer mit der Coolslip Anti-Haft-Formel. Dies verhindert, dass der Ton an den Formen klebt. <\/p>\n","protected":false},"featured_media":17755,"comment_status":"closed","ping_status":"closed","template":"","meta":{"_acf_changed":false,"_seopress_robots_primary_cat":"","_seopress_titles_title":"","_seopress_titles_desc":"","_seopress_robots_index":""},"more":[],"product_brand":[6365],"product_cat":[15620],"product_tag":[7676,7672,7017,7377,8261,6373,8922,16028,7674,10284,6490,6556,7511,15628],"class_list":{"0":"post-17754","1":"product","2":"type-product","3":"status-publish","4":"has-post-thumbnail","6":"product_brand-l1","7":"product_cat-schimmelpilze","8":"product_tag-cernit","9":"product_tag-fimo","10":"product_tag-fur","11":"product_tag-klein","12":"product_tag-klein-2","13":"product_tag-mini","14":"product_tag-muscheln","15":"product_tag-muscheln-2","16":"product_tag-polymer-clay","17":"product_tag-schimmelpilz-2","18":"product_tag-silberton","19":"product_tag-ton-3","20":"product_tag-tonschmuck","21":"product_tag-vorlage-2","23":"first","24":"instock","25":"taxable","26":"shipping-taxable","27":"purchasable","28":"product-type-simple"},"acf":[],"_links":{"self":[{"href":"https:\/\/esquell.eu\/de\/wp-json\/wp\/v2\/product\/17754","targetHints":{"allow":["GET"]}}],"collection":[{"href":"https:\/\/esquell.eu\/de\/wp-json\/wp\/v2\/product"}],"about":[{"href":"https:\/\/esquell.eu\/de\/wp-json\/wp\/v2\/types\/product"}],"replies":[{"embeddable":true,"href":"https:\/\/esquell.eu\/de\/wp-json\/wp\/v2\/comments?post=17754"}],"wp:featuredmedia":[{"embeddable":true,"href":"https:\/\/esquell.eu\/de\/wp-json\/wp\/v2\/media\/17755"}],"wp:attachment":[{"href":"https:\/\/esquell.eu\/de\/wp-json\/wp\/v2\/media?parent=17754"}],"wp:term":[{"taxonomy":"more","embeddable":true,"href":"https:\/\/esquell.eu\/de\/wp-json\/wp\/v2\/more?post=17754"},{"taxonomy":"product_brand","embeddable":true,"href":"https:\/\/esquell.eu\/de\/wp-json\/wp\/v2\/product_brand?post=17754"},{"taxonomy":"product_cat","embeddable":true,"href":"https:\/\/esquell.eu\/de\/wp-json\/wp\/v2\/product_cat?post=17754"},{"taxonomy":"product_tag","embeddable":true,"href":"https:\/\/esquell.eu\/de\/wp-json\/wp\/v2\/product_tag?post=17754"}],"curies":[{"name":"wp","href":"https:\/\/api.w.org\/{rel}","templated":true}]}}

<p>Silikon-Mini-Formenschalen</p>
<p>Größe der ganzen Form ca. 5*6 cm,</p>
<p>Für Ton, Epoxid, Harz usw.</p>
<p>Die Größen der Blätter sind für Ringe, Ohrringe, Anhänger usw. geeignet.</p>
<p>Bei Verwendung mit Metallton:</p>
<p>Sprühen Sie vor dem Gebrauch immer mit der Coolslip Anti-Haft-Formel. Dies verhindert, dass der Ton an den Formen klebt. </p>
