{"id":17570,"date":"2025-09-08T17:26:53","date_gmt":"2025-09-08T17:26:53","guid":{"rendered":"https:\/\/esquell.eu\/product\/perlenperle-naturperle-3-4mm-weiss-aus-pro-strang\/"},"modified":"2025-09-08T17:26:53","modified_gmt":"2025-09-08T17:26:53","slug":"perlenperle-naturperle-3-4mm-weiss-aus-pro-strang","status":"publish","type":"product","link":"https:\/\/esquell.eu\/de\/produkt\/perlenperle-naturperle-3-4mm-weiss-aus-pro-strang\/","title":{"rendered":"Perlenperle, Naturperle 3-4mm, wei\u00df-aus; pro Strang"},"content":{"rendered":"<p>Form: Unregelm\u00e4\u00dfig, zerkl\u00fcftet<\/p>\n<p>Perle. Vollst\u00e4ndig durchbohrt.<br \/>\nGr\u00f6\u00dfe: 3 &#8211; 4 mm<br \/>\nFarbe: wei\u00df-off <\/p>\n<p>Nat\u00fcrliche Zuchtperlen<\/p>\n<p>Packung pro Strang<\/p>\n<p>Strangl\u00e4nge ca. 32 cm<\/p>\n<p>Anzahl der Perlen pro Strang ca. 100<\/p>\n","protected":false},"excerpt":{"rendered":"<p>Form: Unregelm\u00e4\u00dfige, skurrile Keishi-Perlen<\/p>\n<p>Perle. Vollst\u00e4ndig durchbohrt.<br \/>\nGr\u00f6\u00dfe: ca. 5*3,5 mm<br \/>\nFarbe: wei\u00df-off <\/p>\n<p>Nat\u00fcrlich kultiviert<\/p>\n<p>&nbsp;<\/p>\n","protected":false},"featured_media":9133,"comment_status":"closed","ping_status":"closed","template":"","meta":{"_acf_changed":false,"_seopress_robots_primary_cat":"none","_seopress_titles_title":"","_seopress_titles_desc":"","_seopress_robots_index":""},"more":[],"product_brand":[6365],"product_cat":[14250],"product_tag":[9197,15900,15918,15920,6817,6802,6689,6492,9208,15910,8330,6415,6721,6840,7387,6903,7957,6603,8559,6494,6826,13902,15922,15924,7320,8907,9193,6842,7680,6824,7017,11518,11569,6830,6767,6769,6822,15902,7330,6692,8763,6836,9184,6786,13750,15896,6498,7131,6905,6775,15890,15894,6844,6421,6444,7557,8137,6441,10628,8922,7955,15912,7317,8392,6832,8395,8770,9199,6682,8946,9200,9302,6788,6828,7070,15898,15940,15908,15906,15904,15928,15932,15926,15930,8001,14444,8092,6777,9202,6419,6820,8767,11192,15888,6889,9195,6558,6490,7507,7923,7334,6834,8608,15892,15916,13076,9204,6435,6500,6556,6784,6795,8121,9206,7072,6814,6690,7441,6605,6818,8658,6783,7064,6838,15914,15945],"class_list":{"0":"post-17570","1":"product","2":"type-product","3":"status-publish","4":"has-post-thumbnail","6":"product_brand-l1","7":"product_cat-naturliche-perlen","8":"product_tag-9197","9":"product_tag-hier-ist","10":"product_tag-akoya","11":"product_tag-akoya-perlen","12":"product_tag-amsterdam","13":"product_tag-angebot","14":"product_tag-armband","15":"product_tag-artclay","16":"product_tag-assecoires","17":"product_tag-austern","18":"product_tag-biegsames-silber-2","19":"product_tag-billig","20":"product_tag-blau","21":"product_tag-brabant","22":"product_tag-bronze","23":"product_tag-bronze-ton","24":"product_tag-cabochon","25":"product_tag-cool","26":"product_tag-cooltools","27":"product_tag-diy","28":"product_tag-drenthe","29":"product_tag-dunkel","30":"product_tag-dunkel-2","31":"product_tag-dunkle-perlen","32":"product_tag-edelstein","33":"product_tag-einsteigerpakete","34":"product_tag-einsteigerpakete-2","35":"product_tag-flevoland","36":"product_tag-formulare","37":"product_tag-friesland","38":"product_tag-fur","39":"product_tag-gebohrt","40":"product_tag-gebohrt-3","41":"product_tag-gelderland","42":"product_tag-gold","43":"product_tag-goldton","44":"product_tag-groningen","45":"product_tag-gucultivated","46":"product_tag-halb","47":"product_tag-handbuch","48":"product_tag-handbucher","49":"product_tag-holland","50":"product_tag-internet","51":"product_tag-kaufen","52":"product_tag-kitt","53":"product_tag-kultiviert","54":"product_tag-kunst","55":"product_tag-kupfer","56":"product_tag-kupferton","57":"product_tag-kurzwarengeschaft","58":"product_tag-lapiz","59":"product_tag-lasuli","60":"product_tag-limburg","61":"product_tag-machen","62":"product_tag-metalclay","63":"product_tag-metall","64":"product_tag-metall-3","65":"product_tag-metallton","66":"product_tag-mm","67":"product_tag-muscheln","68":"product_tag-naturlich","69":"product_tag-naturliche-perlen","70":"product_tag-naturstein","71":"product_tag-nop","72":"product_tag-norden","73":"product_tag-nordholland","74":"product_tag-ohrring","75":"product_tag-ohrring-2","76":"product_tag-ohrringe","77":"product_tag-ohrstecker-2","78":"product_tag-ohrstecker-3","79":"product_tag-ohrstecker-5","80":"product_tag-online","81":"product_tag-overijssel","82":"product_tag-perlen","83":"product_tag-perlen-7","84":"product_tag-perlen-8","85":"product_tag-perlenfadeln","86":"product_tag-perlenohrring","87":"product_tag-perlenring","88":"product_tag-pfauen","89":"product_tag-pfauenfeder-2","90":"product_tag-pfauenperle","91":"product_tag-pfauenperlen","92":"product_tag-pmc","93":"product_tag-real-2","94":"product_tag-ring","95":"product_tag-ringe","96":"product_tag-schleifen-2","97":"product_tag-schmuck","98":"product_tag-schmuck-2","99":"product_tag-schmuck-5","100":"product_tag-schwarz-2","101":"product_tag-schwarz-3","102":"product_tag-shop","103":"product_tag-shop-2","104":"product_tag-sie-selbst","105":"product_tag-silberton","106":"product_tag-starterset","107":"product_tag-starterset-2","108":"product_tag-stein-2","109":"product_tag-sud","110":"product_tag-sudholland","111":"product_tag-suswasser","112":"product_tag-suswasserperlen","113":"product_tag-synthetisch-2","114":"product_tag-textur","115":"product_tag-ton","116":"product_tag-ton-2","117":"product_tag-ton-3","118":"product_tag-unter-2","119":"product_tag-utrecht","120":"product_tag-von-2","121":"product_tag-vorlagen","122":"product_tag-wattenmeer","123":"product_tag-webshop","124":"product_tag-werkstatten","125":"product_tag-werkzeug-2","126":"product_tag-werkzeuge","127":"product_tag-werkzeuge-2","128":"product_tag-wissensbasis","129":"product_tag-wobei","130":"product_tag-workshop","131":"product_tag-zeeland","132":"product_tag-zuchtperlen","133":"product_tag-zuchtperlen-2","134":"product_shipping_class-standard","135":"pa_afmeting-11-12mm","136":"pa_afmeting-2-3mm","137":"pa_afmeting-3-4mm","138":"pa_afmeting-4-5mm","139":"pa_afmeting-5-6mm","140":"pa_afmeting-6-7mm","141":"pa_afmeting-7-8mm","142":"pa_afmeting-8-9mm","143":"pa_afmeting-9-10mm","145":"first","146":"instock","147":"taxable","148":"shipping-taxable","149":"purchasable","150":"product-type-simple"},"acf":[],"_links":{"self":[{"href":"https:\/\/esquell.eu\/de\/wp-json\/wp\/v2\/product\/17570","targetHints":{"allow":["GET"]}}],"collection":[{"href":"https:\/\/esquell.eu\/de\/wp-json\/wp\/v2\/product"}],"about":[{"href":"https:\/\/esquell.eu\/de\/wp-json\/wp\/v2\/types\/product"}],"replies":[{"embeddable":true,"href":"https:\/\/esquell.eu\/de\/wp-json\/wp\/v2\/comments?post=17570"}],"wp:featuredmedia":[{"embeddable":true,"href":"https:\/\/esquell.eu\/de\/wp-json\/wp\/v2\/media\/9133"}],"wp:attachment":[{"href":"https:\/\/esquell.eu\/de\/wp-json\/wp\/v2\/media?parent=17570"}],"wp:term":[{"taxonomy":"more","embeddable":true,"href":"https:\/\/esquell.eu\/de\/wp-json\/wp\/v2\/more?post=17570"},{"taxonomy":"product_brand","embeddable":true,"href":"https:\/\/esquell.eu\/de\/wp-json\/wp\/v2\/product_brand?post=17570"},{"taxonomy":"product_cat","embeddable":true,"href":"https:\/\/esquell.eu\/de\/wp-json\/wp\/v2\/product_cat?post=17570"},{"taxonomy":"product_tag","embeddable":true,"href":"https:\/\/esquell.eu\/de\/wp-json\/wp\/v2\/product_tag?post=17570"}],"curies":[{"name":"wp","href":"https:\/\/api.w.org\/{rel}","templated":true}]}}

Perlenperle, Naturperle 3-4mm, weiß-aus; pro Strang

<p>Form: Unregelmäßig, zerklüftet</p>
<p>Perle. Vollständig durchbohrt.<br />
Größe: 3 &#8211; 4 mm<br />
Farbe: weiß-off </p>
<p>Natürliche Zuchtperlen</p>
<p>Packung pro Strang</p>
<p>Stranglänge ca. 32 cm</p>
<p>Anzahl der Perlen pro Strang ca. 100</p>

<p>Form: Unregelmäßige, skurrile Keishi-Perlen</p>
<p>Perle. Vollständig durchbohrt.<br />
Größe: ca. 5*3,5 mm<br />
Farbe: weiß-off </p>
<p>Natürlich kultiviert</p>
<p>&nbsp;</p>
