{"id":17507,"date":"2025-09-08T18:14:53","date_gmt":"2025-09-08T18:14:53","guid":{"rendered":"https:\/\/esquell.eu\/product\/dichroitischer-glas-cabochon-ca-12-16-mm-rot\/"},"modified":"2025-11-09T10:04:27","modified_gmt":"2025-11-09T10:04:27","slug":"dichroitischer-glas-cabochon-ca-12-16-mm-rot","status":"publish","type":"product","link":"https:\/\/esquell.eu\/de\/produkt\/dichroitischer-glas-cabochon-ca-12-16-mm-rot\/","title":{"rendered":"Dichroitischer Glas-Cabochon. ca. 12-16 mm Rot"},"content":{"rendered":"<p>Glascabochons eignen sich zum Brennen in Metallton.<\/p>\n<p>Dichroitische Glascabochons<\/p>\n<p>Da Glascabochons handgefertigt sind, k\u00f6nnen sie in der Gr\u00f6\u00dfe leicht abweichen.<\/p>\n","protected":false},"excerpt":{"rendered":"<p>Glascabochons eignen sich zum Brennen in Metallton.<\/p>\n<p>Dichroitische Glascabochons<\/p>\n<p>Da Glascabochons handgefertigt sind, k\u00f6nnen sie in der Gr\u00f6\u00dfe leicht abweichen.<\/p>\n","protected":false},"featured_media":27856,"comment_status":"closed","ping_status":"closed","template":"","meta":{"_acf_changed":false,"_seopress_robots_primary_cat":"none","_seopress_titles_title":"","_seopress_titles_desc":"","_seopress_robots_index":""},"more":[],"product_brand":[6595],"product_cat":[11956,11955],"product_tag":[11978,12017,11975,7957,11993,10816,10958,10964,15697,7953,11997,7752,7680,10814,14115,10824,9609,11972,12022,6421,6444,6441,7317,11985,11108,6419,11957,7435,7086,6464,7885,11010,6781,10717,11968,11989,11959],"class_list":{"0":"post-17507","1":"product","2":"type-product","3":"status-publish","4":"has-post-thumbnail","6":"product_brand-coole-tools","7":"product_cat-cabochons-rund","8":"product_cat-neu","9":"product_tag-amber","10":"product_tag-amber-2","11":"product_tag-bernstein","12":"product_tag-cabochon","13":"product_tag-cabocon","14":"product_tag-dichro","15":"product_tag-dichroitisch","16":"product_tag-dichroitisches-glas","17":"product_tag-dicro","18":"product_tag-einstellung","19":"product_tag-facettiert","20":"product_tag-formular","21":"product_tag-formulare","22":"product_tag-glas-2","23":"product_tag-glascabochon","24":"product_tag-glascabochons","25":"product_tag-harz","26":"product_tag-jaspis","27":"product_tag-jaspis-2","28":"product_tag-machen","29":"product_tag-metalclay","30":"product_tag-metallton","31":"product_tag-naturstein","32":"product_tag-naturstein-cabochon","33":"product_tag-platz-2","34":"product_tag-schmuck","35":"product_tag-schmuckzubehor-4","36":"product_tag-setzen","37":"product_tag-silberschmiede","38":"product_tag-stein","39":"product_tag-steinsetzung","40":"product_tag-strassstein-2","41":"product_tag-teile","42":"product_tag-um","43":"product_tag-unten","44":"product_tag-wieber","45":"product_tag-wohnung-2","46":"pa_doorsnede-10mm","47":"pa_doorsnede-15mm","48":"pa_doorsnede-4mm","49":"pa_doorsnede-5mm","50":"pa_doorsnede-6mm","51":"pa_doorsnede-8mm","53":"first","54":"instock","55":"taxable","56":"shipping-taxable","57":"purchasable","58":"product-type-simple"},"acf":[],"_links":{"self":[{"href":"https:\/\/esquell.eu\/de\/wp-json\/wp\/v2\/product\/17507","targetHints":{"allow":["GET"]}}],"collection":[{"href":"https:\/\/esquell.eu\/de\/wp-json\/wp\/v2\/product"}],"about":[{"href":"https:\/\/esquell.eu\/de\/wp-json\/wp\/v2\/types\/product"}],"replies":[{"embeddable":true,"href":"https:\/\/esquell.eu\/de\/wp-json\/wp\/v2\/comments?post=17507"}],"wp:featuredmedia":[{"embeddable":true,"href":"https:\/\/esquell.eu\/de\/wp-json\/wp\/v2\/media\/27856"}],"wp:attachment":[{"href":"https:\/\/esquell.eu\/de\/wp-json\/wp\/v2\/media?parent=17507"}],"wp:term":[{"taxonomy":"more","embeddable":true,"href":"https:\/\/esquell.eu\/de\/wp-json\/wp\/v2\/more?post=17507"},{"taxonomy":"product_brand","embeddable":true,"href":"https:\/\/esquell.eu\/de\/wp-json\/wp\/v2\/product_brand?post=17507"},{"taxonomy":"product_cat","embeddable":true,"href":"https:\/\/esquell.eu\/de\/wp-json\/wp\/v2\/product_cat?post=17507"},{"taxonomy":"product_tag","embeddable":true,"href":"https:\/\/esquell.eu\/de\/wp-json\/wp\/v2\/product_tag?post=17507"}],"curies":[{"name":"wp","href":"https:\/\/api.w.org\/{rel}","templated":true}]}}

<p>Glascabochons eignen sich zum Brennen in Metallton.</p>
<p>Dichroitische Glascabochons</p>
<p>Da Glascabochons handgefertigt sind, können sie in der Größe leicht abweichen.</p>
