{"id":15731,"date":"2025-04-03T09:21:38","date_gmt":"2025-04-03T09:21:38","guid":{"rendered":"https:\/\/esquell.eu\/product\/flexi-tranchierplatten\/"},"modified":"2025-04-03T09:21:38","modified_gmt":"2025-04-03T09:21:38","slug":"flexi-tranchierplatten","status":"publish","type":"product","link":"https:\/\/esquell.eu\/de\/produkt\/flexi-tranchierplatten\/","title":{"rendered":"Flexi Tranchierplatten"},"content":{"rendered":"<p>Mit Flexi Carving erstellen Sie Ihre eigene Texturmatte f\u00fcr Metal Clay.<\/p>\n<p>Verwenden Sie die Mini <strong><u>Gravierklingen<\/u><\/strong> f\u00fcr das Anbringen der Muster.<\/p>\n<p>Beide Seiten der Platte k\u00f6nnen verwendet werden.<\/p>\n<p>Geschnittene Texturen ergeben sch\u00f6ne Designs f\u00fcr Texturen in Metal Clay. Sie eignen sich auch f\u00fcr die Erstellung von Mustern, insbesondere f\u00fcr Emaillierungen oder Einlegearbeiten. <\/p>\n<p>Zeichnen Sie Ihr Design mit Bleistift oder Kugelschreiber, oder schneiden Sie es freih\u00e4ndig aus.<\/p>\n<p>Die Gr\u00f6\u00dfe der Platte ist 7,5*7,5 und die Dicke betr\u00e4gt 1,2 mm.<\/p>\n<p>Bei der Verwendung mit Metallton ist kein Antihaftmittel erforderlich.<\/p>\n","protected":false},"excerpt":{"rendered":"<p>Mit Flexi Carving erstellen Sie Ihre eigene Texturmatte f\u00fcr Metal Clay.<\/p>\n<p>Verwenden Sie die Mini <a href=\"https:\/\/www.esquell.nl\/p\/mini-mesjes-voor-graveren\"><strong><u>Gravierklingen<\/u><\/strong><\/a> f\u00fcr das Anbringen der Muster.<\/p>\n<p>&nbsp;<\/p>\n<p>Beide Seiten der Platte k\u00f6nnen verwendet werden.<\/p>\n<p>&nbsp;<\/p>\n<p>Geschnittene Texturen ergeben sch\u00f6ne Designs f\u00fcr Texturen in Metal Clay. Sie eignen sich auch f\u00fcr die Erstellung von Mustern, insbesondere f\u00fcr Emaillierungen oder Einlegearbeiten. <\/p>\n<p>&nbsp;<\/p>\n<p>Zeichnen Sie Ihr Design mit Bleistift oder Kugelschreiber, oder schneiden Sie es freih\u00e4ndig aus.<\/p>\n<p>Die Gr\u00f6\u00dfe der Platte ist 7,5*7,5 und die Dicke betr\u00e4gt 1,2 mm.<\/p>\n<p>&nbsp;<\/p>\n<p>Bei der Verwendung mit Metallton ist kein Antihaftmittel erforderlich.<\/p>\n","protected":false},"featured_media":7524,"comment_status":"closed","ping_status":"closed","template":"","meta":{"_acf_changed":false,"_seopress_robots_primary_cat":"none","_seopress_titles_title":"","_seopress_titles_desc":"","_seopress_robots_index":""},"more":[],"product_brand":[6595],"product_cat":[6367,8215],"product_tag":[6624,6494,15061,15059,6421,15064,15046,8587,15055,6558,14707,6620,11403],"class_list":{"0":"post-15731","1":"product","2":"type-product","3":"status-publish","4":"has-post-thumbnail","6":"product_brand-coole-tools","7":"product_cat-erganzende-materialien","8":"product_cat-lehm","9":"product_tag-briefmarken","10":"product_tag-diy","11":"product_tag-erleichterung","12":"product_tag-flexi","13":"product_tag-machen","14":"product_tag-matten","15":"product_tag-muster","16":"product_tag-schneiden","17":"product_tag-schnitzen","18":"product_tag-sie-selbst","19":"product_tag-silikon","20":"product_tag-texturen","21":"product_tag-texturmatte","22":"product_shipping_class-standard","24":"first","25":"instock","26":"taxable","27":"shipping-taxable","28":"purchasable","29":"product-type-simple"},"acf":[],"_links":{"self":[{"href":"https:\/\/esquell.eu\/de\/wp-json\/wp\/v2\/product\/15731","targetHints":{"allow":["GET"]}}],"collection":[{"href":"https:\/\/esquell.eu\/de\/wp-json\/wp\/v2\/product"}],"about":[{"href":"https:\/\/esquell.eu\/de\/wp-json\/wp\/v2\/types\/product"}],"replies":[{"embeddable":true,"href":"https:\/\/esquell.eu\/de\/wp-json\/wp\/v2\/comments?post=15731"}],"wp:featuredmedia":[{"embeddable":true,"href":"https:\/\/esquell.eu\/de\/wp-json\/wp\/v2\/media\/7524"}],"wp:attachment":[{"href":"https:\/\/esquell.eu\/de\/wp-json\/wp\/v2\/media?parent=15731"}],"wp:term":[{"taxonomy":"more","embeddable":true,"href":"https:\/\/esquell.eu\/de\/wp-json\/wp\/v2\/more?post=15731"},{"taxonomy":"product_brand","embeddable":true,"href":"https:\/\/esquell.eu\/de\/wp-json\/wp\/v2\/product_brand?post=15731"},{"taxonomy":"product_cat","embeddable":true,"href":"https:\/\/esquell.eu\/de\/wp-json\/wp\/v2\/product_cat?post=15731"},{"taxonomy":"product_tag","embeddable":true,"href":"https:\/\/esquell.eu\/de\/wp-json\/wp\/v2\/product_tag?post=15731"}],"curies":[{"name":"wp","href":"https:\/\/api.w.org\/{rel}","templated":true}]}}

<p>Mit Flexi Carving erstellen Sie Ihre eigene Texturmatte für Metal Clay.</p>
<p>Verwenden Sie die Mini <strong><u>Gravierklingen</u></strong> für das Anbringen der Muster.</p>
<p>Beide Seiten der Platte können verwendet werden.</p>
<p>Geschnittene Texturen ergeben schöne Designs für Texturen in Metal Clay. Sie eignen sich auch für die Erstellung von Mustern, insbesondere für Emaillierungen oder Einlegearbeiten. </p>
<p>Zeichnen Sie Ihr Design mit Bleistift oder Kugelschreiber, oder schneiden Sie es freihändig aus.</p>
<p>Die Größe der Platte ist 7,5*7,5 und die Dicke beträgt 1,2 mm.</p>
<p>Bei der Verwendung mit Metallton ist kein Antihaftmittel erforderlich.</p>

<p>Mit Flexi Carving erstellen Sie Ihre eigene Texturmatte für Metal Clay.</p>
<p>Verwenden Sie die Mini <a href="https://www.esquell.nl/p/mini-mesjes-voor-graveren"><strong><u>Gravierklingen</u></strong></a> für das Anbringen der Muster.</p>
<p>&nbsp;</p>
<p>Beide Seiten der Platte können verwendet werden.</p>
<p>&nbsp;</p>
<p>Geschnittene Texturen ergeben schöne Designs für Texturen in Metal Clay. Sie eignen sich auch für die Erstellung von Mustern, insbesondere für Emaillierungen oder Einlegearbeiten. </p>
<p>&nbsp;</p>
<p>Zeichnen Sie Ihr Design mit Bleistift oder Kugelschreiber, oder schneiden Sie es freihändig aus.</p>
<p>Die Größe der Platte ist 7,5*7,5 und die Dicke beträgt 1,2 mm.</p>
<p>&nbsp;</p>
<p>Bei der Verwendung mit Metallton ist kein Antihaftmittel erforderlich.</p>
