{"id":15398,"date":"2025-04-03T09:14:06","date_gmt":"2025-04-03T09:14:06","guid":{"rendered":"https:\/\/esquell.eu\/product\/silberdraht-925-perlendraht-durchmesser-2-mm-kauf-und-preis-pro-20-cm\/"},"modified":"2026-01-10T17:08:35","modified_gmt":"2026-01-10T17:08:35","slug":"silberdraht-925-perlendraht-durchmesser-2-mm-kauf-und-preis-pro-20-cm","status":"publish","type":"product","link":"https:\/\/esquell.eu\/de\/produkt\/silberdraht-925-perlendraht-durchmesser-2-mm-kauf-und-preis-pro-20-cm\/","title":{"rendered":"Silberdraht 925 Perlendraht. Durchmesser 2 mm Kauf und Preis pro 20 cm"},"content":{"rendered":"<p>Perlendraht 925 Silber, 1. Durchmesser 2mm <\/p>\n<p>Die bestellte L\u00e4nge wird, soweit m\u00f6glich, in 1 L\u00e4nge geliefert.<br \/>\nWenn Sie wirklich 1 L\u00e4nge ben\u00f6tigen, geben Sie dies bitte bei der Bestellung im Kommentarfeld an.<\/p>\n<p>Nicht genug vorr\u00e4tig? Dann senden Sie eine E-Mail an info@esquell.eu. Wenn m\u00f6glich, werden wir es f\u00fcr Sie bestellen. <\/p>\n","protected":false},"excerpt":{"rendered":"<p>Perlendraht 925 Silber, 1. Durchmesser 2mm <\/p>\n<p>&nbsp;<\/p>\n<p>Die bestellte L\u00e4nge wird, soweit m\u00f6glich, in 1 L\u00e4nge geliefert.<br \/>\nWenn Sie wirklich 1 L\u00e4nge ben\u00f6tigen, geben Sie dies bitte bei der Bestellung im Kommentarfeld an.<\/p>\n<p>&nbsp;<\/p>\n<p>Nicht genug auf Lager? Dann schicken Sie uns eine E-Mail an info@esquell. Wenn m\u00f6glich, bestellen wir es f\u00fcr Sie. <\/p>\n<p>&nbsp;<\/p>\n<p>&nbsp;<\/p>\n","protected":false},"featured_media":15400,"comment_status":"closed","ping_status":"closed","template":"","meta":{"_acf_changed":false,"_seopress_robots_primary_cat":"none","_seopress_titles_title":"","_seopress_titles_desc":"","_seopress_robots_index":""},"more":[],"product_brand":[6703],"product_cat":[12421],"product_tag":[14419,6488,6506,6817,6773,6458,6790,6415,14418,6936,6494,8508,14423,6826,6793,8014,8545,6895,6824,6830,6934,8679,6822,7171,6836,6897,13904,6786,6885,6775,6932,6950,7019,6844,6952,7813,6421,14424,14425,12395,11143,6441,6455,6832,6788,6891,6828,7524,14421,21477,21914,8510,6806,6424,8092,6777,6928,6419,7021,12393,12403,10529,6899,6779,12401,6558,6901,6417,6671,6812,12459,14420,7354,7086,6490,7340,14422,6834,6781,6893,6784,6795,12076,7072,6814,6429,6783,6838,7796],"class_list":{"0":"post-15398","1":"product","2":"type-product","3":"status-publish","4":"has-post-thumbnail","6":"product_brand-bm","7":"product_cat-925er-silberdraht","8":"product_tag-1-2","9":"product_tag-6488","10":"product_tag-6506","11":"product_tag-amsterdam","12":"product_tag-antwerpen","13":"product_tag-belgien","14":"product_tag-bestellung","15":"product_tag-billig","16":"product_tag-braband","17":"product_tag-brussel","18":"product_tag-diy","19":"product_tag-draht","20":"product_tag-drehringe","21":"product_tag-drenthe","22":"product_tag-einkaufen","23":"product_tag-einkaufen-2","24":"product_tag-einkaufen-3","25":"product_tag-es","26":"product_tag-friesland","27":"product_tag-gelderland","28":"product_tag-gent","29":"product_tag-google","30":"product_tag-groningen","31":"product_tag-gut-2","32":"product_tag-holland","33":"product_tag-ihr","34":"product_tag-inhalt-2","35":"product_tag-kaufen","36":"product_tag-kaufen-2","37":"product_tag-kurzwarengeschaft","38":"product_tag-leeuwarden","39":"product_tag-lelystad","40":"product_tag-liefert","41":"product_tag-limburg","42":"product_tag-luttich","43":"product_tag-luttich-2","44":"product_tag-machen","45":"product_tag-machen-sie-ihre-eigenen-ringe","46":"product_tag-machen-sie-ihren-eigenen-ring","47":"product_tag-metalldraht","48":"product_tag-metallschmied","49":"product_tag-metallton","50":"product_tag-niederlande","51":"product_tag-norden","52":"product_tag-online","53":"product_tag-online-shop","54":"product_tag-overijssel","55":"product_tag-perlen-2","56":"product_tag-perlendraht","57":"product_tag-perlendraht-2","58":"product_tag-perlendraht-3","59":"product_tag-perlenladen","60":"product_tag-rabatt","61":"product_tag-rein","62":"product_tag-ring","63":"product_tag-ringe","64":"product_tag-rotterdam","65":"product_tag-schmuck","66":"product_tag-schmuck-3","67":"product_tag-schmuck-kurzwaren","68":"product_tag-schmuckteile-2","69":"product_tag-schmuckzubehor-3","70":"product_tag-selbst","71":"product_tag-selbstgemacht","72":"product_tag-shop-3","73":"product_tag-sie-selbst","74":"product_tag-sie-selbst-2","75":"product_tag-silber","76":"product_tag-silber-2","77":"product_tag-silber-3","78":"product_tag-silberdraht","79":"product_tag-silberdraht-4","80":"product_tag-silberschmied","81":"product_tag-silberschmiede","82":"product_tag-silberton","83":"product_tag-silverclay-co-uk","84":"product_tag-spinnringe","85":"product_tag-sud","86":"product_tag-teile","87":"product_tag-tun","88":"product_tag-unter-2","89":"product_tag-utrecht","90":"product_tag-versilbert-2","91":"product_tag-wattenmeer","92":"product_tag-webshop","93":"product_tag-wirklich","94":"product_tag-wobei","95":"product_tag-zeeland","96":"product_tag-zwolle","97":"product_shipping_class-standard","99":"first","100":"instock","101":"taxable","102":"shipping-taxable","103":"purchasable","104":"product-type-simple"},"acf":[],"_links":{"self":[{"href":"https:\/\/esquell.eu\/de\/wp-json\/wp\/v2\/product\/15398","targetHints":{"allow":["GET"]}}],"collection":[{"href":"https:\/\/esquell.eu\/de\/wp-json\/wp\/v2\/product"}],"about":[{"href":"https:\/\/esquell.eu\/de\/wp-json\/wp\/v2\/types\/product"}],"replies":[{"embeddable":true,"href":"https:\/\/esquell.eu\/de\/wp-json\/wp\/v2\/comments?post=15398"}],"wp:featuredmedia":[{"embeddable":true,"href":"https:\/\/esquell.eu\/de\/wp-json\/wp\/v2\/media\/15400"}],"wp:attachment":[{"href":"https:\/\/esquell.eu\/de\/wp-json\/wp\/v2\/media?parent=15398"}],"wp:term":[{"taxonomy":"more","embeddable":true,"href":"https:\/\/esquell.eu\/de\/wp-json\/wp\/v2\/more?post=15398"},{"taxonomy":"product_brand","embeddable":true,"href":"https:\/\/esquell.eu\/de\/wp-json\/wp\/v2\/product_brand?post=15398"},{"taxonomy":"product_cat","embeddable":true,"href":"https:\/\/esquell.eu\/de\/wp-json\/wp\/v2\/product_cat?post=15398"},{"taxonomy":"product_tag","embeddable":true,"href":"https:\/\/esquell.eu\/de\/wp-json\/wp\/v2\/product_tag?post=15398"}],"curies":[{"name":"wp","href":"https:\/\/api.w.org\/{rel}","templated":true}]}}

<p>Perlendraht 925 Silber, 1. Durchmesser 2mm </p>
<p>Die bestellte Länge wird, soweit möglich, in 1 Länge geliefert.<br />
Wenn Sie wirklich 1 Länge benötigen, geben Sie dies bitte bei der Bestellung im Kommentarfeld an.</p>
<p>Nicht genug vorrätig? Dann senden Sie eine E-Mail an info@esquell.eu. Wenn möglich, werden wir es für Sie bestellen. </p>

<p>Perlendraht 925 Silber, 1. Durchmesser 2mm </p>
<p>&nbsp;</p>
<p>Die bestellte Länge wird, soweit möglich, in 1 Länge geliefert.<br />
Wenn Sie wirklich 1 Länge benötigen, geben Sie dies bitte bei der Bestellung im Kommentarfeld an.</p>
<p>&nbsp;</p>
<p>Nicht genug auf Lager? Dann schicken Sie uns eine E-Mail an info@esquell. Wenn möglich, bestellen wir es für Sie. </p>
<p>&nbsp;</p>
<p>&nbsp;</p>
