{"id":15318,"date":"2025-04-03T09:14:30","date_gmt":"2025-04-03T09:14:30","guid":{"rendered":"https:\/\/esquell.eu\/product\/scharnier-anhaenger-oese-925-silber-acp-k-0118\/"},"modified":"2026-02-14T10:28:23","modified_gmt":"2026-02-14T10:28:23","slug":"scharnier-anhaenger-oese-925-silber-acp-k-0118","status":"publish","type":"product","link":"https:\/\/esquell.eu\/de\/produkt\/scharnier-anhaenger-oese-925-silber-acp-k-0118\/","title":{"rendered":"Scharnier-Anh\u00e4nger \u00d6se 925 Silber ACP (K-0118)"},"content":{"rendered":"<p>Aufklappbare Anh\u00e4nger\u00f6se ACS<\/p>\n<p>Durch die Verwendung einer aufklappbaren Anh\u00e4nger\u00f6se lassen sich Anh\u00e4nger und\/oder Collies leicht austauschen.<\/p>\n<p>925er Sterlingsilber<\/p>\n<p>L\u00e4nge ca. 11mm<\/p>\n<p>Breite ca. 8mm<\/p>\n<p>Dicke 2,2 mm<\/p>\n","protected":false},"excerpt":{"rendered":"<p>Aufklappbare Anh\u00e4nger\u00f6se ACS<\/p>\n<p>Durch die Verwendung einer aufklappbaren Anh\u00e4nger\u00f6se lassen sich Anh\u00e4nger und\/oder Collies leicht austauschen.<\/p>\n<p>925er Sterlingsilber<\/p>\n<p>L\u00e4nge ca. 11mm<\/p>\n<p>Breite ca. 8mm<\/p>\n<p>Dicke 2,2 mm<\/p>\n","protected":false},"featured_media":15324,"comment_status":"closed","ping_status":"closed","template":"","meta":{"_acf_changed":false,"_seopress_robots_primary_cat":"none","_seopress_titles_title":"","_seopress_titles_desc":"","_seopress_robots_index":""},"more":[],"product_brand":[6413],"product_cat":[12313],"product_tag":[14198,6684,6924,7058,14337,6438,14339,14333,9401,6458,6677,6883,6881,6494,8574,10209,7809,6680,7547,14340,14329,12316,14327,6444,6441,7552,14200,6455,14331,12518,14335,22144,6419,14338,6671,8022,13849,6449,14342],"class_list":{"0":"post-15318","1":"product","2":"type-product","3":"status-publish","4":"has-post-thumbnail","6":"product_brand-acs","7":"product_cat-anhangerosen-bugel-und-schraubosen","8":"product_tag-andern-2","9":"product_tag-anhanger","10":"product_tag-anhanger-2","11":"product_tag-anhanger-3","12":"product_tag-anhanger-5","13":"product_tag-artclaysilver","14":"product_tag-aufklappbar","15":"product_tag-auge-2","16":"product_tag-austauschbar","17":"product_tag-belgien","18":"product_tag-belgien-2","19":"product_tag-deutschland","20":"product_tag-deutsland","21":"product_tag-diy","22":"product_tag-europa","23":"product_tag-europa-2","24":"product_tag-flexibel","25":"product_tag-frankreich","26":"product_tag-frankreich-2","27":"product_tag-funktionell","28":"product_tag-halsketten","29":"product_tag-kaution","30":"product_tag-kaution-2","31":"product_tag-metalclay","32":"product_tag-metallton","33":"product_tag-mit","34":"product_tag-multi","35":"product_tag-niederlande","36":"product_tag-niederlande-2","37":"product_tag-pendelauge-2","38":"product_tag-scharnier","39":"product_tag-scharnier-3","40":"product_tag-schmuck","41":"product_tag-schreiend","42":"product_tag-silber-2","43":"product_tag-silberlehm","44":"product_tag-universal","45":"product_tag-verteiler","46":"product_tag-vielseitig-einsetzbar","47":"product_shipping_class-standard","49":"first","50":"instock","51":"taxable","52":"shipping-taxable","53":"purchasable","54":"product-type-simple"},"acf":[],"_links":{"self":[{"href":"https:\/\/esquell.eu\/de\/wp-json\/wp\/v2\/product\/15318","targetHints":{"allow":["GET"]}}],"collection":[{"href":"https:\/\/esquell.eu\/de\/wp-json\/wp\/v2\/product"}],"about":[{"href":"https:\/\/esquell.eu\/de\/wp-json\/wp\/v2\/types\/product"}],"replies":[{"embeddable":true,"href":"https:\/\/esquell.eu\/de\/wp-json\/wp\/v2\/comments?post=15318"}],"wp:featuredmedia":[{"embeddable":true,"href":"https:\/\/esquell.eu\/de\/wp-json\/wp\/v2\/media\/15324"}],"wp:attachment":[{"href":"https:\/\/esquell.eu\/de\/wp-json\/wp\/v2\/media?parent=15318"}],"wp:term":[{"taxonomy":"more","embeddable":true,"href":"https:\/\/esquell.eu\/de\/wp-json\/wp\/v2\/more?post=15318"},{"taxonomy":"product_brand","embeddable":true,"href":"https:\/\/esquell.eu\/de\/wp-json\/wp\/v2\/product_brand?post=15318"},{"taxonomy":"product_cat","embeddable":true,"href":"https:\/\/esquell.eu\/de\/wp-json\/wp\/v2\/product_cat?post=15318"},{"taxonomy":"product_tag","embeddable":true,"href":"https:\/\/esquell.eu\/de\/wp-json\/wp\/v2\/product_tag?post=15318"}],"curies":[{"name":"wp","href":"https:\/\/api.w.org\/{rel}","templated":true}]}}

Scharnier-Anhänger Öse 925 Silber ACP (K-0118)

<p>Aufklappbare Anhängeröse ACS</p>
<p>Durch die Verwendung einer aufklappbaren Anhängeröse lassen sich Anhänger und/oder Collies leicht austauschen.</p>
<p>925er Sterlingsilber</p>
<p>Länge ca. 11mm</p>
<p>Breite ca. 8mm</p>
<p>Dicke 2,2 mm</p>
