{"id":15057,"date":"2025-04-03T09:20:37","date_gmt":"2025-04-03T09:20:37","guid":{"rendered":"https:\/\/esquell.eu\/product\/behaelter-aus-rostfreiem-stahl-mit-deckel-gross-fuer-prometheus-pro-7-oefen\/"},"modified":"2025-11-08T20:29:23","modified_gmt":"2025-11-08T20:29:23","slug":"behaelter-aus-rostfreiem-stahl-mit-deckel-gross-fuer-prometheus-pro-7-oefen","status":"publish","type":"product","link":"https:\/\/esquell.eu\/de\/produkt\/behaelter-aus-rostfreiem-stahl-mit-deckel-gross-fuer-prometheus-pro-7-oefen\/","title":{"rendered":"Beh\u00e4lter aus rostfreiem Stahl mit Deckel. Gro\u00df. F\u00fcr Prometheus\u00ae Pro-7 \u00d6fen."},"content":{"rendered":"<div class=\"product-addition-content\">\n<p>Geeignet f\u00fcr 1 Liter Aktivkohle.<\/p>\n<p>Geeignet f\u00fcr. Hergestellt aus rostfreiem Stahl. <\/p>\n<p>Abmessungen : 17.50 *16.00 H\u00f6he 9.50 cm<\/p>\n<\/div>\n","protected":false},"excerpt":{"rendered":"<p>Geeignet f\u00fcr 1 Liter Aktivkohle.<\/p>\n<p>Geeignet f\u00fcr. Hergestellt aus rostfreiem Stahl. <\/p>\n<p>Abmessungen : 17.50 *16.00 H\u00f6he 9.50 cm<\/p>\n","protected":false},"featured_media":7652,"comment_status":"closed","ping_status":"closed","template":"","meta":{"_acf_changed":false,"_seopress_robots_primary_cat":"none","_seopress_titles_title":"","_seopress_titles_desc":"","_seopress_robots_index":""},"more":[],"product_brand":[6518],"product_cat":[9853,11310],"product_tag":[9087,13728,13727,6492,6438,9091,6458,6677,7387,6903,13726,6675,6883,6881,13725,7547,6680,13724,6769,6452,13074,6673,6786,11650,7131,6905,6679,7545,6444,6441,6455,13729,7133,12070,7742,10486,6417,6490,10495,6784,6449,6783],"class_list":{"0":"post-15057","1":"product","2":"type-product","3":"status-publish","4":"has-post-thumbnail","6":"product_brand-prometheus","7":"product_cat-bake-off","8":"product_cat-ofen","9":"product_tag-abbacken","10":"product_tag-aktiviert-2","11":"product_tag-aktivkohle-2","12":"product_tag-artclay","13":"product_tag-artclaysilver","14":"product_tag-backofen","15":"product_tag-belgien","16":"product_tag-belgien-2","17":"product_tag-bronze","18":"product_tag-bronze-ton","19":"product_tag-container","20":"product_tag-craftlines","21":"product_tag-deutschland","22":"product_tag-deutsland","23":"product_tag-fasertuch","24":"product_tag-frankreich-2","25":"product_tag-frankreich","26":"product_tag-franzosisch-2","27":"product_tag-goldton","28":"product_tag-groshandel","29":"product_tag-hitzebestandig","30":"product_tag-japan","31":"product_tag-kaufen","32":"product_tag-kraut","33":"product_tag-kupfer","34":"product_tag-kupferton","35":"product_tag-luxemburg","36":"product_tag-luxemburg-2","37":"product_tag-metalclay","38":"product_tag-metallton","39":"product_tag-niederlande","40":"product_tag-online-aida","41":"product_tag-prometheus","42":"product_tag-rostfrei-2","43":"product_tag-rostfreier-stahl","44":"product_tag-rostfreier-stahl-3","45":"product_tag-silber","46":"product_tag-silberton","47":"product_tag-stahl-2","48":"product_tag-unter-2","49":"product_tag-verteiler","50":"product_tag-wobei","51":"product_shipping_class-standard","53":"first","54":"instock","55":"taxable","56":"shipping-taxable","57":"purchasable","58":"product-type-simple"},"acf":[],"_links":{"self":[{"href":"https:\/\/esquell.eu\/de\/wp-json\/wp\/v2\/product\/15057","targetHints":{"allow":["GET"]}}],"collection":[{"href":"https:\/\/esquell.eu\/de\/wp-json\/wp\/v2\/product"}],"about":[{"href":"https:\/\/esquell.eu\/de\/wp-json\/wp\/v2\/types\/product"}],"replies":[{"embeddable":true,"href":"https:\/\/esquell.eu\/de\/wp-json\/wp\/v2\/comments?post=15057"}],"wp:featuredmedia":[{"embeddable":true,"href":"https:\/\/esquell.eu\/de\/wp-json\/wp\/v2\/media\/7652"}],"wp:attachment":[{"href":"https:\/\/esquell.eu\/de\/wp-json\/wp\/v2\/media?parent=15057"}],"wp:term":[{"taxonomy":"more","embeddable":true,"href":"https:\/\/esquell.eu\/de\/wp-json\/wp\/v2\/more?post=15057"},{"taxonomy":"product_brand","embeddable":true,"href":"https:\/\/esquell.eu\/de\/wp-json\/wp\/v2\/product_brand?post=15057"},{"taxonomy":"product_cat","embeddable":true,"href":"https:\/\/esquell.eu\/de\/wp-json\/wp\/v2\/product_cat?post=15057"},{"taxonomy":"product_tag","embeddable":true,"href":"https:\/\/esquell.eu\/de\/wp-json\/wp\/v2\/product_tag?post=15057"}],"curies":[{"name":"wp","href":"https:\/\/api.w.org\/{rel}","templated":true}]}}

Behälter aus rostfreiem Stahl mit Deckel. Groß. Für Prometheus® Pro-7 Öfen.

<div class="product-addition-content">
<p>Geeignet für 1 Liter Aktivkohle.</p>
<p>Geeignet für. Hergestellt aus rostfreiem Stahl. </p>
<p>Abmessungen : 17.50 *16.00 Höhe 9.50 cm</p>
</div>

<p>Geeignet für 1 Liter Aktivkohle.</p>
<p>Geeignet für. Hergestellt aus rostfreiem Stahl. </p>
<p>Abmessungen : 17.50 *16.00 Höhe 9.50 cm</p>
