{"id":14867,"date":"2025-04-03T09:21:06","date_gmt":"2025-04-03T09:21:06","guid":{"rendered":"https:\/\/esquell.eu\/product\/mini-hobelhammer-1-seite-flach-1-seite-leicht-gewoelbt\/"},"modified":"2025-11-08T19:55:01","modified_gmt":"2025-11-08T19:55:01","slug":"mini-hobelhammer-1-seite-flach-1-seite-leicht-gewoelbt","status":"publish","type":"product","link":"https:\/\/esquell.eu\/de\/produkt\/mini-hobelhammer-1-seite-flach-1-seite-leicht-gewoelbt\/","title":{"rendered":"Mini-Hobelhammer 1 Seite flach 1 Seite leicht gew\u00f6lbt"},"content":{"rendered":"<div class=\"product-addition-content\">\n<p>Sehr fein polierte K\u00f6pfe und dunkler Hartholzgriff.<\/p>\n<p>Die L\u00e4nge des Kopfes betr\u00e4gt 63 mm. Gr\u00f6\u00dfe der K\u00f6pfe: \u00d8 13 mm.<br \/>\n1 Seite flach und 1 Seite leicht gew\u00f6lbt. <\/p>\n<\/div>\n","protected":false},"excerpt":{"rendered":"<p>Sehr fein polierte K\u00f6pfe und dunkler Hartholzgriff.<\/p>\n<p>&nbsp;<\/p>\n<p>Die L\u00e4nge des Kopfes betr\u00e4gt 63 mm. Gr\u00f6\u00dfe der K\u00f6pfe: \u00d8 13 mm. 1 Seite flach und 1 Seite leicht konvex.  <\/p>\n","protected":false},"featured_media":7589,"comment_status":"closed","ping_status":"closed","template":"","meta":{"_acf_changed":false,"_seopress_robots_primary_cat":"none","_seopress_titles_title":"","_seopress_titles_desc":"","_seopress_robots_index":""},"more":[],"product_brand":[6703],"product_cat":[13249,10426],"product_tag":[6494,7680,7349,13252,13272,13273,9265,6786,6421,13140,13270,13275,6373,13274,6419,6820,7354,9790,7086,6784,7441,6783,8520,13271],"class_list":{"0":"post-14867","1":"product","2":"type-product","3":"status-publish","4":"has-post-thumbnail","6":"product_brand-bm","7":"product_cat-hammer","8":"product_cat-metall","9":"product_tag-diy","10":"product_tag-formulare","11":"product_tag-goldschmied","12":"product_tag-hammer-2","13":"product_tag-hobelhammer","14":"product_tag-hobeln","15":"product_tag-juwelier","16":"product_tag-kaufen","17":"product_tag-machen","18":"product_tag-matte","19":"product_tag-mattierter-ton","20":"product_tag-metallbearbeitung","21":"product_tag-mini","22":"product_tag-schlagen","23":"product_tag-schmuck","24":"product_tag-schmuck-2","25":"product_tag-silberschmied","26":"product_tag-silberschmied-2","27":"product_tag-silberschmiede","28":"product_tag-unter-2","29":"product_tag-werkzeug-2","30":"product_tag-wobei","31":"product_tag-wohnung","32":"product_tag-wohnung-3","33":"product_shipping_class-standard","35":"first","36":"instock","37":"taxable","38":"shipping-taxable","39":"purchasable","40":"product-type-simple"},"acf":[],"_links":{"self":[{"href":"https:\/\/esquell.eu\/de\/wp-json\/wp\/v2\/product\/14867","targetHints":{"allow":["GET"]}}],"collection":[{"href":"https:\/\/esquell.eu\/de\/wp-json\/wp\/v2\/product"}],"about":[{"href":"https:\/\/esquell.eu\/de\/wp-json\/wp\/v2\/types\/product"}],"replies":[{"embeddable":true,"href":"https:\/\/esquell.eu\/de\/wp-json\/wp\/v2\/comments?post=14867"}],"wp:featuredmedia":[{"embeddable":true,"href":"https:\/\/esquell.eu\/de\/wp-json\/wp\/v2\/media\/7589"}],"wp:attachment":[{"href":"https:\/\/esquell.eu\/de\/wp-json\/wp\/v2\/media?parent=14867"}],"wp:term":[{"taxonomy":"more","embeddable":true,"href":"https:\/\/esquell.eu\/de\/wp-json\/wp\/v2\/more?post=14867"},{"taxonomy":"product_brand","embeddable":true,"href":"https:\/\/esquell.eu\/de\/wp-json\/wp\/v2\/product_brand?post=14867"},{"taxonomy":"product_cat","embeddable":true,"href":"https:\/\/esquell.eu\/de\/wp-json\/wp\/v2\/product_cat?post=14867"},{"taxonomy":"product_tag","embeddable":true,"href":"https:\/\/esquell.eu\/de\/wp-json\/wp\/v2\/product_tag?post=14867"}],"curies":[{"name":"wp","href":"https:\/\/api.w.org\/{rel}","templated":true}]}}

Mini-Hobelhammer 1 Seite flach 1 Seite leicht gewölbt

<div class="product-addition-content">
<p>Sehr fein polierte Köpfe und dunkler Hartholzgriff.</p>
<p>Die Länge des Kopfes beträgt 63 mm. Größe der Köpfe: Ø 13 mm.<br />
1 Seite flach und 1 Seite leicht gewölbt. </p>
</div>

<p>Sehr fein polierte Köpfe und dunkler Hartholzgriff.</p>
<p>&nbsp;</p>
<p>Die Länge des Kopfes beträgt 63 mm. Größe der Köpfe: Ø 13 mm. 1 Seite flach und 1 Seite leicht konvex.  </p>
