{"id":14841,"date":"2025-04-03T09:21:06","date_gmt":"2025-04-03T09:21:06","guid":{"rendered":"https:\/\/esquell.eu\/product\/teflon-arbeitsflaeche-1010-cm-preisguenstig-verpackt-pro-4-blatt\/"},"modified":"2026-01-17T04:48:38","modified_gmt":"2026-01-17T04:48:38","slug":"teflon-arbeitsflaeche-1010-cm-preisguenstig-verpackt-pro-4-blatt","status":"publish","type":"product","link":"https:\/\/esquell.eu\/de\/produkt\/teflon-arbeitsflaeche-1010-cm-preisguenstig-verpackt-pro-4-blatt\/","title":{"rendered":"Teflon-Arbeitsfl\u00e4che 10*10 cm. Preisg\u00fcnstig verpackt pro 4 Blatt"},"content":{"rendered":"<p>Hitzebest\u00e4ndige Arbeitsfl\u00e4che. 10*10 cm <\/p>\n<p>Verpackt pro 4 Blatt<\/p>\n<p>Dickes und robustes Teflon<\/p>\n","protected":false},"excerpt":{"rendered":"<p>Hitzebest\u00e4ndige Arbeitsfl\u00e4che. 10*10 cm <\/p>\n<p>Verpackt pro 4 Blatt<\/p>\n<p>Dickes und robustes Teflon<\/p>\n","protected":false},"featured_media":14844,"comment_status":"closed","ping_status":"closed","template":"","meta":{"_acf_changed":false,"_seopress_robots_primary_cat":"none","_seopress_titles_title":"","_seopress_titles_desc":"","_seopress_robots_index":""},"more":[],"product_brand":[6518],"product_cat":[6596,8215,7717],"product_tag":[6446,13192,13194,6438,6903,6675,13222,9663,6673,6786,6905,6444,6441,8001,7133,13224,6490,7340,13226,13228,6784,6449,13229,6783],"class_list":{"0":"post-14841","1":"product","2":"type-product","3":"status-publish","4":"has-post-thumbnail","6":"product_brand-prometheus","7":"product_cat-grundlegende-werkzeuge","8":"product_cat-lehm","9":"product_cat-verkauf","10":"product_tag-aida","11":"product_tag-arbeitsflache","12":"product_tag-arbeitsmatte","13":"product_tag-artclaysilver","14":"product_tag-bronze-ton","15":"product_tag-craftlines","16":"product_tag-dick","17":"product_tag-grosartig","18":"product_tag-japan","19":"product_tag-kaufen","20":"product_tag-kupferton","21":"product_tag-metalclay","22":"product_tag-metallton","23":"product_tag-pmc","24":"product_tag-prometheus","25":"product_tag-robuste","26":"product_tag-silberton","27":"product_tag-silverclay-co-uk","28":"product_tag-tefon","29":"product_tag-trockenmatte","30":"product_tag-unter-2","31":"product_tag-verteiler","32":"product_tag-wermatje","33":"product_tag-wobei","34":"product_shipping_class-standard","36":"first","37":"instock","38":"sale","39":"taxable","40":"shipping-taxable","41":"purchasable","42":"product-type-simple"},"acf":[],"_links":{"self":[{"href":"https:\/\/esquell.eu\/de\/wp-json\/wp\/v2\/product\/14841","targetHints":{"allow":["GET"]}}],"collection":[{"href":"https:\/\/esquell.eu\/de\/wp-json\/wp\/v2\/product"}],"about":[{"href":"https:\/\/esquell.eu\/de\/wp-json\/wp\/v2\/types\/product"}],"replies":[{"embeddable":true,"href":"https:\/\/esquell.eu\/de\/wp-json\/wp\/v2\/comments?post=14841"}],"wp:featuredmedia":[{"embeddable":true,"href":"https:\/\/esquell.eu\/de\/wp-json\/wp\/v2\/media\/14844"}],"wp:attachment":[{"href":"https:\/\/esquell.eu\/de\/wp-json\/wp\/v2\/media?parent=14841"}],"wp:term":[{"taxonomy":"more","embeddable":true,"href":"https:\/\/esquell.eu\/de\/wp-json\/wp\/v2\/more?post=14841"},{"taxonomy":"product_brand","embeddable":true,"href":"https:\/\/esquell.eu\/de\/wp-json\/wp\/v2\/product_brand?post=14841"},{"taxonomy":"product_cat","embeddable":true,"href":"https:\/\/esquell.eu\/de\/wp-json\/wp\/v2\/product_cat?post=14841"},{"taxonomy":"product_tag","embeddable":true,"href":"https:\/\/esquell.eu\/de\/wp-json\/wp\/v2\/product_tag?post=14841"}],"curies":[{"name":"wp","href":"https:\/\/api.w.org\/{rel}","templated":true}]}}

Teflon-Arbeitsfläche 10*10 cm. Preisgünstig verpackt pro 4 Blatt

<p>Hitzebeständige Arbeitsfläche. 10*10 cm </p>
<p>Verpackt pro 4 Blatt</p>
<p>Dickes und robustes Teflon</p>
