{"id":14493,"date":"2025-04-03T09:13:12","date_gmt":"2025-04-03T09:13:12","guid":{"rendered":"https:\/\/esquell.eu\/product\/flache-schrauboese-aus-kupfer-zum-gemeinsamen-brennen-mit-kupferton-pro-5-stueck\/"},"modified":"2025-04-03T09:13:12","modified_gmt":"2025-04-03T09:13:12","slug":"flache-schrauboese-aus-kupfer-zum-gemeinsamen-brennen-mit-kupferton-pro-5-stueck","status":"publish","type":"product","link":"https:\/\/esquell.eu\/de\/produkt\/flache-schrauboese-aus-kupfer-zum-gemeinsamen-brennen-mit-kupferton-pro-5-stueck\/","title":{"rendered":"Flache Schraub\u00f6se aus Kupfer. Zum gemeinsamen Brennen mit Kupferton.  Pro 5 St\u00fcck"},"content":{"rendered":"<p>Flache Schraub\u00f6se aus Kupfer. Geeignet zum Mitbrennen in Kupferton. <\/p>\n<p>Augendurchmesser 2,5 mm<\/p>\n<p>Auch geeignet zum Beispiel f\u00fcr Schmuck aus UV-Harz, Harz oder Polymer Clay.<\/p>\n","protected":false},"excerpt":{"rendered":"<p>Flache Schraub\u00f6se aus Kupfer. Geeignet zum Mitbrennen in Kupferton. <\/p>\n<p>Augendurchmesser 2,5 mm<\/p>\n<p>&nbsp;<\/p>\n<p>Auch geeignet zum Beispiel f\u00fcr Schmuck aus UV-Harz, Harz oder Polymer Clay.<\/p>\n","protected":false},"featured_media":0,"comment_status":"closed","ping_status":"closed","template":"","meta":{"_acf_changed":false,"_seopress_robots_primary_cat":"none","_seopress_titles_title":"","_seopress_titles_desc":"","_seopress_robots_index":""},"more":[],"product_brand":[6595],"product_cat":[12594,11006],"product_tag":[9865,6905,6775,6421,6444,6441,12520,6419,6490,10391,7575,11693],"class_list":{"0":"post-14493","1":"product","2":"type-product","3":"status-publish","5":"product_brand-coole-tools","6":"product_cat-andere-metalle","7":"product_cat-teile-die-fur-das-co-brennen-mit-metallton-geeignet-sind","8":"product_tag-harz-2","9":"product_tag-kupferton","10":"product_tag-kurzwarengeschaft","11":"product_tag-machen","12":"product_tag-metalclay","13":"product_tag-metallton","14":"product_tag-mitbraten","15":"product_tag-schmuck","16":"product_tag-silberton","17":"product_tag-uv","18":"product_tag-uv-harz","19":"product_tag-uvresin","20":"product_shipping_class-standard","22":"first","23":"instock","24":"taxable","25":"shipping-taxable","26":"purchasable","27":"product-type-simple"},"acf":[],"_links":{"self":[{"href":"https:\/\/esquell.eu\/de\/wp-json\/wp\/v2\/product\/14493","targetHints":{"allow":["GET"]}}],"collection":[{"href":"https:\/\/esquell.eu\/de\/wp-json\/wp\/v2\/product"}],"about":[{"href":"https:\/\/esquell.eu\/de\/wp-json\/wp\/v2\/types\/product"}],"replies":[{"embeddable":true,"href":"https:\/\/esquell.eu\/de\/wp-json\/wp\/v2\/comments?post=14493"}],"wp:attachment":[{"href":"https:\/\/esquell.eu\/de\/wp-json\/wp\/v2\/media?parent=14493"}],"wp:term":[{"taxonomy":"more","embeddable":true,"href":"https:\/\/esquell.eu\/de\/wp-json\/wp\/v2\/more?post=14493"},{"taxonomy":"product_brand","embeddable":true,"href":"https:\/\/esquell.eu\/de\/wp-json\/wp\/v2\/product_brand?post=14493"},{"taxonomy":"product_cat","embeddable":true,"href":"https:\/\/esquell.eu\/de\/wp-json\/wp\/v2\/product_cat?post=14493"},{"taxonomy":"product_tag","embeddable":true,"href":"https:\/\/esquell.eu\/de\/wp-json\/wp\/v2\/product_tag?post=14493"}],"curies":[{"name":"wp","href":"https:\/\/api.w.org\/{rel}","templated":true}]}}

Flache Schrauböse aus Kupfer. Zum gemeinsamen Brennen mit Kupferton.  Pro 5 Stück

<p>Flache Schrauböse aus Kupfer. Geeignet zum Mitbrennen in Kupferton. </p>
<p>Augendurchmesser 2,5 mm</p>
<p>Auch geeignet zum Beispiel für Schmuck aus UV-Harz, Harz oder Polymer Clay.</p>

<p>Flache Schrauböse aus Kupfer. Geeignet zum Mitbrennen in Kupferton. </p>
<p>Augendurchmesser 2,5 mm</p>
<p>&nbsp;</p>
<p>Auch geeignet zum Beispiel für Schmuck aus UV-Harz, Harz oder Polymer Clay.</p>
