{"id":14372,"date":"2025-04-03T09:13:55","date_gmt":"2025-04-03T09:13:55","guid":{"rendered":"https:\/\/esquell.eu\/product\/galerie-draht-fassungsdraht-925-silber-keltisch-10-cm\/"},"modified":"2025-04-03T09:13:55","modified_gmt":"2025-04-03T09:13:55","slug":"galerie-draht-fassungsdraht-925-silber-keltisch-10-cm","status":"publish","type":"product","link":"https:\/\/esquell.eu\/de\/produkt\/galerie-draht-fassungsdraht-925-silber-keltisch-10-cm\/","title":{"rendered":"Galerie Draht, Fassungsdraht 925 Silber Keltisch 10 cm"},"content":{"rendered":"<p>Galeriedraht, Fassungsdraht 925 Silber Keltisch<\/p>\n<p>Geeignet zum Backen mit Silberton<\/p>\n<p>L\u00e4nge 10 cm<\/p>\n<p>H\u00f6he 4,1 mm<\/p>\n<p>Die bestellte L\u00e4nge wird, soweit m\u00f6glich, in 1 L\u00e4nge geliefert.<br \/>\nWenn Sie wirklich 1 L\u00e4nge ben\u00f6tigen, geben Sie dies bitte bei der Bestellung im Kommentarfeld an.<\/p>\n<p>Nicht genug vorr\u00e4tig? Bitte senden Sie eine E-Mail an info@esquell.eu. Wenn m\u00f6glich, werden wir es f\u00fcr Sie bestellen. <\/p>\n","protected":false},"excerpt":{"rendered":"<p>Galeriedraht, Fassungsdraht 925 Silber Keltisch<\/p>\n<p>Geeignet zum Backen mit Silberton<\/p>\n<p>L\u00e4nge 10 cm<\/p>\n<p>H\u00f6he 4,1 mm<\/p>\n<p>&nbsp;<\/p>\n<p>Die bestellte L\u00e4nge wird, soweit m\u00f6glich, in 1 L\u00e4nge geliefert.<br \/>\nWenn Sie wirklich 1 L\u00e4nge ben\u00f6tigen, geben Sie dies bitte bei der Bestellung im Kommentarfeld an.<\/p>\n<p>&nbsp;<\/p>\n<p>Nicht genug vorr\u00e4tig? Schicken Sie eine E-Mail an info@esquell, wenn m\u00f6glich, bestellen wir es f\u00fcr Sie. <\/p>\n<p>&nbsp;<\/p>\n","protected":false},"featured_media":6640,"comment_status":"closed","ping_status":"closed","template":"","meta":{"_acf_changed":false,"_seopress_robots_primary_cat":"none","_seopress_titles_title":"","_seopress_titles_desc":"","_seopress_robots_index":""},"more":[],"product_brand":[6703],"product_cat":[12421],"product_tag":[6488,6506,12432,6492,6699,6438,7280,7543,12436,6675,6494,12461,12296,7953,8535,12428,12462,12430,6897,6673,6786,6421,12460,12463,6444,6441,8001,6806,7435,6417,6671,12459,6490,6464,7885,6784,6814,6783,12434],"class_list":{"0":"post-14372","1":"product","2":"type-product","3":"status-publish","4":"has-post-thumbnail","6":"product_brand-bm","7":"product_cat-925er-silberdraht","8":"product_tag-6488","9":"product_tag-6506","10":"product_tag-anmutig","11":"product_tag-artclay","12":"product_tag-artclayacademy","13":"product_tag-artclaysilver","14":"product_tag-ausbilder","15":"product_tag-ausbilder-2","16":"product_tag-ausbilder-4","17":"product_tag-craftlines","18":"product_tag-diy","19":"product_tag-eigene","20":"product_tag-einstelldraht","21":"product_tag-einstellung","22":"product_tag-einstellung-2","23":"product_tag-fantasie","24":"product_tag-galerie","25":"product_tag-galerie-thread","26":"product_tag-ihr","27":"product_tag-japan","28":"product_tag-kaufen","29":"product_tag-machen","30":"product_tag-machen-2","31":"product_tag-machen-sie-es-selbst","32":"product_tag-metalclay","33":"product_tag-metallton","34":"product_tag-pmc","35":"product_tag-rabatt","36":"product_tag-setzen","37":"product_tag-silber","38":"product_tag-silber-2","39":"product_tag-silberdraht","40":"product_tag-silberton","41":"product_tag-stein","42":"product_tag-steinsetzung","43":"product_tag-unter-2","44":"product_tag-webshop","45":"product_tag-wobei","46":"product_tag-zertifiziert-zertifiziert","47":"product_shipping_class-standard","49":"first","50":"outofstock","51":"taxable","52":"shipping-taxable","53":"purchasable","54":"product-type-simple"},"acf":[],"_links":{"self":[{"href":"https:\/\/esquell.eu\/de\/wp-json\/wp\/v2\/product\/14372","targetHints":{"allow":["GET"]}}],"collection":[{"href":"https:\/\/esquell.eu\/de\/wp-json\/wp\/v2\/product"}],"about":[{"href":"https:\/\/esquell.eu\/de\/wp-json\/wp\/v2\/types\/product"}],"replies":[{"embeddable":true,"href":"https:\/\/esquell.eu\/de\/wp-json\/wp\/v2\/comments?post=14372"}],"wp:featuredmedia":[{"embeddable":true,"href":"https:\/\/esquell.eu\/de\/wp-json\/wp\/v2\/media\/6640"}],"wp:attachment":[{"href":"https:\/\/esquell.eu\/de\/wp-json\/wp\/v2\/media?parent=14372"}],"wp:term":[{"taxonomy":"more","embeddable":true,"href":"https:\/\/esquell.eu\/de\/wp-json\/wp\/v2\/more?post=14372"},{"taxonomy":"product_brand","embeddable":true,"href":"https:\/\/esquell.eu\/de\/wp-json\/wp\/v2\/product_brand?post=14372"},{"taxonomy":"product_cat","embeddable":true,"href":"https:\/\/esquell.eu\/de\/wp-json\/wp\/v2\/product_cat?post=14372"},{"taxonomy":"product_tag","embeddable":true,"href":"https:\/\/esquell.eu\/de\/wp-json\/wp\/v2\/product_tag?post=14372"}],"curies":[{"name":"wp","href":"https:\/\/api.w.org\/{rel}","templated":true}]}}

<p>Galeriedraht, Fassungsdraht 925 Silber Keltisch</p>
<p>Geeignet zum Backen mit Silberton</p>
<p>Länge 10 cm</p>
<p>Höhe 4,1 mm</p>
<p>Die bestellte Länge wird, soweit möglich, in 1 Länge geliefert.<br />
Wenn Sie wirklich 1 Länge benötigen, geben Sie dies bitte bei der Bestellung im Kommentarfeld an.</p>
<p>Nicht genug vorrätig? Bitte senden Sie eine E-Mail an info@esquell.eu. Wenn möglich, werden wir es für Sie bestellen. </p>

<p>Galeriedraht, Fassungsdraht 925 Silber Keltisch</p>
<p>Geeignet zum Backen mit Silberton</p>
<p>Länge 10 cm</p>
<p>Höhe 4,1 mm</p>
<p>&nbsp;</p>
<p>Die bestellte Länge wird, soweit möglich, in 1 Länge geliefert.<br />
Wenn Sie wirklich 1 Länge benötigen, geben Sie dies bitte bei der Bestellung im Kommentarfeld an.</p>
<p>&nbsp;</p>
<p>Nicht genug vorrätig? Schicken Sie eine E-Mail an info@esquell, wenn möglich, bestellen wir es für Sie. </p>
<p>&nbsp;</p>
