{"id":14264,"date":"2025-11-04T19:09:34","date_gmt":"2025-11-04T19:09:34","guid":{"rendered":"https:\/\/esquell.eu\/product\/manschettenknopf-aus-edelstahl-2er-set\/"},"modified":"2025-11-06T14:09:11","modified_gmt":"2025-11-06T14:09:11","slug":"manschettenknopf-aus-edelstahl-2er-set","status":"publish","type":"product","link":"https:\/\/esquell.eu\/de\/produkt\/manschettenknopf-aus-edelstahl-2er-set\/","title":{"rendered":"Manschettenknopf aus Edelstahl 2er Set"},"content":{"rendered":"<p>Manschettenkn\u00f6pfe mit Klebefl\u00e4che aus Edelstahl<br \/>\nGr\u00f6\u00dfe 17x17mm, Klebefl\u00e4che 14mm<br \/>\nVeredelung gl\u00e4nzend<\/p>\n","protected":false},"excerpt":{"rendered":"<p>Manschettenkn\u00f6pfe mit Klebefl\u00e4che aus Edelstahl<br \/>\nGr\u00f6\u00dfe 17x17mm, Klebefl\u00e4che 14mm<br \/>\nVeredelung gl\u00e4nzend<\/p>\n<p>&nbsp;<\/p>\n","protected":false},"featured_media":11091,"comment_status":"closed","ping_status":"closed","template":"","meta":{"_acf_changed":false,"_seopress_robots_primary_cat":"none","_seopress_titles_title":"","_seopress_titles_desc":"","_seopress_robots_index":""},"more":[],"product_brand":[6992],"product_cat":[6918],"product_tag":[7008,7006,7004,6993,7010,6488,7012,7000,7179,6994,7171,6693,6998,6691,9453,7002,9458,7014,9443,9463,9448,9310,6432,6424,6926,6417,6671,6812,6996,6429],"class_list":{"0":"post-14264","1":"product","2":"type-product","3":"status-publish","4":"has-post-thumbnail","6":"product_brand-ayu","7":"product_cat-halsketten-ketten-armbander","8":"product_tag-7008","9":"product_tag-7006","10":"product_tag-7004","11":"product_tag-6993","12":"product_tag-7010","13":"product_tag-6488","14":"product_tag-cm","15":"product_tag-einstellbar","16":"product_tag-einstellbar-2","17":"product_tag-gut","18":"product_tag-gut-2","19":"product_tag-halskette","20":"product_tag-halskette-2","21":"product_tag-kette","22":"product_tag-lang-2","23":"product_tag-lange","24":"product_tag-langen","25":"product_tag-link","26":"product_tag-messgerat","27":"product_tag-meterpreis","28":"product_tag-mtr","29":"product_tag-per","30":"product_tag-real","31":"product_tag-rein","32":"product_tag-rein-2","33":"product_tag-silber","34":"product_tag-silber-2","35":"product_tag-silber-3","36":"product_tag-sollid","37":"product_tag-wirklich","38":"product_shipping_class-standard","40":"first","41":"instock","42":"taxable","43":"shipping-taxable","44":"purchasable","45":"product-type-simple"},"acf":[],"_links":{"self":[{"href":"https:\/\/esquell.eu\/de\/wp-json\/wp\/v2\/product\/14264","targetHints":{"allow":["GET"]}}],"collection":[{"href":"https:\/\/esquell.eu\/de\/wp-json\/wp\/v2\/product"}],"about":[{"href":"https:\/\/esquell.eu\/de\/wp-json\/wp\/v2\/types\/product"}],"replies":[{"embeddable":true,"href":"https:\/\/esquell.eu\/de\/wp-json\/wp\/v2\/comments?post=14264"}],"wp:featuredmedia":[{"embeddable":true,"href":"https:\/\/esquell.eu\/de\/wp-json\/wp\/v2\/media\/11091"}],"wp:attachment":[{"href":"https:\/\/esquell.eu\/de\/wp-json\/wp\/v2\/media?parent=14264"}],"wp:term":[{"taxonomy":"more","embeddable":true,"href":"https:\/\/esquell.eu\/de\/wp-json\/wp\/v2\/more?post=14264"},{"taxonomy":"product_brand","embeddable":true,"href":"https:\/\/esquell.eu\/de\/wp-json\/wp\/v2\/product_brand?post=14264"},{"taxonomy":"product_cat","embeddable":true,"href":"https:\/\/esquell.eu\/de\/wp-json\/wp\/v2\/product_cat?post=14264"},{"taxonomy":"product_tag","embeddable":true,"href":"https:\/\/esquell.eu\/de\/wp-json\/wp\/v2\/product_tag?post=14264"}],"curies":[{"name":"wp","href":"https:\/\/api.w.org\/{rel}","templated":true}]}}

<p>Manschettenknöpfe mit Klebefläche aus Edelstahl<br />
Größe 17x17mm, Klebefläche 14mm<br />
Veredelung glänzend</p>

<p>Manschettenknöpfe mit Klebefläche aus Edelstahl<br />
Größe 17x17mm, Klebefläche 14mm<br />
Veredelung glänzend</p>
<p>&nbsp;</p>
