{"id":12477,"date":"2025-04-03T09:12:02","date_gmt":"2025-04-03T09:12:02","guid":{"rendered":"https:\/\/esquell.eu\/product\/kette-preis-pro-meter-925er-terlingsilber-23-mm\/"},"modified":"2026-01-10T17:07:20","modified_gmt":"2026-01-10T17:07:20","slug":"kette-preis-pro-meter-925er-terlingsilber-23-mm","status":"publish","type":"product","link":"https:\/\/esquell.eu\/de\/produkt\/kette-preis-pro-meter-925er-terlingsilber-23-mm\/","title":{"rendered":"Silberkette, Kandare, 2x3mm, gl\u00e4nzend; pro Meter"},"content":{"rendered":"<p>Kette, Panzerglied, Gr\u00f6\u00dfe 2x3mm<br \/>\nGewicht 4,5 Gramm, gl\u00e4nzende Oberfl\u00e4che<br \/>\nAuch perfekt als Verl\u00e4ngerungskette zu verwenden<\/p>\n<p>Wenn Sie mehrere Meter bestellen, wird sie nach M\u00f6glichkeit an 1 St\u00fcck geliefert.<\/p>\n<p>Wenn Sie ein St\u00fcck w\u00fcnschen, geben Sie dies bitte bei der Bestellung im Kommentarfeld an.<\/p>\n","protected":false},"excerpt":{"rendered":"<p>Kette, Panzerglied, Gr\u00f6\u00dfe 2x3mm<br \/>\nGewicht 4,5 Gramm, gl\u00e4nzende Oberfl\u00e4che<br \/>\nPerfekt als Verl\u00e4ngerungskette zu verwenden<\/p>\n<p>&nbsp;<\/p>\n","protected":false},"featured_media":12480,"comment_status":"closed","ping_status":"closed","template":"","meta":{"_acf_changed":false,"_seopress_robots_primary_cat":"none","_seopress_titles_title":"","_seopress_titles_desc":"","_seopress_robots_index":""},"more":[],"product_brand":[6992],"product_cat":[6918],"product_tag":[7008,7006,7004,6993,7010,6488,7012,7000,7179,6994,7171,6693,6998,6691,9453,7002,9458,7014,9443,9463,9448,9310,6432,6424,6926,6417,6671,6812,6996,6429],"class_list":{"0":"post-12477","1":"product","2":"type-product","3":"status-publish","4":"has-post-thumbnail","6":"product_brand-ayu","7":"product_cat-halsketten-ketten-armbander","8":"product_tag-7008","9":"product_tag-7006","10":"product_tag-7004","11":"product_tag-6993","12":"product_tag-7010","13":"product_tag-6488","14":"product_tag-cm","15":"product_tag-einstellbar","16":"product_tag-einstellbar-2","17":"product_tag-gut","18":"product_tag-gut-2","19":"product_tag-halskette","20":"product_tag-halskette-2","21":"product_tag-kette","22":"product_tag-lang-2","23":"product_tag-lange","24":"product_tag-langen","25":"product_tag-link","26":"product_tag-messgerat","27":"product_tag-meterpreis","28":"product_tag-mtr","29":"product_tag-per","30":"product_tag-real","31":"product_tag-rein","32":"product_tag-rein-2","33":"product_tag-silber","34":"product_tag-silber-2","35":"product_tag-silber-3","36":"product_tag-sollid","37":"product_tag-wirklich","38":"product_shipping_class-standard","40":"first","41":"instock","42":"taxable","43":"shipping-taxable","44":"purchasable","45":"product-type-simple"},"acf":[],"_links":{"self":[{"href":"https:\/\/esquell.eu\/de\/wp-json\/wp\/v2\/product\/12477","targetHints":{"allow":["GET"]}}],"collection":[{"href":"https:\/\/esquell.eu\/de\/wp-json\/wp\/v2\/product"}],"about":[{"href":"https:\/\/esquell.eu\/de\/wp-json\/wp\/v2\/types\/product"}],"replies":[{"embeddable":true,"href":"https:\/\/esquell.eu\/de\/wp-json\/wp\/v2\/comments?post=12477"}],"wp:featuredmedia":[{"embeddable":true,"href":"https:\/\/esquell.eu\/de\/wp-json\/wp\/v2\/media\/12480"}],"wp:attachment":[{"href":"https:\/\/esquell.eu\/de\/wp-json\/wp\/v2\/media?parent=12477"}],"wp:term":[{"taxonomy":"more","embeddable":true,"href":"https:\/\/esquell.eu\/de\/wp-json\/wp\/v2\/more?post=12477"},{"taxonomy":"product_brand","embeddable":true,"href":"https:\/\/esquell.eu\/de\/wp-json\/wp\/v2\/product_brand?post=12477"},{"taxonomy":"product_cat","embeddable":true,"href":"https:\/\/esquell.eu\/de\/wp-json\/wp\/v2\/product_cat?post=12477"},{"taxonomy":"product_tag","embeddable":true,"href":"https:\/\/esquell.eu\/de\/wp-json\/wp\/v2\/product_tag?post=12477"}],"curies":[{"name":"wp","href":"https:\/\/api.w.org\/{rel}","templated":true}]}}

Silberkette, Kandare, 2x3mm, glänzend; pro Meter

<p>Kette, Panzerglied, Größe 2x3mm<br />
Gewicht 4,5 Gramm, glänzende Oberfläche<br />
Auch perfekt als Verlängerungskette zu verwenden</p>
<p>Wenn Sie mehrere Meter bestellen, wird sie nach Möglichkeit an 1 Stück geliefert.</p>
<p>Wenn Sie ein Stück wünschen, geben Sie dies bitte bei der Bestellung im Kommentarfeld an.</p>

<p>Kette, Panzerglied, Größe 2x3mm<br />
Gewicht 4,5 Gramm, glänzende Oberfläche<br />
Perfekt als Verlängerungskette zu verwenden</p>
<p>&nbsp;</p>
