{"id":12336,"date":"2025-04-03T09:12:20","date_gmt":"2025-04-03T09:12:20","guid":{"rendered":"https:\/\/esquell.eu\/product\/mini-ausstecher-fuer-blaetter-und-blumen-1505\/"},"modified":"2025-11-09T08:31:56","modified_gmt":"2025-11-09T08:31:56","slug":"mini-ausstecher-fuer-blaetter-und-blumen-1505","status":"publish","type":"product","link":"https:\/\/esquell.eu\/de\/produkt\/mini-ausstecher-fuer-blaetter-und-blumen-1505\/","title":{"rendered":"Mini-Ausstecher f\u00fcr Bl\u00e4tter und Blumen (1505)"},"content":{"rendered":"<p>Ausstecher f\u00fcr die Herstellung von Bl\u00e4ttern oder Blumen aus Ton<\/p>\n<p>Gr\u00f6\u00dfe der Bl\u00e4tter 5, 6 und 7 mm (siehe Foto 2)<\/p>\n","protected":false},"excerpt":{"rendered":"<p>Ausstecher f\u00fcr die Herstellung von Bl\u00e4ttern oder Blumen aus Ton<\/p>\n<p>Gr\u00f6\u00dfe der Bl\u00e4tter 5, 6 und 7 mm (siehe Foto 2)<\/p>\n<p>&nbsp;<\/p>\n<p>&nbsp;<\/p>\n","protected":false},"featured_media":7043,"comment_status":"closed","ping_status":"closed","template":"","meta":{"_acf_changed":false,"_seopress_robots_primary_cat":"none","_seopress_titles_title":"","_seopress_titles_desc":"","_seopress_robots_index":""},"more":[],"product_brand":[6365],"product_cat":[6811],"product_tag":[8752,7724,7702,7667,7669,7700,7696,7718,7720,7704,7722,7676,7694,7672,7682,7688,7678,6373,7686,7674,8755,8758,8761,8766,6435,6556,7698,7511,7684],"class_list":{"0":"post-12336","1":"product","2":"type-product","3":"status-publish","4":"has-post-thumbnail","6":"product_brand-l1","7":"product_cat-ausstecher-fur-ton","8":"product_tag-ausschnitte-aus-silberton","9":"product_tag-backformen","10":"product_tag-baden","11":"product_tag-blatt","12":"product_tag-blatter","13":"product_tag-blume","14":"product_tag-blumen","15":"product_tag-blumen-2","16":"product_tag-blutenblatt","17":"product_tag-blutenblatter","18":"product_tag-blutenblatter-2","19":"product_tag-cernit","20":"product_tag-cernit-stanzformen","21":"product_tag-fimo","22":"product_tag-formen-schneiden","23":"product_tag-herausragen","24":"product_tag-kutter","25":"product_tag-mini","26":"product_tag-mulleimer","27":"product_tag-polymer-clay","28":"product_tag-silber-ton-ausstecher","29":"product_tag-silverclaycutter","30":"product_tag-silverclaytools","31":"product_tag-silverclaywebshop","32":"product_tag-ton","33":"product_tag-ton-3","34":"product_tag-tonformen","35":"product_tag-tonschmuck","36":"product_tag-tonschneider","37":"product_shipping_class-standard","39":"first","40":"instock","41":"taxable","42":"shipping-taxable","43":"purchasable","44":"product-type-simple"},"acf":[],"_links":{"self":[{"href":"https:\/\/esquell.eu\/de\/wp-json\/wp\/v2\/product\/12336","targetHints":{"allow":["GET"]}}],"collection":[{"href":"https:\/\/esquell.eu\/de\/wp-json\/wp\/v2\/product"}],"about":[{"href":"https:\/\/esquell.eu\/de\/wp-json\/wp\/v2\/types\/product"}],"replies":[{"embeddable":true,"href":"https:\/\/esquell.eu\/de\/wp-json\/wp\/v2\/comments?post=12336"}],"wp:featuredmedia":[{"embeddable":true,"href":"https:\/\/esquell.eu\/de\/wp-json\/wp\/v2\/media\/7043"}],"wp:attachment":[{"href":"https:\/\/esquell.eu\/de\/wp-json\/wp\/v2\/media?parent=12336"}],"wp:term":[{"taxonomy":"more","embeddable":true,"href":"https:\/\/esquell.eu\/de\/wp-json\/wp\/v2\/more?post=12336"},{"taxonomy":"product_brand","embeddable":true,"href":"https:\/\/esquell.eu\/de\/wp-json\/wp\/v2\/product_brand?post=12336"},{"taxonomy":"product_cat","embeddable":true,"href":"https:\/\/esquell.eu\/de\/wp-json\/wp\/v2\/product_cat?post=12336"},{"taxonomy":"product_tag","embeddable":true,"href":"https:\/\/esquell.eu\/de\/wp-json\/wp\/v2\/product_tag?post=12336"}],"curies":[{"name":"wp","href":"https:\/\/api.w.org\/{rel}","templated":true}]}}

Mini-Ausstecher für Blätter und Blumen (1505)

<p>Ausstecher für die Herstellung von Blättern oder Blumen aus Ton</p>
<p>Größe der Blätter 5, 6 und 7 mm (siehe Foto 2)</p>

<p>Ausstecher für die Herstellung von Blättern oder Blumen aus Ton</p>
<p>Größe der Blätter 5, 6 und 7 mm (siehe Foto 2)</p>
<p>&nbsp;</p>
<p>&nbsp;</p>
