{"id":12155,"date":"2025-04-03T09:12:20","date_gmt":"2025-04-03T09:12:20","guid":{"rendered":"https:\/\/esquell.eu\/product\/mini-ausstecher-fuer-blaetter-und-blumen-1501\/"},"modified":"2025-04-03T09:12:20","modified_gmt":"2025-04-03T09:12:20","slug":"mini-ausstecher-fuer-blaetter-und-blumen-1501","status":"publish","type":"product","link":"https:\/\/esquell.eu\/de\/produkt\/mini-ausstecher-fuer-blaetter-und-blumen-1501\/","title":{"rendered":"Mini-Ausstecher f\u00fcr Bl\u00e4tter und Blumen (1501)"},"content":{"rendered":"<p>Ausstecher f\u00fcr die Herstellung von Bl\u00e4ttern oder Blumen aus Ton<\/p>\n<p>Gr\u00f6\u00dfe der Bl\u00e4tter 6, 7, 8 und 9 mm<\/p>\n","protected":false},"excerpt":{"rendered":"<p>Ausstecher f\u00fcr die Herstellung von Bl\u00e4ttern oder Blumen aus Ton<\/p>\n<p>Gr\u00f6\u00dfe der Bl\u00e4tter 6, 7, 8 und 9 mm ( siehe Foto 2)<\/p>\n<p>&nbsp;<\/p>\n<p>&nbsp;<\/p>\n","protected":false},"featured_media":0,"comment_status":"closed","ping_status":"closed","template":"","meta":{"_acf_changed":false,"_seopress_robots_primary_cat":"none","_seopress_titles_title":"","_seopress_titles_desc":"","_seopress_robots_index":""},"more":[],"product_brand":[6365],"product_cat":[6811,7717],"product_tag":[7724,7702,7667,7669,7700,7718,7696,7720,7722,7704,7676,7672,7682,7688,7678,6373,7686,7674,6556,6435,7698,7511,7684],"class_list":{"0":"post-12155","1":"product","2":"type-product","3":"status-publish","5":"product_brand-l1","6":"product_cat-ausstecher-fur-ton","7":"product_cat-verkauf","8":"product_tag-backformen","9":"product_tag-baden","10":"product_tag-blatt","11":"product_tag-blatter","12":"product_tag-blume","13":"product_tag-blumen-2","14":"product_tag-blumen","15":"product_tag-blutenblatt","16":"product_tag-blutenblatter-2","17":"product_tag-blutenblatter","18":"product_tag-cernit","19":"product_tag-fimo","20":"product_tag-formen-schneiden","21":"product_tag-herausragen","22":"product_tag-kutter","23":"product_tag-mini","24":"product_tag-mulleimer","25":"product_tag-polymer-clay","26":"product_tag-ton-3","27":"product_tag-ton","28":"product_tag-tonformen","29":"product_tag-tonschmuck","30":"product_tag-tonschneider","31":"product_shipping_class-standard","33":"first","34":"outofstock","35":"sale","36":"taxable","37":"shipping-taxable","38":"purchasable","39":"product-type-simple"},"acf":[],"_links":{"self":[{"href":"https:\/\/esquell.eu\/de\/wp-json\/wp\/v2\/product\/12155","targetHints":{"allow":["GET"]}}],"collection":[{"href":"https:\/\/esquell.eu\/de\/wp-json\/wp\/v2\/product"}],"about":[{"href":"https:\/\/esquell.eu\/de\/wp-json\/wp\/v2\/types\/product"}],"replies":[{"embeddable":true,"href":"https:\/\/esquell.eu\/de\/wp-json\/wp\/v2\/comments?post=12155"}],"wp:attachment":[{"href":"https:\/\/esquell.eu\/de\/wp-json\/wp\/v2\/media?parent=12155"}],"wp:term":[{"taxonomy":"more","embeddable":true,"href":"https:\/\/esquell.eu\/de\/wp-json\/wp\/v2\/more?post=12155"},{"taxonomy":"product_brand","embeddable":true,"href":"https:\/\/esquell.eu\/de\/wp-json\/wp\/v2\/product_brand?post=12155"},{"taxonomy":"product_cat","embeddable":true,"href":"https:\/\/esquell.eu\/de\/wp-json\/wp\/v2\/product_cat?post=12155"},{"taxonomy":"product_tag","embeddable":true,"href":"https:\/\/esquell.eu\/de\/wp-json\/wp\/v2\/product_tag?post=12155"}],"curies":[{"name":"wp","href":"https:\/\/api.w.org\/{rel}","templated":true}]}}

Mini-Ausstecher für Blätter und Blumen (1501)

<p>Ausstecher für die Herstellung von Blättern oder Blumen aus Ton</p>
<p>Größe der Blätter 6, 7, 8 und 9 mm</p>

<p>Ausstecher für die Herstellung von Blättern oder Blumen aus Ton</p>
<p>Größe der Blätter 6, 7, 8 und 9 mm ( siehe Foto 2)</p>
<p>&nbsp;</p>
<p>&nbsp;</p>
