{"id":11745,"date":"2025-10-02T10:09:37","date_gmt":"2025-10-02T10:09:37","guid":{"rendered":"https:\/\/esquell.eu\/inspiratie\/mondrian-anhaenger-pastell-uv-led-resin\/"},"modified":"2025-11-05T11:23:35","modified_gmt":"2025-11-05T11:23:35","slug":"mondrian-anhaenger-pastell-uv-led-resin","status":"publish","type":"inspiratie","link":"https:\/\/esquell.eu\/de\/inspiration\/mondrian-anhaenger-pastell-uv-led-resin\/","title":{"rendered":"Mondrian Anh\u00e4nger Pastell UV Led Resin."},"content":{"rendered":"\n\n\n<div class=\"block block-img-text my-5 my-lg-7\">\n    <div class=\"container\">\n\n                    <div class=\"row align-items-center\">\n                <div class=\"col-12 col-lg-5 offset-0 offset-lg-0\">\n                    <div class=\"img-wrapper mb-4 mb-lg-0\">\n                                                    <img decoding=\"async\" width=\"640\" height=\"800\" src=\"https:\/\/esquell.eu\/app\/uploads\/2025\/10\/resinhanger-819x1024.png\" class=\"attachment-large size-large\" alt=\"\" srcset=\"https:\/\/esquell.eu\/app\/uploads\/2025\/10\/resinhanger-819x1024.png 819w, https:\/\/esquell.eu\/app\/uploads\/2025\/10\/resinhanger-240x300.png 240w, https:\/\/esquell.eu\/app\/uploads\/2025\/10\/resinhanger-768x960.png 768w, https:\/\/esquell.eu\/app\/uploads\/2025\/10\/resinhanger-600x750.png 600w, https:\/\/esquell.eu\/app\/uploads\/2025\/10\/resinhanger.png 1080w\" sizes=\"auto, (max-width: 640px) 100vw, 640px\" loading=\"lazy\" \/>                                            <\/div>\n                <\/div>\n                <div class=\"col-12 col-lg-6 mx-auto\">\n                    <p>Silberner Ton-Anh\u00e4nger, gef\u00fcllt mit pastellfarbenem Led und UV-Harz. Die Au\u00dfenseite dieses Anh\u00e4ngers wird um einen Ausstecher herum geformt. Lassen Sie das trocknen und machen Sie dann die Unterteilungen im Inneren. Lassen Sie die Silberstreifen f\u00fcr die Innenseite zun\u00e4chst separat trocknen. Schneiden Sie sie dann zurecht und befestigen Sie sie mit Silberpaste. Machen Sie ein Anh\u00e4ngerauge aus Silberton, lassen Sie es ebenfalls trocknen und befestigen Sie es mit Silbertonpaste, lassen Sie es wieder trocknen, backen, polieren und f\u00fcllen Sie es mit <strong><a href=\"https:\/\/esquell.eu\/product\/uv-led-resin-moondrop-extra-helder-en-extra-hard-30-gr\/\">Led und UV-Harz<\/a><\/strong>. Achten Sie darauf, dass das Harz von sehr guter Qualit\u00e4t ist. Es schrumpft kaum, vergilbt nicht und h\u00e4rtet gut aus. Die<a href=\"https:\/\/esquell.eu\/product\/pigment-voor-het-kleuren-van-led-en-uv-resin-brown\/\"><strong> Pigmentfarben<\/strong><\/a> in unserem Shop k\u00f6nnen gemischt werden, um diese Pastellt\u00f6ne herzustellen.        <\/p>\n<p>Bedecken Sie die Unterseite mit <strong><a href=\"https:\/\/esquell.eu\/product\/tape-4cm-voor-het-werken-met-uv-resin-en-hars-rol-van-5mtr\/\">UV-Klebeband<\/a> <\/strong>und f\u00fcllen Sie Feld f\u00fcr Feld mit Resin. Zuerst eine Schicht Transparent, dann eine Schicht Farbe und zum Schluss eine weitere Schicht Transparent. Mit der richtigen<strong><a href=\"https:\/\/esquell.eu\/product\/professionele-vijl-voor-plastics-kunststof-en-metalen\/\"> Datei<\/a><\/strong> und <a href=\"https:\/\/esquell.eu\/product\/ltd-polijstmiddel-voor-plastics-en-metalen-f-0326\/\"><strong>Poliermittel<\/strong><\/a> k\u00f6nnen sowohl die Silberr\u00e4nder als auch das Harz bei Bedarf noch poliert werden.  <\/p>\n\n                    \n\n\n                <\/div>\n            <\/div>\n\n        \n    <\/div>\n<\/div>","protected":false},"featured_media":11747,"parent":0,"template":"","inspiratie-taxonomy":[6327],"class_list":["post-11745","inspiratie","type-inspiratie","status-publish","has-post-thumbnail","hentry","inspiratie-taxonomy-anhanger"],"acf":[],"_links":{"self":[{"href":"https:\/\/esquell.eu\/de\/wp-json\/wp\/v2\/inspiratie\/11745","targetHints":{"allow":["GET"]}}],"collection":[{"href":"https:\/\/esquell.eu\/de\/wp-json\/wp\/v2\/inspiratie"}],"about":[{"href":"https:\/\/esquell.eu\/de\/wp-json\/wp\/v2\/types\/inspiratie"}],"wp:featuredmedia":[{"embeddable":true,"href":"https:\/\/esquell.eu\/de\/wp-json\/wp\/v2\/media\/11747"}],"wp:attachment":[{"href":"https:\/\/esquell.eu\/de\/wp-json\/wp\/v2\/media?parent=11745"}],"wp:term":[{"taxonomy":"inspiratie-taxonomy","embeddable":true,"href":"https:\/\/esquell.eu\/de\/wp-json\/wp\/v2\/inspiratie-taxonomy?post=11745"}],"curies":[{"name":"wp","href":"https:\/\/api.w.org\/{rel}","templated":true}]}}

Mondrian Anhänger Pastell UV Led Resin.

<div class="block block-img-text my-5 my-lg-7">
    <div class="container">

                    <div class="row align-items-center">
                <div class="col-12 col-lg-5 offset-0 offset-lg-0">
                    <div class="img-wrapper mb-4 mb-lg-0">
                                                    <img decoding="async" width="640" height="800" src="https://esquell.eu/app/uploads/2025/10/resinhanger-819x1024.png" class="attachment-large size-large" alt="" srcset="https://esquell.eu/app/uploads/2025/10/resinhanger-819x1024.png 819w, https://esquell.eu/app/uploads/2025/10/resinhanger-240x300.png 240w, https://esquell.eu/app/uploads/2025/10/resinhanger-768x960.png 768w, https://esquell.eu/app/uploads/2025/10/resinhanger-600x750.png 600w, https://esquell.eu/app/uploads/2025/10/resinhanger.png 1080w" sizes="auto, (max-width: 640px) 100vw, 640px" loading="lazy" />                                            </div>
                </div>
                <div class="col-12 col-lg-6 mx-auto">
                    <p>Silberner Ton-Anhänger, gefüllt mit pastellfarbenem Led und UV-Harz. Die Außenseite dieses Anhängers wird um einen Ausstecher herum geformt. Lassen Sie das trocknen und machen Sie dann die Unterteilungen im Inneren. Lassen Sie die Silberstreifen für die Innenseite zunächst separat trocknen. Schneiden Sie sie dann zurecht und befestigen Sie sie mit Silberpaste. Machen Sie ein Anhängerauge aus Silberton, lassen Sie es ebenfalls trocknen und befestigen Sie es mit Silbertonpaste, lassen Sie es wieder trocknen, backen, polieren und füllen Sie es mit <strong><a href="https://esquell.eu/product/uv-led-resin-moondrop-extra-helder-en-extra-hard-30-gr/">Led und UV-Harz</a></strong>. Achten Sie darauf, dass das Harz von sehr guter Qualität ist. Es schrumpft kaum, vergilbt nicht und härtet gut aus. Die<a href="https://esquell.eu/product/pigment-voor-het-kleuren-van-led-en-uv-resin-brown/"><strong> Pigmentfarben</strong></a> in unserem Shop können gemischt werden, um diese Pastelltöne herzustellen.        </p>
<p>Bedecken Sie die Unterseite mit <strong><a href="https://esquell.eu/product/tape-4cm-voor-het-werken-met-uv-resin-en-hars-rol-van-5mtr/">UV-Klebeband</a> </strong>und füllen Sie Feld für Feld mit Resin. Zuerst eine Schicht Transparent, dann eine Schicht Farbe und zum Schluss eine weitere Schicht Transparent. Mit der richtigen<strong><a href="https://esquell.eu/product/professionele-vijl-voor-plastics-kunststof-en-metalen/"> Datei</a></strong> und <a href="https://esquell.eu/product/ltd-polijstmiddel-voor-plastics-en-metalen-f-0326/"><strong>Poliermittel</strong></a> können sowohl die Silberränder als auch das Harz bei Bedarf noch poliert werden.  </p>

                    


                </div>
            </div>

        
    </div>
</div>
